{"id":1057,"date":"2019-01-11T08:07:20","date_gmt":"2019-01-11T10:07:20","guid":{"rendered":"http:\/\/em2producoes.com.br\/novo\/wordpress\/?post_type=casting&amp;p=1057"},"modified":"2019-01-11T08:07:20","modified_gmt":"2019-01-11T10:07:20","slug":"dunga","status":"publish","type":"casting","link":"https:\/\/www.em2producoes.com.br\/site\/casting\/dunga\/","title":{"rendered":"Dunga"},"content":{"rendered":"<p style=\"text-align: justify;\">Como jogador teve passagens marcantes pelo Internacional, Corinthians, Santos, Vasco da Gama, Fiorentina da It\u00e1lia, Stuttgart da Alemanha e no futebol japon\u00eas, sempre demonstrando esp\u00edrito de lideran\u00e7a, personalidade e motiva\u00e7\u00e3o para buscar em campo resultados que pareciam imposs\u00edveis.<\/p>\n<p style=\"text-align: justify;\">Foi capit\u00e3o da Sele\u00e7\u00e3o Brasileira de Futebol durante a Copa do Mundo de 1994, quando conquistou o t\u00edtulo de campe\u00e3o mundial, dando a chamada \u201cvolta por cima\u201d, recuperando-se de uma imagem negativa que ficara do fraco desempenho do Brasil na copa de 1990, na It\u00e1lia, comandando nos Estados Unidos o time formado por craques como Taffarel, Branco, Rom\u00e1rio e Bebeto com for\u00e7a e t\u00e9cnica, conquistando o tetracampeonato.<\/p>\n<p style=\"text-align: justify;\">A mesma determina\u00e7\u00e3o demonstrada dentro de campo na sua \u00e9poca de jogador, DUNGA apresenta no conte\u00fado de suas palestras motivacionais que realiza pelo mundo inteiro, afirmando que, com determina\u00e7\u00e3o, f\u00f3co no resultado e busca permanente, os objetivos almejados sempre podem ser alcan\u00e7ados.<\/p>\n<p style=\"text-align: justify;\">Estes princ\u00edpos que norteiam sua vida pessoal e carreira profissional s\u00e3o os mesmos que o consagraram como um jogador finalmente reconhecido, mesmo depois de contestado, e certamente s\u00e3o os mesmos que o levaram \u00e0 condi\u00e7\u00e3o de treinador da Sele\u00e7\u00e3o Brasileira em um momento dif\u00edcil, justamente quando \u00e9 necess\u00e1rio para o futebol do pa\u00eds \u201cvirar o jogo e dar a volta por cima\u201d.<\/p>\n<p style=\"text-align: justify;\">Em suas Palestras Dunga apresenta suas id\u00e9ias sobre como liderar e motivar pessoas a partir das suas pr\u00f3prias experi\u00eancias e n\u00e3o de teorias ditadas do alto de uma torre de marfim, incompreens\u00edveis e pouco \u00fateis para o dia-a-dia das empresas e clubes de futebol. Traz percep\u00e7\u00f5es pr\u00e1ticas, contando suas experi\u00eancias em capitanear com sucesso grupos de atletas profissionais, verdadeiros executivos de futebol profissional &#8211; na medida do poss\u00edvel.<\/p>\n<p style=\"text-align: justify;\">Gosta de criar rela\u00e7\u00e3o com os produtos e\/ou servi\u00e7os oferecidos pela empresa contratante de sua palestra &#8211; que, todos os dias, precisam encontrar novas maneiras, inovadoras e criativas, para testar e por em pr\u00e1tica suas id\u00e9ias, consolidar e implementar mudan\u00e7as que melhorem o desempenho do grupo e, principalmente, se aprofundar nas quest\u00f5es essenciais que de fato ir\u00e3o reformular suas equipes.<\/p>\n<p style=\"text-align: justify;\">Atualmente realiza as Palestras em Eventos e Empresas tratando de temas como Motiva\u00e7\u00e3o, Lideran\u00e7a, Supera\u00e7\u00e3o, Comprometimento, Respeito,Planejamento e Trabalho em Equipe. Caso seja necess\u00e1rio adaptamos a Palestra e adequamos ao briefing do cliente.<\/p>\n","protected":false},"excerpt":{"rendered":"<p>Treinador da Sele\u00e7\u00e3o Brasileira de Futebol na Copa do Mundo de 2010. Seu nome verdadeiro \u00e9 Carlos Caetano Bledorn Verri.<\/p>\n","protected":false},"author":2,"featured_media":1058,"template":"","cat_casting":[95,79,63,64,99,100],"acf":[],"yoast_head":"<!-- This site is optimized with the Yoast SEO plugin v19.6.1 - https:\/\/yoast.com\/wordpress\/plugins\/seo\/ -->\n<title>Dunga - EM2 Produ\u00e7\u00f5es<\/title>\n<meta name=\"robots\" content=\"index, follow, max-snippet:-1, max-image-preview:large, max-video-preview:-1\" \/>\n<link rel=\"canonical\" href=\"https:\/\/www.em2producoes.com.br\/site\/casting\/dunga\/\" \/>\n<meta property=\"og:locale\" content=\"pt_BR\" \/>\n<meta property=\"og:type\" content=\"article\" \/>\n<meta property=\"og:title\" content=\"Dunga - EM2 Produ\u00e7\u00f5es\" \/>\n<meta property=\"og:description\" content=\"Treinador da Sele\u00e7\u00e3o Brasileira de Futebol na Copa do Mundo de 2010. Seu nome verdadeiro \u00e9 Carlos Caetano Bledorn Verri.\" \/>\n<meta property=\"og:url\" content=\"https:\/\/www.em2producoes.com.br\/site\/casting\/dunga\/\" \/>\n<meta property=\"og:site_name\" content=\"EM2 Produ\u00e7\u00f5es\" \/>\n<meta property=\"article:publisher\" content=\"https:\/\/www.facebook.com\/em2producoes\/\" \/>\n<meta property=\"og:image\" content=\"https:\/\/www.em2producoes.com.br\/site\/wp-content\/uploads\/2019\/01\/dunga.jpg\" \/>\n\t<meta property=\"og:image:width\" content=\"300\" \/>\n\t<meta property=\"og:image:height\" content=\"300\" \/>\n\t<meta property=\"og:image:type\" content=\"image\/jpeg\" \/>\n<meta name=\"twitter:card\" content=\"summary_large_image\" \/>\n<meta name=\"twitter:label1\" content=\"Est. tempo de leitura\" \/>\n\t<meta name=\"twitter:data1\" content=\"2 minutos\" \/>\n<script type=\"application\/ld+json\" class=\"yoast-schema-graph\">{\"@context\":\"https:\/\/schema.org\",\"@graph\":[{\"@type\":\"WebPage\",\"@id\":\"https:\/\/www.em2producoes.com.br\/site\/casting\/dunga\/\",\"url\":\"https:\/\/www.em2producoes.com.br\/site\/casting\/dunga\/\",\"name\":\"Dunga - EM2 Produ\u00e7\u00f5es\",\"isPartOf\":{\"@id\":\"https:\/\/www.em2producoes.com.br\/site\/#website\"},\"datePublished\":\"2019-01-11T10:07:20+00:00\",\"dateModified\":\"2019-01-11T10:07:20+00:00\",\"breadcrumb\":{\"@id\":\"https:\/\/www.em2producoes.com.br\/site\/casting\/dunga\/#breadcrumb\"},\"inLanguage\":\"pt-BR\",\"potentialAction\":[{\"@type\":\"ReadAction\",\"target\":[\"https:\/\/www.em2producoes.com.br\/site\/casting\/dunga\/\"]}]},{\"@type\":\"BreadcrumbList\",\"@id\":\"https:\/\/www.em2producoes.com.br\/site\/casting\/dunga\/#breadcrumb\",\"itemListElement\":[{\"@type\":\"ListItem\",\"position\":1,\"name\":\"In\u00edcio\",\"item\":\"https:\/\/www.em2producoes.com.br\/site\/\"},{\"@type\":\"ListItem\",\"position\":2,\"name\":\"Casting\",\"item\":\"https:\/\/www.em2producoes.com.br\/site\/casting\/\"},{\"@type\":\"ListItem\",\"position\":3,\"name\":\"Dunga\"}]},{\"@type\":\"WebSite\",\"@id\":\"https:\/\/www.em2producoes.com.br\/site\/#website\",\"url\":\"https:\/\/www.em2producoes.com.br\/site\/\",\"name\":\"EM2 Produ\u00e7\u00f5es\",\"description\":\"Ativando &amp; Conectando Marcas e Talentos\",\"publisher\":{\"@id\":\"https:\/\/www.em2producoes.com.br\/site\/#organization\"},\"potentialAction\":[{\"@type\":\"SearchAction\",\"target\":{\"@type\":\"EntryPoint\",\"urlTemplate\":\"https:\/\/www.em2producoes.com.br\/site\/?s={search_term_string}\"},\"query-input\":\"required name=search_term_string\"}],\"inLanguage\":\"pt-BR\"},{\"@type\":\"Organization\",\"@id\":\"https:\/\/www.em2producoes.com.br\/site\/#organization\",\"name\":\"EM2 Produ\u00e7\u00f5es\",\"url\":\"https:\/\/www.em2producoes.com.br\/site\/\",\"sameAs\":[\"https:\/\/www.instagram.com\/em2producoes\/\",\"https:\/\/www.youtube.com\/channel\/UCGLxUPhqHfr6zp3izS5GdWg\",\"https:\/\/www.facebook.com\/em2producoes\/\"],\"logo\":{\"@type\":\"ImageObject\",\"inLanguage\":\"pt-BR\",\"@id\":\"https:\/\/www.em2producoes.com.br\/site\/#\/schema\/logo\/image\/\",\"url\":\"http:\/\/www.em2producoes.com.br\/site\/wp-content\/uploads\/2021\/05\/logotipo-big.jpg\",\"contentUrl\":\"http:\/\/www.em2producoes.com.br\/site\/wp-content\/uploads\/2021\/05\/logotipo-big.jpg\",\"width\":710,\"height\":310,\"caption\":\"EM2 Produ\u00e7\u00f5es\"},\"image\":{\"@id\":\"https:\/\/www.em2producoes.com.br\/site\/#\/schema\/logo\/image\/\"}}]}<\/script>\n<!-- \/ Yoast SEO plugin. -->","yoast_head_json":{"title":"Dunga - EM2 Produ\u00e7\u00f5es","robots":{"index":"index","follow":"follow","max-snippet":"max-snippet:-1","max-image-preview":"max-image-preview:large","max-video-preview":"max-video-preview:-1"},"canonical":"https:\/\/www.em2producoes.com.br\/site\/casting\/dunga\/","og_locale":"pt_BR","og_type":"article","og_title":"Dunga - EM2 Produ\u00e7\u00f5es","og_description":"Treinador da Sele\u00e7\u00e3o Brasileira de Futebol na Copa do Mundo de 2010. Seu nome verdadeiro \u00e9 Carlos Caetano Bledorn Verri.","og_url":"https:\/\/www.em2producoes.com.br\/site\/casting\/dunga\/","og_site_name":"EM2 Produ\u00e7\u00f5es","article_publisher":"https:\/\/www.facebook.com\/em2producoes\/","og_image":[{"width":300,"height":300,"url":"https:\/\/www.em2producoes.com.br\/site\/wp-content\/uploads\/2019\/01\/dunga.jpg","type":"image\/jpeg"}],"twitter_card":"summary_large_image","twitter_misc":{"Est. tempo de leitura":"2 minutos"},"schema":{"@context":"https:\/\/schema.org","@graph":[{"@type":"WebPage","@id":"https:\/\/www.em2producoes.com.br\/site\/casting\/dunga\/","url":"https:\/\/www.em2producoes.com.br\/site\/casting\/dunga\/","name":"Dunga - EM2 Produ\u00e7\u00f5es","isPartOf":{"@id":"https:\/\/www.em2producoes.com.br\/site\/#website"},"datePublished":"2019-01-11T10:07:20+00:00","dateModified":"2019-01-11T10:07:20+00:00","breadcrumb":{"@id":"https:\/\/www.em2producoes.com.br\/site\/casting\/dunga\/#breadcrumb"},"inLanguage":"pt-BR","potentialAction":[{"@type":"ReadAction","target":["https:\/\/www.em2producoes.com.br\/site\/casting\/dunga\/"]}]},{"@type":"BreadcrumbList","@id":"https:\/\/www.em2producoes.com.br\/site\/casting\/dunga\/#breadcrumb","itemListElement":[{"@type":"ListItem","position":1,"name":"In\u00edcio","item":"https:\/\/www.em2producoes.com.br\/site\/"},{"@type":"ListItem","position":2,"name":"Casting","item":"https:\/\/www.em2producoes.com.br\/site\/casting\/"},{"@type":"ListItem","position":3,"name":"Dunga"}]},{"@type":"WebSite","@id":"https:\/\/www.em2producoes.com.br\/site\/#website","url":"https:\/\/www.em2producoes.com.br\/site\/","name":"EM2 Produ\u00e7\u00f5es","description":"Ativando &amp; Conectando Marcas e Talentos","publisher":{"@id":"https:\/\/www.em2producoes.com.br\/site\/#organization"},"potentialAction":[{"@type":"SearchAction","target":{"@type":"EntryPoint","urlTemplate":"https:\/\/www.em2producoes.com.br\/site\/?s={search_term_string}"},"query-input":"required name=search_term_string"}],"inLanguage":"pt-BR"},{"@type":"Organization","@id":"https:\/\/www.em2producoes.com.br\/site\/#organization","name":"EM2 Produ\u00e7\u00f5es","url":"https:\/\/www.em2producoes.com.br\/site\/","sameAs":["https:\/\/www.instagram.com\/em2producoes\/","https:\/\/www.youtube.com\/channel\/UCGLxUPhqHfr6zp3izS5GdWg","https:\/\/www.facebook.com\/em2producoes\/"],"logo":{"@type":"ImageObject","inLanguage":"pt-BR","@id":"https:\/\/www.em2producoes.com.br\/site\/#\/schema\/logo\/image\/","url":"http:\/\/www.em2producoes.com.br\/site\/wp-content\/uploads\/2021\/05\/logotipo-big.jpg","contentUrl":"http:\/\/www.em2producoes.com.br\/site\/wp-content\/uploads\/2021\/05\/logotipo-big.jpg","width":710,"height":310,"caption":"EM2 Produ\u00e7\u00f5es"},"image":{"@id":"https:\/\/www.em2producoes.com.br\/site\/#\/schema\/logo\/image\/"}}]}},"_links":{"self":[{"href":"https:\/\/www.em2producoes.com.br\/site\/wp-json\/wp\/v2\/casting\/1057"}],"collection":[{"href":"https:\/\/www.em2producoes.com.br\/site\/wp-json\/wp\/v2\/casting"}],"about":[{"href":"https:\/\/www.em2producoes.com.br\/site\/wp-json\/wp\/v2\/types\/casting"}],"author":[{"embeddable":true,"href":"https:\/\/www.em2producoes.com.br\/site\/wp-json\/wp\/v2\/users\/2"}],"version-history":[{"count":0,"href":"https:\/\/www.em2producoes.com.br\/site\/wp-json\/wp\/v2\/casting\/1057\/revisions"}],"wp:featuredmedia":[{"embeddable":true,"href":"https:\/\/www.em2producoes.com.br\/site\/wp-json\/wp\/v2\/media\/1058"}],"wp:attachment":[{"href":"https:\/\/www.em2producoes.com.br\/site\/wp-json\/wp\/v2\/media?parent=1057"}],"wp:term":[{"taxonomy":"cat_casting","embeddable":true,"href":"https:\/\/www.em2producoes.com.br\/site\/wp-json\/wp\/v2\/cat_casting?post=1057"}],"curies":[{"name":"wp","href":"https:\/\/api.w.org\/{rel}","templated":true}]}}

<p style="text-align: justify;">Como jogador teve passagens marcantes pelo Internacional, Corinthians, Santos, Vasco da Gama, Fiorentina da Itália, Stuttgart da Alemanha e no futebol japonês, sempre demonstrando espírito de liderança, personalidade e motivação para buscar em campo resultados que pareciam impossíveis.</p>
<p style="text-align: justify;">Foi capitão da Seleção Brasileira de Futebol durante a Copa do Mundo de 1994, quando conquistou o título de campeão mundial, dando a chamada “volta por cima”, recuperando-se de uma imagem negativa que ficara do fraco desempenho do Brasil na copa de 1990, na Itália, comandando nos Estados Unidos o time formado por craques como Taffarel, Branco, Romário e Bebeto com força e técnica, conquistando o tetracampeonato.</p>
<p style="text-align: justify;">A mesma determinação demonstrada dentro de campo na sua época de jogador, DUNGA apresenta no conteúdo de suas palestras motivacionais que realiza pelo mundo inteiro, afirmando que, com determinação, fóco no resultado e busca permanente, os objetivos almejados sempre podem ser alcançados.</p>
<p style="text-align: justify;">Estes princípos que norteiam sua vida pessoal e carreira profissional são os mesmos que o consagraram como um jogador finalmente reconhecido, mesmo depois de contestado, e certamente são os mesmos que o levaram à condição de treinador da Seleção Brasileira em um momento difícil, justamente quando é necessário para o futebol do país “virar o jogo e dar a volta por cima”.</p>
<p style="text-align: justify;">Em suas Palestras Dunga apresenta suas idéias sobre como liderar e motivar pessoas a partir das suas próprias experiências e não de teorias ditadas do alto de uma torre de marfim, incompreensíveis e pouco úteis para o dia-a-dia das empresas e clubes de futebol. Traz percepções práticas, contando suas experiências em capitanear com sucesso grupos de atletas profissionais, verdadeiros executivos de futebol profissional &#8211; na medida do possível.</p>
<p style="text-align: justify;">Gosta de criar relação com os produtos e/ou serviços oferecidos pela empresa contratante de sua palestra &#8211; que, todos os dias, precisam encontrar novas maneiras, inovadoras e criativas, para testar e por em prática suas idéias, consolidar e implementar mudanças que melhorem o desempenho do grupo e, principalmente, se aprofundar nas questões essenciais que de fato irão reformular suas equipes.</p>
<p style="text-align: justify;">Atualmente realiza as Palestras em Eventos e Empresas tratando de temas como Motivação, Liderança, Superação, Comprometimento, Respeito,Planejamento e Trabalho em Equipe. Caso seja necessário adaptamos a Palestra e adequamos ao briefing do cliente.</p>

<p>Treinador da Seleção Brasileira de Futebol na Copa do Mundo de 2010. Seu nome verdadeiro é Carlos Caetano Bledorn Verri.</p>

<!-- This site is optimized with the Yoast SEO plugin v19.6.1 - https://yoast.com/wordpress/plugins/seo/ -->
<title>Dunga - EM2 Produções</title>
<meta name="robots" content="index, follow, max-snippet:-1, max-image-preview:large, max-video-preview:-1" />
<link rel="canonical" href="https://www.em2producoes.com.br/site/casting/dunga/" />
<meta property="og:locale" content="pt_BR" />
<meta property="og:type" content="article" />
<meta property="og:title" content="Dunga - EM2 Produções" />
<meta property="og:description" content="Treinador da Seleção Brasileira de Futebol na Copa do Mundo de 2010. Seu nome verdadeiro é Carlos Caetano Bledorn Verri." />
<meta property="og:url" content="https://www.em2producoes.com.br/site/casting/dunga/" />
<meta property="og:site_name" content="EM2 Produções" />
<meta property="article:publisher" content="https://www.facebook.com/em2producoes/" />
<meta property="og:image" content="https://www.em2producoes.com.br/site/wp-content/uploads/2019/01/dunga.jpg" />
	<meta property="og:image:width" content="300" />
	<meta property="og:image:height" content="300" />
	<meta property="og:image:type" content="image/jpeg" />
<meta name="twitter:card" content="summary_large_image" />
<meta name="twitter:label1" content="Est. tempo de leitura" />
	<meta name="twitter:data1" content="2 minutos" />
<script type="application/ld+json" class="yoast-schema-graph">{"@context":"https://schema.org","@graph":[{"@type":"WebPage","@id":"https://www.em2producoes.com.br/site/casting/dunga/","url":"https://www.em2producoes.com.br/site/casting/dunga/","name":"Dunga - EM2 Produções","isPartOf":{"@id":"https://www.em2producoes.com.br/site/#website"},"datePublished":"2019-01-11T10:07:20+00:00","dateModified":"2019-01-11T10:07:20+00:00","breadcrumb":{"@id":"https://www.em2producoes.com.br/site/casting/dunga/#breadcrumb"},"inLanguage":"pt-BR","potentialAction":[{"@type":"ReadAction","target":["https://www.em2producoes.com.br/site/casting/dunga/"]}]},{"@type":"BreadcrumbList","@id":"https://www.em2producoes.com.br/site/casting/dunga/#breadcrumb","itemListElement":[{"@type":"ListItem","position":1,"name":"Início","item":"https://www.em2producoes.com.br/site/"},{"@type":"ListItem","position":2,"name":"Casting","item":"https://www.em2producoes.com.br/site/casting/"},{"@type":"ListItem","position":3,"name":"Dunga"}]},{"@type":"WebSite","@id":"https://www.em2producoes.com.br/site/#website","url":"https://www.em2producoes.com.br/site/","name":"EM2 Produções","description":"Ativando &amp; Conectando Marcas e Talentos","publisher":{"@id":"https://www.em2producoes.com.br/site/#organization"},"potentialAction":[{"@type":"SearchAction","target":{"@type":"EntryPoint","urlTemplate":"https://www.em2producoes.com.br/site/?s={search_term_string}"},"query-input":"required name=search_term_string"}],"inLanguage":"pt-BR"},{"@type":"Organization","@id":"https://www.em2producoes.com.br/site/#organization","name":"EM2 Produções","url":"https://www.em2producoes.com.br/site/","sameAs":["https://www.instagram.com/em2producoes/","https://www.youtube.com/channel/UCGLxUPhqHfr6zp3izS5GdWg","https://www.facebook.com/em2producoes/"],"logo":{"@type":"ImageObject","inLanguage":"pt-BR","@id":"https://www.em2producoes.com.br/site/#/schema/logo/image/","url":"http://www.em2producoes.com.br/site/wp-content/uploads/2021/05/logotipo-big.jpg","contentUrl":"http://www.em2producoes.com.br/site/wp-content/uploads/2021/05/logotipo-big.jpg","width":710,"height":310,"caption":"EM2 Produções"},"image":{"@id":"https://www.em2producoes.com.br/site/#/schema/logo/image/"}}]}</script>
<!-- / Yoast SEO plugin. -->

Dunga - EM2 Produções

Treinador da Seleção Brasileira de Futebol na Copa do Mundo de 2010. Seu nome verdadeiro é Carlos Caetano Bledorn Verri.

EM2 Produções

Início
