{"id":1061,"date":"2019-01-11T08:24:33","date_gmt":"2019-01-11T10:24:33","guid":{"rendered":"http:\/\/em2producoes.com.br\/novo\/wordpress\/?post_type=casting&amp;p=1061"},"modified":"2019-01-11T08:24:33","modified_gmt":"2019-01-11T10:24:33","slug":"eduardo-zugaib","status":"publish","type":"casting","link":"https:\/\/www.em2producoes.com.br\/site\/casting\/eduardo-zugaib\/","title":{"rendered":"Eduardo Zugaib"},"content":{"rendered":"<p style=\"text-align: justify;\">As palestras de Eduardo Zugaib s\u00e3o conhecidas por seus resultados imediatos, pela avalia\u00e7\u00e3o positiva e grandes transforma\u00e7\u00f5es nas organiza\u00e7\u00f5es por onde passa. Em todas elas, a principal abordagem \u00e9: A COMUNICA\u00c7\u00c3O COMO FERRAMENTA DE TRANSFORMA\u00c7\u00c3O PESSOAL E PROFISSIONAL.<br \/>\nAl\u00e9m dos conte\u00fados que s\u00e3o trabalhados em eventos abertos, o conte\u00fado-base \u00e9 adapt\u00e1vel a interven\u00e7\u00f5es in-company, personalizados conforme as necessidades da organiza\u00e7\u00e3o, apuradas a partir de uma cuidadosa an\u00e1lise do mercado de atua\u00e7\u00e3o e de briefings com pessoas-estrat\u00e9gicas.<br \/>\nSua Palestra tema EXPERI\u00caNCIA DE MARCA: A ARTE DE ENCANTAR O CLIENTE, tem um conte\u00fado rico, divertido e vibrante, que amplia a percep\u00e7\u00e3o e o controle sobre a conquista, o encantamento e a fideliza\u00e7\u00e3o dos clientes. A partir das 3 a\u00e7\u00f5es fundamentais &#8211; Comunica\u00e7\u00e3o, Atendimento e Relacionamento &#8211; a cria\u00e7\u00e3o da Experi\u00eancia de Marca para o Cliente torna-se de f\u00e1cil visualiza\u00e7\u00e3o para gestores e equipes de vendas\/atendimento, tornando mais consistentes as duas consequ\u00eancias desejadas: o Encantamento e a Fideliza\u00e7\u00e3o. Conhecimento pr\u00e1tico, que motiva, encanta e promove transforma\u00e7\u00f5es comportamentais reais nos participantes.<\/p>\n<p style=\"text-align: justify;\">Atualmente realiza as Palestras em Eventos e Empresas tratando de temas como Motiva\u00e7\u00e3o e Vendas. Caso seja necess\u00e1rio adaptamos a Palestra e adequamos ao briefing do cliente.<\/p>\n","protected":false},"excerpt":{"rendered":"<p>Ele \u00e9 profissional de comunica\u00e7\u00e3o, escritor e palestrante.<\/p>\n","protected":false},"author":2,"featured_media":1062,"template":"","cat_casting":[95,63,64,85],"acf":[],"yoast_head":"<!-- This site is optimized with the Yoast SEO plugin v19.6.1 - https:\/\/yoast.com\/wordpress\/plugins\/seo\/ -->\n<title>Eduardo Zugaib - EM2 Produ\u00e7\u00f5es<\/title>\n<meta name=\"robots\" content=\"index, follow, max-snippet:-1, max-image-preview:large, max-video-preview:-1\" \/>\n<link rel=\"canonical\" href=\"https:\/\/www.em2producoes.com.br\/site\/casting\/eduardo-zugaib\/\" \/>\n<meta property=\"og:locale\" content=\"pt_BR\" \/>\n<meta property=\"og:type\" content=\"article\" \/>\n<meta property=\"og:title\" content=\"Eduardo Zugaib - EM2 Produ\u00e7\u00f5es\" \/>\n<meta property=\"og:description\" content=\"Ele \u00e9 profissional de comunica\u00e7\u00e3o, escritor e palestrante.\" \/>\n<meta property=\"og:url\" content=\"https:\/\/www.em2producoes.com.br\/site\/casting\/eduardo-zugaib\/\" \/>\n<meta property=\"og:site_name\" content=\"EM2 Produ\u00e7\u00f5es\" \/>\n<meta property=\"article:publisher\" content=\"https:\/\/www.facebook.com\/em2producoes\/\" \/>\n<meta property=\"og:image\" content=\"https:\/\/www.em2producoes.com.br\/site\/wp-content\/uploads\/2019\/01\/EduardoZugaib.jpg\" \/>\n\t<meta property=\"og:image:width\" content=\"300\" \/>\n\t<meta property=\"og:image:height\" content=\"300\" \/>\n\t<meta property=\"og:image:type\" content=\"image\/jpeg\" \/>\n<meta name=\"twitter:card\" content=\"summary_large_image\" \/>\n<meta name=\"twitter:label1\" content=\"Est. tempo de leitura\" \/>\n\t<meta name=\"twitter:data1\" content=\"1 minuto\" \/>\n<script type=\"application\/ld+json\" class=\"yoast-schema-graph\">{\"@context\":\"https:\/\/schema.org\",\"@graph\":[{\"@type\":\"WebPage\",\"@id\":\"https:\/\/www.em2producoes.com.br\/site\/casting\/eduardo-zugaib\/\",\"url\":\"https:\/\/www.em2producoes.com.br\/site\/casting\/eduardo-zugaib\/\",\"name\":\"Eduardo Zugaib - EM2 Produ\u00e7\u00f5es\",\"isPartOf\":{\"@id\":\"https:\/\/www.em2producoes.com.br\/site\/#website\"},\"datePublished\":\"2019-01-11T10:24:33+00:00\",\"dateModified\":\"2019-01-11T10:24:33+00:00\",\"breadcrumb\":{\"@id\":\"https:\/\/www.em2producoes.com.br\/site\/casting\/eduardo-zugaib\/#breadcrumb\"},\"inLanguage\":\"pt-BR\",\"potentialAction\":[{\"@type\":\"ReadAction\",\"target\":[\"https:\/\/www.em2producoes.com.br\/site\/casting\/eduardo-zugaib\/\"]}]},{\"@type\":\"BreadcrumbList\",\"@id\":\"https:\/\/www.em2producoes.com.br\/site\/casting\/eduardo-zugaib\/#breadcrumb\",\"itemListElement\":[{\"@type\":\"ListItem\",\"position\":1,\"name\":\"In\u00edcio\",\"item\":\"https:\/\/www.em2producoes.com.br\/site\/\"},{\"@type\":\"ListItem\",\"position\":2,\"name\":\"Casting\",\"item\":\"https:\/\/www.em2producoes.com.br\/site\/casting\/\"},{\"@type\":\"ListItem\",\"position\":3,\"name\":\"Eduardo Zugaib\"}]},{\"@type\":\"WebSite\",\"@id\":\"https:\/\/www.em2producoes.com.br\/site\/#website\",\"url\":\"https:\/\/www.em2producoes.com.br\/site\/\",\"name\":\"EM2 Produ\u00e7\u00f5es\",\"description\":\"Ativando &amp; Conectando Marcas e Talentos\",\"publisher\":{\"@id\":\"https:\/\/www.em2producoes.com.br\/site\/#organization\"},\"potentialAction\":[{\"@type\":\"SearchAction\",\"target\":{\"@type\":\"EntryPoint\",\"urlTemplate\":\"https:\/\/www.em2producoes.com.br\/site\/?s={search_term_string}\"},\"query-input\":\"required name=search_term_string\"}],\"inLanguage\":\"pt-BR\"},{\"@type\":\"Organization\",\"@id\":\"https:\/\/www.em2producoes.com.br\/site\/#organization\",\"name\":\"EM2 Produ\u00e7\u00f5es\",\"url\":\"https:\/\/www.em2producoes.com.br\/site\/\",\"sameAs\":[\"https:\/\/www.instagram.com\/em2producoes\/\",\"https:\/\/www.youtube.com\/channel\/UCGLxUPhqHfr6zp3izS5GdWg\",\"https:\/\/www.facebook.com\/em2producoes\/\"],\"logo\":{\"@type\":\"ImageObject\",\"inLanguage\":\"pt-BR\",\"@id\":\"https:\/\/www.em2producoes.com.br\/site\/#\/schema\/logo\/image\/\",\"url\":\"http:\/\/www.em2producoes.com.br\/site\/wp-content\/uploads\/2021\/05\/logotipo-big.jpg\",\"contentUrl\":\"http:\/\/www.em2producoes.com.br\/site\/wp-content\/uploads\/2021\/05\/logotipo-big.jpg\",\"width\":710,\"height\":310,\"caption\":\"EM2 Produ\u00e7\u00f5es\"},\"image\":{\"@id\":\"https:\/\/www.em2producoes.com.br\/site\/#\/schema\/logo\/image\/\"}}]}<\/script>\n<!-- \/ Yoast SEO plugin. -->","yoast_head_json":{"title":"Eduardo Zugaib - EM2 Produ\u00e7\u00f5es","robots":{"index":"index","follow":"follow","max-snippet":"max-snippet:-1","max-image-preview":"max-image-preview:large","max-video-preview":"max-video-preview:-1"},"canonical":"https:\/\/www.em2producoes.com.br\/site\/casting\/eduardo-zugaib\/","og_locale":"pt_BR","og_type":"article","og_title":"Eduardo Zugaib - EM2 Produ\u00e7\u00f5es","og_description":"Ele \u00e9 profissional de comunica\u00e7\u00e3o, escritor e palestrante.","og_url":"https:\/\/www.em2producoes.com.br\/site\/casting\/eduardo-zugaib\/","og_site_name":"EM2 Produ\u00e7\u00f5es","article_publisher":"https:\/\/www.facebook.com\/em2producoes\/","og_image":[{"width":300,"height":300,"url":"https:\/\/www.em2producoes.com.br\/site\/wp-content\/uploads\/2019\/01\/EduardoZugaib.jpg","type":"image\/jpeg"}],"twitter_card":"summary_large_image","twitter_misc":{"Est. tempo de leitura":"1 minuto"},"schema":{"@context":"https:\/\/schema.org","@graph":[{"@type":"WebPage","@id":"https:\/\/www.em2producoes.com.br\/site\/casting\/eduardo-zugaib\/","url":"https:\/\/www.em2producoes.com.br\/site\/casting\/eduardo-zugaib\/","name":"Eduardo Zugaib - EM2 Produ\u00e7\u00f5es","isPartOf":{"@id":"https:\/\/www.em2producoes.com.br\/site\/#website"},"datePublished":"2019-01-11T10:24:33+00:00","dateModified":"2019-01-11T10:24:33+00:00","breadcrumb":{"@id":"https:\/\/www.em2producoes.com.br\/site\/casting\/eduardo-zugaib\/#breadcrumb"},"inLanguage":"pt-BR","potentialAction":[{"@type":"ReadAction","target":["https:\/\/www.em2producoes.com.br\/site\/casting\/eduardo-zugaib\/"]}]},{"@type":"BreadcrumbList","@id":"https:\/\/www.em2producoes.com.br\/site\/casting\/eduardo-zugaib\/#breadcrumb","itemListElement":[{"@type":"ListItem","position":1,"name":"In\u00edcio","item":"https:\/\/www.em2producoes.com.br\/site\/"},{"@type":"ListItem","position":2,"name":"Casting","item":"https:\/\/www.em2producoes.com.br\/site\/casting\/"},{"@type":"ListItem","position":3,"name":"Eduardo Zugaib"}]},{"@type":"WebSite","@id":"https:\/\/www.em2producoes.com.br\/site\/#website","url":"https:\/\/www.em2producoes.com.br\/site\/","name":"EM2 Produ\u00e7\u00f5es","description":"Ativando &amp; Conectando Marcas e Talentos","publisher":{"@id":"https:\/\/www.em2producoes.com.br\/site\/#organization"},"potentialAction":[{"@type":"SearchAction","target":{"@type":"EntryPoint","urlTemplate":"https:\/\/www.em2producoes.com.br\/site\/?s={search_term_string}"},"query-input":"required name=search_term_string"}],"inLanguage":"pt-BR"},{"@type":"Organization","@id":"https:\/\/www.em2producoes.com.br\/site\/#organization","name":"EM2 Produ\u00e7\u00f5es","url":"https:\/\/www.em2producoes.com.br\/site\/","sameAs":["https:\/\/www.instagram.com\/em2producoes\/","https:\/\/www.youtube.com\/channel\/UCGLxUPhqHfr6zp3izS5GdWg","https:\/\/www.facebook.com\/em2producoes\/"],"logo":{"@type":"ImageObject","inLanguage":"pt-BR","@id":"https:\/\/www.em2producoes.com.br\/site\/#\/schema\/logo\/image\/","url":"http:\/\/www.em2producoes.com.br\/site\/wp-content\/uploads\/2021\/05\/logotipo-big.jpg","contentUrl":"http:\/\/www.em2producoes.com.br\/site\/wp-content\/uploads\/2021\/05\/logotipo-big.jpg","width":710,"height":310,"caption":"EM2 Produ\u00e7\u00f5es"},"image":{"@id":"https:\/\/www.em2producoes.com.br\/site\/#\/schema\/logo\/image\/"}}]}},"_links":{"self":[{"href":"https:\/\/www.em2producoes.com.br\/site\/wp-json\/wp\/v2\/casting\/1061"}],"collection":[{"href":"https:\/\/www.em2producoes.com.br\/site\/wp-json\/wp\/v2\/casting"}],"about":[{"href":"https:\/\/www.em2producoes.com.br\/site\/wp-json\/wp\/v2\/types\/casting"}],"author":[{"embeddable":true,"href":"https:\/\/www.em2producoes.com.br\/site\/wp-json\/wp\/v2\/users\/2"}],"version-history":[{"count":0,"href":"https:\/\/www.em2producoes.com.br\/site\/wp-json\/wp\/v2\/casting\/1061\/revisions"}],"wp:featuredmedia":[{"embeddable":true,"href":"https:\/\/www.em2producoes.com.br\/site\/wp-json\/wp\/v2\/media\/1062"}],"wp:attachment":[{"href":"https:\/\/www.em2producoes.com.br\/site\/wp-json\/wp\/v2\/media?parent=1061"}],"wp:term":[{"taxonomy":"cat_casting","embeddable":true,"href":"https:\/\/www.em2producoes.com.br\/site\/wp-json\/wp\/v2\/cat_casting?post=1061"}],"curies":[{"name":"wp","href":"https:\/\/api.w.org\/{rel}","templated":true}]}}

<p style="text-align: justify;">As palestras de Eduardo Zugaib são conhecidas por seus resultados imediatos, pela avaliação positiva e grandes transformações nas organizações por onde passa. Em todas elas, a principal abordagem é: A COMUNICAÇÃO COMO FERRAMENTA DE TRANSFORMAÇÃO PESSOAL E PROFISSIONAL.<br />
Além dos conteúdos que são trabalhados em eventos abertos, o conteúdo-base é adaptável a intervenções in-company, personalizados conforme as necessidades da organização, apuradas a partir de uma cuidadosa análise do mercado de atuação e de briefings com pessoas-estratégicas.<br />
Sua Palestra tema EXPERIÊNCIA DE MARCA: A ARTE DE ENCANTAR O CLIENTE, tem um conteúdo rico, divertido e vibrante, que amplia a percepção e o controle sobre a conquista, o encantamento e a fidelização dos clientes. A partir das 3 ações fundamentais &#8211; Comunicação, Atendimento e Relacionamento &#8211; a criação da Experiência de Marca para o Cliente torna-se de fácil visualização para gestores e equipes de vendas/atendimento, tornando mais consistentes as duas consequências desejadas: o Encantamento e a Fidelização. Conhecimento prático, que motiva, encanta e promove transformações comportamentais reais nos participantes.</p>
<p style="text-align: justify;">Atualmente realiza as Palestras em Eventos e Empresas tratando de temas como Motivação e Vendas. Caso seja necessário adaptamos a Palestra e adequamos ao briefing do cliente.</p>

<p>Ele é profissional de comunicação, escritor e palestrante.</p>

<!-- This site is optimized with the Yoast SEO plugin v19.6.1 - https://yoast.com/wordpress/plugins/seo/ -->
<title>Eduardo Zugaib - EM2 Produções</title>
<meta name="robots" content="index, follow, max-snippet:-1, max-image-preview:large, max-video-preview:-1" />
<link rel="canonical" href="https://www.em2producoes.com.br/site/casting/eduardo-zugaib/" />
<meta property="og:locale" content="pt_BR" />
<meta property="og:type" content="article" />
<meta property="og:title" content="Eduardo Zugaib - EM2 Produções" />
<meta property="og:description" content="Ele é profissional de comunicação, escritor e palestrante." />
<meta property="og:url" content="https://www.em2producoes.com.br/site/casting/eduardo-zugaib/" />
<meta property="og:site_name" content="EM2 Produções" />
<meta property="article:publisher" content="https://www.facebook.com/em2producoes/" />
<meta property="og:image" content="https://www.em2producoes.com.br/site/wp-content/uploads/2019/01/EduardoZugaib.jpg" />
	<meta property="og:image:width" content="300" />
	<meta property="og:image:height" content="300" />
	<meta property="og:image:type" content="image/jpeg" />
<meta name="twitter:card" content="summary_large_image" />
<meta name="twitter:label1" content="Est. tempo de leitura" />
	<meta name="twitter:data1" content="1 minuto" />
<script type="application/ld+json" class="yoast-schema-graph">{"@context":"https://schema.org","@graph":[{"@type":"WebPage","@id":"https://www.em2producoes.com.br/site/casting/eduardo-zugaib/","url":"https://www.em2producoes.com.br/site/casting/eduardo-zugaib/","name":"Eduardo Zugaib - EM2 Produções","isPartOf":{"@id":"https://www.em2producoes.com.br/site/#website"},"datePublished":"2019-01-11T10:24:33+00:00","dateModified":"2019-01-11T10:24:33+00:00","breadcrumb":{"@id":"https://www.em2producoes.com.br/site/casting/eduardo-zugaib/#breadcrumb"},"inLanguage":"pt-BR","potentialAction":[{"@type":"ReadAction","target":["https://www.em2producoes.com.br/site/casting/eduardo-zugaib/"]}]},{"@type":"BreadcrumbList","@id":"https://www.em2producoes.com.br/site/casting/eduardo-zugaib/#breadcrumb","itemListElement":[{"@type":"ListItem","position":1,"name":"Início","item":"https://www.em2producoes.com.br/site/"},{"@type":"ListItem","position":2,"name":"Casting","item":"https://www.em2producoes.com.br/site/casting/"},{"@type":"ListItem","position":3,"name":"Eduardo Zugaib"}]},{"@type":"WebSite","@id":"https://www.em2producoes.com.br/site/#website","url":"https://www.em2producoes.com.br/site/","name":"EM2 Produções","description":"Ativando &amp; Conectando Marcas e Talentos","publisher":{"@id":"https://www.em2producoes.com.br/site/#organization"},"potentialAction":[{"@type":"SearchAction","target":{"@type":"EntryPoint","urlTemplate":"https://www.em2producoes.com.br/site/?s={search_term_string}"},"query-input":"required name=search_term_string"}],"inLanguage":"pt-BR"},{"@type":"Organization","@id":"https://www.em2producoes.com.br/site/#organization","name":"EM2 Produções","url":"https://www.em2producoes.com.br/site/","sameAs":["https://www.instagram.com/em2producoes/","https://www.youtube.com/channel/UCGLxUPhqHfr6zp3izS5GdWg","https://www.facebook.com/em2producoes/"],"logo":{"@type":"ImageObject","inLanguage":"pt-BR","@id":"https://www.em2producoes.com.br/site/#/schema/logo/image/","url":"http://www.em2producoes.com.br/site/wp-content/uploads/2021/05/logotipo-big.jpg","contentUrl":"http://www.em2producoes.com.br/site/wp-content/uploads/2021/05/logotipo-big.jpg","width":710,"height":310,"caption":"EM2 Produções"},"image":{"@id":"https://www.em2producoes.com.br/site/#/schema/logo/image/"}}]}</script>
<!-- / Yoast SEO plugin. -->

Eduardo Zugaib - EM2 Produções

Ele é profissional de comunicação, escritor e palestrante.

EM2 Produções

Início
