{"id":1120,"date":"2019-01-11T11:27:33","date_gmt":"2019-01-11T13:27:33","guid":{"rendered":"http:\/\/em2producoes.com.br\/novo\/wordpress\/?post_type=casting&amp;p=1120"},"modified":"2019-01-11T11:27:33","modified_gmt":"2019-01-11T13:27:33","slug":"rodrigo-pimentel","status":"publish","type":"casting","link":"https:\/\/www.em2producoes.com.br\/site\/casting\/rodrigo-pimentel\/","title":{"rendered":"Rodrigo Pimentel"},"content":{"rendered":"<p style=\"text-align: justify;\">\u00c9 p\u00f3s-graduado em sociologia urbana pela UERJ. Foi articulista do Jornal do Brasil e co-produtor do document\u00e1rio \u00d4nibus 174. Ex-integrante do Bope, hoje consultor de seguran\u00e7a, Pimentel entrou para a pol\u00edcia com 18 anos e pediu demiss\u00e3o aos 29 anos. Seu primeiro contato com o cinema foi durante a produ\u00e7\u00e3o de Not\u00edcias de uma Guerra Particular. Foi durante as filmagens do document\u00e1rio \u00d4nibus 174, sobre o sequestro do \u00f4nibus 174 no Rio de Janeiro, que Pimentel comentou seu interesse de fazer uma fic\u00e7\u00e3o sobre a pol\u00edcia do Rio, baseados em relatos de amigos e na sua pr\u00f3pria experi\u00eancia no Bope. Nascia ali a id\u00e9ia do Tropa de Elite.<\/p>\n<p style=\"text-align: justify;\">Em 2005, com o roteiro do filme j\u00e1 em andamento, Pimentel escreveu o livro Elite da Tropa, em parceria com Luiz Eduardo Soares e Andr\u00e9 Batista. Ap\u00f3s muitos acharem que o personagem principal do filme Tropa de Elite, o Capit\u00e3o Nascimento, \u00e9 inspirado em si mesmo, Pimentel declarou que foi um personagem criado e totalmente fict\u00edcio, baseado em acontecimentos ocorridos com ele e com outros integrantes do BOPE.<br \/>\nHoje Rodrigo Pimentel \u00e9 comentarista de seguran\u00e7a da Rede Globo e faz participa\u00e7\u00e3o na TV, sempre muito requisitado para Palestras pelo Brasil, onde tem como Tema: CONSTRUINDO UMA TROPA DE ELITE<br \/>\nSob a Inspira\u00e7\u00e3o do filme \u201cTropa de Elite\u201d, a palestra prop\u00f5e estabelecer a rela\u00e7\u00e3o entre a realidade do BOPE (Batalh\u00e3o de Opera\u00e7\u00f5es Especiais da PM do Rio de Janeiro), e das empresas e atividades do mundo corporativo. O foco principal da abordagem \u00e9 o que est\u00e1 al\u00e9m dos processos: o compromisso com a marca (empresa): o foco no resultado; o trabalho de equipe; a supera\u00e7\u00e3o de limites \u2013 metas; a lideran\u00e7a m\u00fatua; e a auto realiza\u00e7\u00e3o no cumprimento da miss\u00e3o-tarefa.<br \/>\nA intera\u00e7\u00e3o entre o p\u00fablico e o ex-Capit\u00e3o do BOPE, Rodrigo Pimentel, um dos oficiais que serviu de inspira\u00e7\u00e3o para o CAPIT\u00c3O NASCIMENTO, interpretado pelo ator Wagner Moura \u2013 tem como objetivo despertar as pessoas para superar os \u201cdesafios\u201d do ambiente competitivo de trabalho e para focar a lideran\u00e7a sob o aspecto dos \u201chomens de preto\u201d do BOPE.<br \/>\nAtualmente realiza as Palestras em Eventos e Empresas tratando de temas como Motiva\u00e7\u00e3o, Supera\u00e7\u00e3o, Lideran\u00e7a, Forma\u00e7\u00e3o e Trabalho em Equipe. Caso seja necess\u00e1rio adaptamos a Palestra e adequamos ao briefing do cliente.<\/p>\n","protected":false},"excerpt":{"rendered":"<p>Foi membro da Pol\u00edcia Militar do Rio de Janeiro, de 1990 a 2001. Como capit\u00e3o, atuou no BOPE de 1995 a 2000. Em 1997, concedeu entrevista na qual relata com detalhes a sua experi\u00eancia no BOPE em opera\u00e7\u00f5es no combate ao tr\u00e1fico de drogas em morros no Rio de Janeiro e discorre a respeito da atividade policial especializada na capital.<\/p>\n","protected":false},"author":2,"featured_media":1121,"template":"","cat_casting":[95,96,63,64],"acf":[],"yoast_head":"<!-- This site is optimized with the Yoast SEO plugin v19.6.1 - https:\/\/yoast.com\/wordpress\/plugins\/seo\/ -->\n<title>Rodrigo Pimentel - EM2 Produ\u00e7\u00f5es<\/title>\n<meta name=\"robots\" content=\"index, follow, max-snippet:-1, max-image-preview:large, max-video-preview:-1\" \/>\n<link rel=\"canonical\" href=\"https:\/\/www.em2producoes.com.br\/site\/casting\/rodrigo-pimentel\/\" \/>\n<meta property=\"og:locale\" content=\"pt_BR\" \/>\n<meta property=\"og:type\" content=\"article\" \/>\n<meta property=\"og:title\" content=\"Rodrigo Pimentel - EM2 Produ\u00e7\u00f5es\" \/>\n<meta property=\"og:description\" content=\"Foi membro da Pol\u00edcia Militar do Rio de Janeiro, de 1990 a 2001. Como capit\u00e3o, atuou no BOPE de 1995 a 2000. Em 1997, concedeu entrevista na qual relata com detalhes a sua experi\u00eancia no BOPE em opera\u00e7\u00f5es no combate ao tr\u00e1fico de drogas em morros no Rio de Janeiro e discorre a respeito da atividade policial especializada na capital.\" \/>\n<meta property=\"og:url\" content=\"https:\/\/www.em2producoes.com.br\/site\/casting\/rodrigo-pimentel\/\" \/>\n<meta property=\"og:site_name\" content=\"EM2 Produ\u00e7\u00f5es\" \/>\n<meta property=\"article:publisher\" content=\"https:\/\/www.facebook.com\/em2producoes\/\" \/>\n<meta property=\"og:image\" content=\"https:\/\/www.em2producoes.com.br\/site\/wp-content\/uploads\/2019\/01\/Rodrigo-Pimentel-300x300-1.jpg\" \/>\n\t<meta property=\"og:image:width\" content=\"300\" \/>\n\t<meta property=\"og:image:height\" content=\"300\" \/>\n\t<meta property=\"og:image:type\" content=\"image\/jpeg\" \/>\n<meta name=\"twitter:card\" content=\"summary_large_image\" \/>\n<meta name=\"twitter:label1\" content=\"Est. tempo de leitura\" \/>\n\t<meta name=\"twitter:data1\" content=\"2 minutos\" \/>\n<script type=\"application\/ld+json\" class=\"yoast-schema-graph\">{\"@context\":\"https:\/\/schema.org\",\"@graph\":[{\"@type\":\"WebPage\",\"@id\":\"https:\/\/www.em2producoes.com.br\/site\/casting\/rodrigo-pimentel\/\",\"url\":\"https:\/\/www.em2producoes.com.br\/site\/casting\/rodrigo-pimentel\/\",\"name\":\"Rodrigo Pimentel - EM2 Produ\u00e7\u00f5es\",\"isPartOf\":{\"@id\":\"https:\/\/www.em2producoes.com.br\/site\/#website\"},\"datePublished\":\"2019-01-11T13:27:33+00:00\",\"dateModified\":\"2019-01-11T13:27:33+00:00\",\"breadcrumb\":{\"@id\":\"https:\/\/www.em2producoes.com.br\/site\/casting\/rodrigo-pimentel\/#breadcrumb\"},\"inLanguage\":\"pt-BR\",\"potentialAction\":[{\"@type\":\"ReadAction\",\"target\":[\"https:\/\/www.em2producoes.com.br\/site\/casting\/rodrigo-pimentel\/\"]}]},{\"@type\":\"BreadcrumbList\",\"@id\":\"https:\/\/www.em2producoes.com.br\/site\/casting\/rodrigo-pimentel\/#breadcrumb\",\"itemListElement\":[{\"@type\":\"ListItem\",\"position\":1,\"name\":\"In\u00edcio\",\"item\":\"https:\/\/www.em2producoes.com.br\/site\/\"},{\"@type\":\"ListItem\",\"position\":2,\"name\":\"Casting\",\"item\":\"https:\/\/www.em2producoes.com.br\/site\/casting\/\"},{\"@type\":\"ListItem\",\"position\":3,\"name\":\"Rodrigo Pimentel\"}]},{\"@type\":\"WebSite\",\"@id\":\"https:\/\/www.em2producoes.com.br\/site\/#website\",\"url\":\"https:\/\/www.em2producoes.com.br\/site\/\",\"name\":\"EM2 Produ\u00e7\u00f5es\",\"description\":\"Ativando &amp; Conectando Marcas e Talentos\",\"publisher\":{\"@id\":\"https:\/\/www.em2producoes.com.br\/site\/#organization\"},\"potentialAction\":[{\"@type\":\"SearchAction\",\"target\":{\"@type\":\"EntryPoint\",\"urlTemplate\":\"https:\/\/www.em2producoes.com.br\/site\/?s={search_term_string}\"},\"query-input\":\"required name=search_term_string\"}],\"inLanguage\":\"pt-BR\"},{\"@type\":\"Organization\",\"@id\":\"https:\/\/www.em2producoes.com.br\/site\/#organization\",\"name\":\"EM2 Produ\u00e7\u00f5es\",\"url\":\"https:\/\/www.em2producoes.com.br\/site\/\",\"sameAs\":[\"https:\/\/www.instagram.com\/em2producoes\/\",\"https:\/\/www.youtube.com\/channel\/UCGLxUPhqHfr6zp3izS5GdWg\",\"https:\/\/www.facebook.com\/em2producoes\/\"],\"logo\":{\"@type\":\"ImageObject\",\"inLanguage\":\"pt-BR\",\"@id\":\"https:\/\/www.em2producoes.com.br\/site\/#\/schema\/logo\/image\/\",\"url\":\"http:\/\/www.em2producoes.com.br\/site\/wp-content\/uploads\/2021\/05\/logotipo-big.jpg\",\"contentUrl\":\"http:\/\/www.em2producoes.com.br\/site\/wp-content\/uploads\/2021\/05\/logotipo-big.jpg\",\"width\":710,\"height\":310,\"caption\":\"EM2 Produ\u00e7\u00f5es\"},\"image\":{\"@id\":\"https:\/\/www.em2producoes.com.br\/site\/#\/schema\/logo\/image\/\"}}]}<\/script>\n<!-- \/ Yoast SEO plugin. -->","yoast_head_json":{"title":"Rodrigo Pimentel - EM2 Produ\u00e7\u00f5es","robots":{"index":"index","follow":"follow","max-snippet":"max-snippet:-1","max-image-preview":"max-image-preview:large","max-video-preview":"max-video-preview:-1"},"canonical":"https:\/\/www.em2producoes.com.br\/site\/casting\/rodrigo-pimentel\/","og_locale":"pt_BR","og_type":"article","og_title":"Rodrigo Pimentel - EM2 Produ\u00e7\u00f5es","og_description":"Foi membro da Pol\u00edcia Militar do Rio de Janeiro, de 1990 a 2001. Como capit\u00e3o, atuou no BOPE de 1995 a 2000. Em 1997, concedeu entrevista na qual relata com detalhes a sua experi\u00eancia no BOPE em opera\u00e7\u00f5es no combate ao tr\u00e1fico de drogas em morros no Rio de Janeiro e discorre a respeito da atividade policial especializada na capital.","og_url":"https:\/\/www.em2producoes.com.br\/site\/casting\/rodrigo-pimentel\/","og_site_name":"EM2 Produ\u00e7\u00f5es","article_publisher":"https:\/\/www.facebook.com\/em2producoes\/","og_image":[{"width":300,"height":300,"url":"https:\/\/www.em2producoes.com.br\/site\/wp-content\/uploads\/2019\/01\/Rodrigo-Pimentel-300x300-1.jpg","type":"image\/jpeg"}],"twitter_card":"summary_large_image","twitter_misc":{"Est. tempo de leitura":"2 minutos"},"schema":{"@context":"https:\/\/schema.org","@graph":[{"@type":"WebPage","@id":"https:\/\/www.em2producoes.com.br\/site\/casting\/rodrigo-pimentel\/","url":"https:\/\/www.em2producoes.com.br\/site\/casting\/rodrigo-pimentel\/","name":"Rodrigo Pimentel - EM2 Produ\u00e7\u00f5es","isPartOf":{"@id":"https:\/\/www.em2producoes.com.br\/site\/#website"},"datePublished":"2019-01-11T13:27:33+00:00","dateModified":"2019-01-11T13:27:33+00:00","breadcrumb":{"@id":"https:\/\/www.em2producoes.com.br\/site\/casting\/rodrigo-pimentel\/#breadcrumb"},"inLanguage":"pt-BR","potentialAction":[{"@type":"ReadAction","target":["https:\/\/www.em2producoes.com.br\/site\/casting\/rodrigo-pimentel\/"]}]},{"@type":"BreadcrumbList","@id":"https:\/\/www.em2producoes.com.br\/site\/casting\/rodrigo-pimentel\/#breadcrumb","itemListElement":[{"@type":"ListItem","position":1,"name":"In\u00edcio","item":"https:\/\/www.em2producoes.com.br\/site\/"},{"@type":"ListItem","position":2,"name":"Casting","item":"https:\/\/www.em2producoes.com.br\/site\/casting\/"},{"@type":"ListItem","position":3,"name":"Rodrigo Pimentel"}]},{"@type":"WebSite","@id":"https:\/\/www.em2producoes.com.br\/site\/#website","url":"https:\/\/www.em2producoes.com.br\/site\/","name":"EM2 Produ\u00e7\u00f5es","description":"Ativando &amp; Conectando Marcas e Talentos","publisher":{"@id":"https:\/\/www.em2producoes.com.br\/site\/#organization"},"potentialAction":[{"@type":"SearchAction","target":{"@type":"EntryPoint","urlTemplate":"https:\/\/www.em2producoes.com.br\/site\/?s={search_term_string}"},"query-input":"required name=search_term_string"}],"inLanguage":"pt-BR"},{"@type":"Organization","@id":"https:\/\/www.em2producoes.com.br\/site\/#organization","name":"EM2 Produ\u00e7\u00f5es","url":"https:\/\/www.em2producoes.com.br\/site\/","sameAs":["https:\/\/www.instagram.com\/em2producoes\/","https:\/\/www.youtube.com\/channel\/UCGLxUPhqHfr6zp3izS5GdWg","https:\/\/www.facebook.com\/em2producoes\/"],"logo":{"@type":"ImageObject","inLanguage":"pt-BR","@id":"https:\/\/www.em2producoes.com.br\/site\/#\/schema\/logo\/image\/","url":"http:\/\/www.em2producoes.com.br\/site\/wp-content\/uploads\/2021\/05\/logotipo-big.jpg","contentUrl":"http:\/\/www.em2producoes.com.br\/site\/wp-content\/uploads\/2021\/05\/logotipo-big.jpg","width":710,"height":310,"caption":"EM2 Produ\u00e7\u00f5es"},"image":{"@id":"https:\/\/www.em2producoes.com.br\/site\/#\/schema\/logo\/image\/"}}]}},"_links":{"self":[{"href":"https:\/\/www.em2producoes.com.br\/site\/wp-json\/wp\/v2\/casting\/1120"}],"collection":[{"href":"https:\/\/www.em2producoes.com.br\/site\/wp-json\/wp\/v2\/casting"}],"about":[{"href":"https:\/\/www.em2producoes.com.br\/site\/wp-json\/wp\/v2\/types\/casting"}],"author":[{"embeddable":true,"href":"https:\/\/www.em2producoes.com.br\/site\/wp-json\/wp\/v2\/users\/2"}],"version-history":[{"count":0,"href":"https:\/\/www.em2producoes.com.br\/site\/wp-json\/wp\/v2\/casting\/1120\/revisions"}],"wp:featuredmedia":[{"embeddable":true,"href":"https:\/\/www.em2producoes.com.br\/site\/wp-json\/wp\/v2\/media\/1121"}],"wp:attachment":[{"href":"https:\/\/www.em2producoes.com.br\/site\/wp-json\/wp\/v2\/media?parent=1120"}],"wp:term":[{"taxonomy":"cat_casting","embeddable":true,"href":"https:\/\/www.em2producoes.com.br\/site\/wp-json\/wp\/v2\/cat_casting?post=1120"}],"curies":[{"name":"wp","href":"https:\/\/api.w.org\/{rel}","templated":true}]}}

<p style="text-align: justify;">É pós-graduado em sociologia urbana pela UERJ. Foi articulista do Jornal do Brasil e co-produtor do documentário Ônibus 174. Ex-integrante do Bope, hoje consultor de segurança, Pimentel entrou para a polícia com 18 anos e pediu demissão aos 29 anos. Seu primeiro contato com o cinema foi durante a produção de Notícias de uma Guerra Particular. Foi durante as filmagens do documentário Ônibus 174, sobre o sequestro do ônibus 174 no Rio de Janeiro, que Pimentel comentou seu interesse de fazer uma ficção sobre a polícia do Rio, baseados em relatos de amigos e na sua própria experiência no Bope. Nascia ali a idéia do Tropa de Elite.</p>
<p style="text-align: justify;">Em 2005, com o roteiro do filme já em andamento, Pimentel escreveu o livro Elite da Tropa, em parceria com Luiz Eduardo Soares e André Batista. Após muitos acharem que o personagem principal do filme Tropa de Elite, o Capitão Nascimento, é inspirado em si mesmo, Pimentel declarou que foi um personagem criado e totalmente fictício, baseado em acontecimentos ocorridos com ele e com outros integrantes do BOPE.<br />
Hoje Rodrigo Pimentel é comentarista de segurança da Rede Globo e faz participação na TV, sempre muito requisitado para Palestras pelo Brasil, onde tem como Tema: CONSTRUINDO UMA TROPA DE ELITE<br />
Sob a Inspiração do filme “Tropa de Elite”, a palestra propõe estabelecer a relação entre a realidade do BOPE (Batalhão de Operações Especiais da PM do Rio de Janeiro), e das empresas e atividades do mundo corporativo. O foco principal da abordagem é o que está além dos processos: o compromisso com a marca (empresa): o foco no resultado; o trabalho de equipe; a superação de limites – metas; a liderança mútua; e a auto realização no cumprimento da missão-tarefa.<br />
A interação entre o público e o ex-Capitão do BOPE, Rodrigo Pimentel, um dos oficiais que serviu de inspiração para o CAPITÃO NASCIMENTO, interpretado pelo ator Wagner Moura – tem como objetivo despertar as pessoas para superar os “desafios” do ambiente competitivo de trabalho e para focar a liderança sob o aspecto dos “homens de preto” do BOPE.<br />
Atualmente realiza as Palestras em Eventos e Empresas tratando de temas como Motivação, Superação, Liderança, Formação e Trabalho em Equipe. Caso seja necessário adaptamos a Palestra e adequamos ao briefing do cliente.</p>

<p>Foi membro da Polícia Militar do Rio de Janeiro, de 1990 a 2001. Como capitão, atuou no BOPE de 1995 a 2000. Em 1997, concedeu entrevista na qual relata com detalhes a sua experiência no BOPE em operações no combate ao tráfico de drogas em morros no Rio de Janeiro e discorre a respeito da atividade policial especializada na capital.</p>

<!-- This site is optimized with the Yoast SEO plugin v19.6.1 - https://yoast.com/wordpress/plugins/seo/ -->
<title>Rodrigo Pimentel - EM2 Produções</title>
<meta name="robots" content="index, follow, max-snippet:-1, max-image-preview:large, max-video-preview:-1" />
<link rel="canonical" href="https://www.em2producoes.com.br/site/casting/rodrigo-pimentel/" />
<meta property="og:locale" content="pt_BR" />
<meta property="og:type" content="article" />
<meta property="og:title" content="Rodrigo Pimentel - EM2 Produções" />
<meta property="og:description" content="Foi membro da Polícia Militar do Rio de Janeiro, de 1990 a 2001. Como capitão, atuou no BOPE de 1995 a 2000. Em 1997, concedeu entrevista na qual relata com detalhes a sua experiência no BOPE em operações no combate ao tráfico de drogas em morros no Rio de Janeiro e discorre a respeito da atividade policial especializada na capital." />
<meta property="og:url" content="https://www.em2producoes.com.br/site/casting/rodrigo-pimentel/" />
<meta property="og:site_name" content="EM2 Produções" />
<meta property="article:publisher" content="https://www.facebook.com/em2producoes/" />
<meta property="og:image" content="https://www.em2producoes.com.br/site/wp-content/uploads/2019/01/Rodrigo-Pimentel-300x300-1.jpg" />
	<meta property="og:image:width" content="300" />
	<meta property="og:image:height" content="300" />
	<meta property="og:image:type" content="image/jpeg" />
<meta name="twitter:card" content="summary_large_image" />
<meta name="twitter:label1" content="Est. tempo de leitura" />
	<meta name="twitter:data1" content="2 minutos" />
<script type="application/ld+json" class="yoast-schema-graph">{"@context":"https://schema.org","@graph":[{"@type":"WebPage","@id":"https://www.em2producoes.com.br/site/casting/rodrigo-pimentel/","url":"https://www.em2producoes.com.br/site/casting/rodrigo-pimentel/","name":"Rodrigo Pimentel - EM2 Produções","isPartOf":{"@id":"https://www.em2producoes.com.br/site/#website"},"datePublished":"2019-01-11T13:27:33+00:00","dateModified":"2019-01-11T13:27:33+00:00","breadcrumb":{"@id":"https://www.em2producoes.com.br/site/casting/rodrigo-pimentel/#breadcrumb"},"inLanguage":"pt-BR","potentialAction":[{"@type":"ReadAction","target":["https://www.em2producoes.com.br/site/casting/rodrigo-pimentel/"]}]},{"@type":"BreadcrumbList","@id":"https://www.em2producoes.com.br/site/casting/rodrigo-pimentel/#breadcrumb","itemListElement":[{"@type":"ListItem","position":1,"name":"Início","item":"https://www.em2producoes.com.br/site/"},{"@type":"ListItem","position":2,"name":"Casting","item":"https://www.em2producoes.com.br/site/casting/"},{"@type":"ListItem","position":3,"name":"Rodrigo Pimentel"}]},{"@type":"WebSite","@id":"https://www.em2producoes.com.br/site/#website","url":"https://www.em2producoes.com.br/site/","name":"EM2 Produções","description":"Ativando &amp; Conectando Marcas e Talentos","publisher":{"@id":"https://www.em2producoes.com.br/site/#organization"},"potentialAction":[{"@type":"SearchAction","target":{"@type":"EntryPoint","urlTemplate":"https://www.em2producoes.com.br/site/?s={search_term_string}"},"query-input":"required name=search_term_string"}],"inLanguage":"pt-BR"},{"@type":"Organization","@id":"https://www.em2producoes.com.br/site/#organization","name":"EM2 Produções","url":"https://www.em2producoes.com.br/site/","sameAs":["https://www.instagram.com/em2producoes/","https://www.youtube.com/channel/UCGLxUPhqHfr6zp3izS5GdWg","https://www.facebook.com/em2producoes/"],"logo":{"@type":"ImageObject","inLanguage":"pt-BR","@id":"https://www.em2producoes.com.br/site/#/schema/logo/image/","url":"http://www.em2producoes.com.br/site/wp-content/uploads/2021/05/logotipo-big.jpg","contentUrl":"http://www.em2producoes.com.br/site/wp-content/uploads/2021/05/logotipo-big.jpg","width":710,"height":310,"caption":"EM2 Produções"},"image":{"@id":"https://www.em2producoes.com.br/site/#/schema/logo/image/"}}]}</script>
<!-- / Yoast SEO plugin. -->

Rodrigo Pimentel - EM2 Produções

Foi membro da Polícia Militar do Rio de Janeiro, de 1990 a 2001. Como capitão, atuou no BOPE de 1995 a 2000. Em 1997, concedeu entrevista na qual relata com detalhes a sua experiência no BOPE em operações no combate ao tráfico de drogas em morros no Rio de Janeiro e discorre a respeito da atividade policial especializada na capital.

EM2 Produções

Início
