{"id":1137,"date":"2019-01-15T11:52:09","date_gmt":"2019-01-15T13:52:09","guid":{"rendered":"http:\/\/em2producoes.com.br\/novo\/wordpress\/?post_type=casting&amp;p=1137"},"modified":"2019-01-15T11:52:09","modified_gmt":"2019-01-15T13:52:09","slug":"waldez-ludwig","status":"publish","type":"casting","link":"https:\/\/www.em2producoes.com.br\/site\/casting\/waldez-ludwig\/","title":{"rendered":"Waldez Ludwig"},"content":{"rendered":"<p style=\"text-align: justify;\">H\u00e1 15 anos , como consultor independente, dedica-se \u00e0 pesquisa da vanguarda em cen\u00e1rios e tend\u00eancias da gest\u00e3o das organiza\u00e7\u00f5es, especialmente em temas ligados a estrat\u00e9gias competitivas, mercado de trabalho, perfil profissional, criatividade e inova\u00e7\u00e3o, melhoria da qualidade e desenvolvimento do capital intelectual.<br \/>\nMais de 700.000 pessoas j\u00e1 o assistiram ao vivo em mais de 1.700 eventos nos quais participou como professor, consultor ou palestrante nos \u00faltimos 15 anos.<\/p>\n<p style=\"text-align: justify;\">Atualmente realiza as Palestras em Eventos e Empresas tratando de temas como Gest\u00e3o, Estrat\u00e9gias, Criatividade, Inova\u00e7\u00e3o e Lideran\u00e7a. Caso seja necess\u00e1rio adaptamos a Palestra e adequamos ao briefing do cliente.<\/p>\n","protected":false},"excerpt":{"rendered":"<p>\u00c9 professor, consultor em gest\u00e3o empresarial e palestrante. \u00c9 formado em Psicologia pela Universidade de Bras\u00edlia e em Teatro pela Funda\u00e7\u00e3o Brasileira de Teatro. Trabalhou como Analista de Sistemas durante vinte anos para \u00f3rg\u00e3os e empresas p\u00fablicas e privadas.<\/p>\n","protected":false},"author":2,"featured_media":1138,"template":"","cat_casting":[82,64],"acf":[],"yoast_head":"<!-- This site is optimized with the Yoast SEO plugin v19.6.1 - https:\/\/yoast.com\/wordpress\/plugins\/seo\/ -->\n<title>Waldez Ludwig - EM2 Produ\u00e7\u00f5es<\/title>\n<meta name=\"robots\" content=\"index, follow, max-snippet:-1, max-image-preview:large, max-video-preview:-1\" \/>\n<link rel=\"canonical\" href=\"https:\/\/www.em2producoes.com.br\/site\/casting\/waldez-ludwig\/\" \/>\n<meta property=\"og:locale\" content=\"pt_BR\" \/>\n<meta property=\"og:type\" content=\"article\" \/>\n<meta property=\"og:title\" content=\"Waldez Ludwig - EM2 Produ\u00e7\u00f5es\" \/>\n<meta property=\"og:description\" content=\"\u00c9 professor, consultor em gest\u00e3o empresarial e palestrante. \u00c9 formado em Psicologia pela Universidade de Bras\u00edlia e em Teatro pela Funda\u00e7\u00e3o Brasileira de Teatro. Trabalhou como Analista de Sistemas durante vinte anos para \u00f3rg\u00e3os e empresas p\u00fablicas e privadas.\" \/>\n<meta property=\"og:url\" content=\"https:\/\/www.em2producoes.com.br\/site\/casting\/waldez-ludwig\/\" \/>\n<meta property=\"og:site_name\" content=\"EM2 Produ\u00e7\u00f5es\" \/>\n<meta property=\"article:publisher\" content=\"https:\/\/www.facebook.com\/em2producoes\/\" \/>\n<meta property=\"og:image\" content=\"https:\/\/www.em2producoes.com.br\/site\/wp-content\/uploads\/2019\/01\/waldez.jpg\" \/>\n\t<meta property=\"og:image:width\" content=\"300\" \/>\n\t<meta property=\"og:image:height\" content=\"300\" \/>\n\t<meta property=\"og:image:type\" content=\"image\/jpeg\" \/>\n<meta name=\"twitter:card\" content=\"summary_large_image\" \/>\n<meta name=\"twitter:label1\" content=\"Est. tempo de leitura\" \/>\n\t<meta name=\"twitter:data1\" content=\"1 minuto\" \/>\n<script type=\"application\/ld+json\" class=\"yoast-schema-graph\">{\"@context\":\"https:\/\/schema.org\",\"@graph\":[{\"@type\":\"WebPage\",\"@id\":\"https:\/\/www.em2producoes.com.br\/site\/casting\/waldez-ludwig\/\",\"url\":\"https:\/\/www.em2producoes.com.br\/site\/casting\/waldez-ludwig\/\",\"name\":\"Waldez Ludwig - EM2 Produ\u00e7\u00f5es\",\"isPartOf\":{\"@id\":\"https:\/\/www.em2producoes.com.br\/site\/#website\"},\"datePublished\":\"2019-01-15T13:52:09+00:00\",\"dateModified\":\"2019-01-15T13:52:09+00:00\",\"breadcrumb\":{\"@id\":\"https:\/\/www.em2producoes.com.br\/site\/casting\/waldez-ludwig\/#breadcrumb\"},\"inLanguage\":\"pt-BR\",\"potentialAction\":[{\"@type\":\"ReadAction\",\"target\":[\"https:\/\/www.em2producoes.com.br\/site\/casting\/waldez-ludwig\/\"]}]},{\"@type\":\"BreadcrumbList\",\"@id\":\"https:\/\/www.em2producoes.com.br\/site\/casting\/waldez-ludwig\/#breadcrumb\",\"itemListElement\":[{\"@type\":\"ListItem\",\"position\":1,\"name\":\"In\u00edcio\",\"item\":\"https:\/\/www.em2producoes.com.br\/site\/\"},{\"@type\":\"ListItem\",\"position\":2,\"name\":\"Casting\",\"item\":\"https:\/\/www.em2producoes.com.br\/site\/casting\/\"},{\"@type\":\"ListItem\",\"position\":3,\"name\":\"Waldez Ludwig\"}]},{\"@type\":\"WebSite\",\"@id\":\"https:\/\/www.em2producoes.com.br\/site\/#website\",\"url\":\"https:\/\/www.em2producoes.com.br\/site\/\",\"name\":\"EM2 Produ\u00e7\u00f5es\",\"description\":\"Ativando &amp; Conectando Marcas e Talentos\",\"publisher\":{\"@id\":\"https:\/\/www.em2producoes.com.br\/site\/#organization\"},\"potentialAction\":[{\"@type\":\"SearchAction\",\"target\":{\"@type\":\"EntryPoint\",\"urlTemplate\":\"https:\/\/www.em2producoes.com.br\/site\/?s={search_term_string}\"},\"query-input\":\"required name=search_term_string\"}],\"inLanguage\":\"pt-BR\"},{\"@type\":\"Organization\",\"@id\":\"https:\/\/www.em2producoes.com.br\/site\/#organization\",\"name\":\"EM2 Produ\u00e7\u00f5es\",\"url\":\"https:\/\/www.em2producoes.com.br\/site\/\",\"sameAs\":[\"https:\/\/www.instagram.com\/em2producoes\/\",\"https:\/\/www.youtube.com\/channel\/UCGLxUPhqHfr6zp3izS5GdWg\",\"https:\/\/www.facebook.com\/em2producoes\/\"],\"logo\":{\"@type\":\"ImageObject\",\"inLanguage\":\"pt-BR\",\"@id\":\"https:\/\/www.em2producoes.com.br\/site\/#\/schema\/logo\/image\/\",\"url\":\"http:\/\/www.em2producoes.com.br\/site\/wp-content\/uploads\/2021\/05\/logotipo-big.jpg\",\"contentUrl\":\"http:\/\/www.em2producoes.com.br\/site\/wp-content\/uploads\/2021\/05\/logotipo-big.jpg\",\"width\":710,\"height\":310,\"caption\":\"EM2 Produ\u00e7\u00f5es\"},\"image\":{\"@id\":\"https:\/\/www.em2producoes.com.br\/site\/#\/schema\/logo\/image\/\"}}]}<\/script>\n<!-- \/ Yoast SEO plugin. -->","yoast_head_json":{"title":"Waldez Ludwig - EM2 Produ\u00e7\u00f5es","robots":{"index":"index","follow":"follow","max-snippet":"max-snippet:-1","max-image-preview":"max-image-preview:large","max-video-preview":"max-video-preview:-1"},"canonical":"https:\/\/www.em2producoes.com.br\/site\/casting\/waldez-ludwig\/","og_locale":"pt_BR","og_type":"article","og_title":"Waldez Ludwig - EM2 Produ\u00e7\u00f5es","og_description":"\u00c9 professor, consultor em gest\u00e3o empresarial e palestrante. \u00c9 formado em Psicologia pela Universidade de Bras\u00edlia e em Teatro pela Funda\u00e7\u00e3o Brasileira de Teatro. Trabalhou como Analista de Sistemas durante vinte anos para \u00f3rg\u00e3os e empresas p\u00fablicas e privadas.","og_url":"https:\/\/www.em2producoes.com.br\/site\/casting\/waldez-ludwig\/","og_site_name":"EM2 Produ\u00e7\u00f5es","article_publisher":"https:\/\/www.facebook.com\/em2producoes\/","og_image":[{"width":300,"height":300,"url":"https:\/\/www.em2producoes.com.br\/site\/wp-content\/uploads\/2019\/01\/waldez.jpg","type":"image\/jpeg"}],"twitter_card":"summary_large_image","twitter_misc":{"Est. tempo de leitura":"1 minuto"},"schema":{"@context":"https:\/\/schema.org","@graph":[{"@type":"WebPage","@id":"https:\/\/www.em2producoes.com.br\/site\/casting\/waldez-ludwig\/","url":"https:\/\/www.em2producoes.com.br\/site\/casting\/waldez-ludwig\/","name":"Waldez Ludwig - EM2 Produ\u00e7\u00f5es","isPartOf":{"@id":"https:\/\/www.em2producoes.com.br\/site\/#website"},"datePublished":"2019-01-15T13:52:09+00:00","dateModified":"2019-01-15T13:52:09+00:00","breadcrumb":{"@id":"https:\/\/www.em2producoes.com.br\/site\/casting\/waldez-ludwig\/#breadcrumb"},"inLanguage":"pt-BR","potentialAction":[{"@type":"ReadAction","target":["https:\/\/www.em2producoes.com.br\/site\/casting\/waldez-ludwig\/"]}]},{"@type":"BreadcrumbList","@id":"https:\/\/www.em2producoes.com.br\/site\/casting\/waldez-ludwig\/#breadcrumb","itemListElement":[{"@type":"ListItem","position":1,"name":"In\u00edcio","item":"https:\/\/www.em2producoes.com.br\/site\/"},{"@type":"ListItem","position":2,"name":"Casting","item":"https:\/\/www.em2producoes.com.br\/site\/casting\/"},{"@type":"ListItem","position":3,"name":"Waldez Ludwig"}]},{"@type":"WebSite","@id":"https:\/\/www.em2producoes.com.br\/site\/#website","url":"https:\/\/www.em2producoes.com.br\/site\/","name":"EM2 Produ\u00e7\u00f5es","description":"Ativando &amp; Conectando Marcas e Talentos","publisher":{"@id":"https:\/\/www.em2producoes.com.br\/site\/#organization"},"potentialAction":[{"@type":"SearchAction","target":{"@type":"EntryPoint","urlTemplate":"https:\/\/www.em2producoes.com.br\/site\/?s={search_term_string}"},"query-input":"required name=search_term_string"}],"inLanguage":"pt-BR"},{"@type":"Organization","@id":"https:\/\/www.em2producoes.com.br\/site\/#organization","name":"EM2 Produ\u00e7\u00f5es","url":"https:\/\/www.em2producoes.com.br\/site\/","sameAs":["https:\/\/www.instagram.com\/em2producoes\/","https:\/\/www.youtube.com\/channel\/UCGLxUPhqHfr6zp3izS5GdWg","https:\/\/www.facebook.com\/em2producoes\/"],"logo":{"@type":"ImageObject","inLanguage":"pt-BR","@id":"https:\/\/www.em2producoes.com.br\/site\/#\/schema\/logo\/image\/","url":"http:\/\/www.em2producoes.com.br\/site\/wp-content\/uploads\/2021\/05\/logotipo-big.jpg","contentUrl":"http:\/\/www.em2producoes.com.br\/site\/wp-content\/uploads\/2021\/05\/logotipo-big.jpg","width":710,"height":310,"caption":"EM2 Produ\u00e7\u00f5es"},"image":{"@id":"https:\/\/www.em2producoes.com.br\/site\/#\/schema\/logo\/image\/"}}]}},"_links":{"self":[{"href":"https:\/\/www.em2producoes.com.br\/site\/wp-json\/wp\/v2\/casting\/1137"}],"collection":[{"href":"https:\/\/www.em2producoes.com.br\/site\/wp-json\/wp\/v2\/casting"}],"about":[{"href":"https:\/\/www.em2producoes.com.br\/site\/wp-json\/wp\/v2\/types\/casting"}],"author":[{"embeddable":true,"href":"https:\/\/www.em2producoes.com.br\/site\/wp-json\/wp\/v2\/users\/2"}],"version-history":[{"count":0,"href":"https:\/\/www.em2producoes.com.br\/site\/wp-json\/wp\/v2\/casting\/1137\/revisions"}],"wp:featuredmedia":[{"embeddable":true,"href":"https:\/\/www.em2producoes.com.br\/site\/wp-json\/wp\/v2\/media\/1138"}],"wp:attachment":[{"href":"https:\/\/www.em2producoes.com.br\/site\/wp-json\/wp\/v2\/media?parent=1137"}],"wp:term":[{"taxonomy":"cat_casting","embeddable":true,"href":"https:\/\/www.em2producoes.com.br\/site\/wp-json\/wp\/v2\/cat_casting?post=1137"}],"curies":[{"name":"wp","href":"https:\/\/api.w.org\/{rel}","templated":true}]}}

<p style="text-align: justify;">Há 15 anos , como consultor independente, dedica-se à pesquisa da vanguarda em cenários e tendências da gestão das organizações, especialmente em temas ligados a estratégias competitivas, mercado de trabalho, perfil profissional, criatividade e inovação, melhoria da qualidade e desenvolvimento do capital intelectual.<br />
Mais de 700.000 pessoas já o assistiram ao vivo em mais de 1.700 eventos nos quais participou como professor, consultor ou palestrante nos últimos 15 anos.</p>
<p style="text-align: justify;">Atualmente realiza as Palestras em Eventos e Empresas tratando de temas como Gestão, Estratégias, Criatividade, Inovação e Liderança. Caso seja necessário adaptamos a Palestra e adequamos ao briefing do cliente.</p>

<p>É professor, consultor em gestão empresarial e palestrante. É formado em Psicologia pela Universidade de Brasília e em Teatro pela Fundação Brasileira de Teatro. Trabalhou como Analista de Sistemas durante vinte anos para órgãos e empresas públicas e privadas.</p>

<!-- This site is optimized with the Yoast SEO plugin v19.6.1 - https://yoast.com/wordpress/plugins/seo/ -->
<title>Waldez Ludwig - EM2 Produções</title>
<meta name="robots" content="index, follow, max-snippet:-1, max-image-preview:large, max-video-preview:-1" />
<link rel="canonical" href="https://www.em2producoes.com.br/site/casting/waldez-ludwig/" />
<meta property="og:locale" content="pt_BR" />
<meta property="og:type" content="article" />
<meta property="og:title" content="Waldez Ludwig - EM2 Produções" />
<meta property="og:description" content="É professor, consultor em gestão empresarial e palestrante. É formado em Psicologia pela Universidade de Brasília e em Teatro pela Fundação Brasileira de Teatro. Trabalhou como Analista de Sistemas durante vinte anos para órgãos e empresas públicas e privadas." />
<meta property="og:url" content="https://www.em2producoes.com.br/site/casting/waldez-ludwig/" />
<meta property="og:site_name" content="EM2 Produções" />
<meta property="article:publisher" content="https://www.facebook.com/em2producoes/" />
<meta property="og:image" content="https://www.em2producoes.com.br/site/wp-content/uploads/2019/01/waldez.jpg" />
	<meta property="og:image:width" content="300" />
	<meta property="og:image:height" content="300" />
	<meta property="og:image:type" content="image/jpeg" />
<meta name="twitter:card" content="summary_large_image" />
<meta name="twitter:label1" content="Est. tempo de leitura" />
	<meta name="twitter:data1" content="1 minuto" />
<script type="application/ld+json" class="yoast-schema-graph">{"@context":"https://schema.org","@graph":[{"@type":"WebPage","@id":"https://www.em2producoes.com.br/site/casting/waldez-ludwig/","url":"https://www.em2producoes.com.br/site/casting/waldez-ludwig/","name":"Waldez Ludwig - EM2 Produções","isPartOf":{"@id":"https://www.em2producoes.com.br/site/#website"},"datePublished":"2019-01-15T13:52:09+00:00","dateModified":"2019-01-15T13:52:09+00:00","breadcrumb":{"@id":"https://www.em2producoes.com.br/site/casting/waldez-ludwig/#breadcrumb"},"inLanguage":"pt-BR","potentialAction":[{"@type":"ReadAction","target":["https://www.em2producoes.com.br/site/casting/waldez-ludwig/"]}]},{"@type":"BreadcrumbList","@id":"https://www.em2producoes.com.br/site/casting/waldez-ludwig/#breadcrumb","itemListElement":[{"@type":"ListItem","position":1,"name":"Início","item":"https://www.em2producoes.com.br/site/"},{"@type":"ListItem","position":2,"name":"Casting","item":"https://www.em2producoes.com.br/site/casting/"},{"@type":"ListItem","position":3,"name":"Waldez Ludwig"}]},{"@type":"WebSite","@id":"https://www.em2producoes.com.br/site/#website","url":"https://www.em2producoes.com.br/site/","name":"EM2 Produções","description":"Ativando &amp; Conectando Marcas e Talentos","publisher":{"@id":"https://www.em2producoes.com.br/site/#organization"},"potentialAction":[{"@type":"SearchAction","target":{"@type":"EntryPoint","urlTemplate":"https://www.em2producoes.com.br/site/?s={search_term_string}"},"query-input":"required name=search_term_string"}],"inLanguage":"pt-BR"},{"@type":"Organization","@id":"https://www.em2producoes.com.br/site/#organization","name":"EM2 Produções","url":"https://www.em2producoes.com.br/site/","sameAs":["https://www.instagram.com/em2producoes/","https://www.youtube.com/channel/UCGLxUPhqHfr6zp3izS5GdWg","https://www.facebook.com/em2producoes/"],"logo":{"@type":"ImageObject","inLanguage":"pt-BR","@id":"https://www.em2producoes.com.br/site/#/schema/logo/image/","url":"http://www.em2producoes.com.br/site/wp-content/uploads/2021/05/logotipo-big.jpg","contentUrl":"http://www.em2producoes.com.br/site/wp-content/uploads/2021/05/logotipo-big.jpg","width":710,"height":310,"caption":"EM2 Produções"},"image":{"@id":"https://www.em2producoes.com.br/site/#/schema/logo/image/"}}]}</script>
<!-- / Yoast SEO plugin. -->

Waldez Ludwig - EM2 Produções

É professor, consultor em gestão empresarial e palestrante. É formado em Psicologia pela Universidade de Brasília e em Teatro pela Fundação Brasileira de Teatro. Trabalhou como Analista de Sistemas durante vinte anos para órgãos e empresas públicas e privadas.

EM2 Produções

Início
