{"id":1157,"date":"2019-01-15T14:49:03","date_gmt":"2019-01-15T16:49:03","guid":{"rendered":"http:\/\/em2producoes.com.br\/novo\/wordpress\/?post_type=casting&amp;p=1157"},"modified":"2019-01-15T14:49:03","modified_gmt":"2019-01-15T16:49:03","slug":"fernando-ventura","status":"publish","type":"casting","link":"https:\/\/www.em2producoes.com.br\/site\/casting\/fernando-ventura\/","title":{"rendered":"Fernando Ventura"},"content":{"rendered":"<p>Autor do livro \u201cAuto-Hipnose: O Caminho da mudan\u00e7a\u201d \u00e9 Diretor-Presidente das empresas \u201cFernando Ventura \u2013 Treinamentos Corporativos com M\u00e1gica &amp; Hipnose\u201d e \u201cFernando Ventura &#8211; Ilusionismo Corporativo\u201d.<br \/>\nElabora treinamentos corporativos desde 2005 utilizando m\u00e1gica e hipnose como facilitadores para transmitir informa\u00e7\u00f5es. Ministra Palestras, Workshops, Treinamentos Vivenciais e Team Building com os temas de motiva\u00e7\u00e3o, lideran\u00e7a, criatividade, trabalho em equipe, relacionamento pessoal, empreendedorismo, entre outros, adaptando-os conforme as necessidades espec\u00edficas de cada cliente.<\/p>\n","protected":false},"excerpt":{"rendered":"<p>Fernando Ventura \u00e9 formado pelo IFT (Instituto de Forma\u00e7\u00e3o de Treinadores) como Treinador Comportamental, forma\u00e7\u00e3o de Practitioner em Programa\u00e7\u00e3o Neurolingu\u00edstica pelo IDEP (Instituto de Desenvolvimento Pessoal e Profissional), Hipn\u00f3logo Cl\u00e1ssico pelo Instituto de Auto-ajuda e Ci\u00eancias Mentais e Hipnose Cl\u00ednica com certifica\u00e7\u00e3o Internacional pela International Hypnosis Association. Em 2011 conquistou a certifica\u00e7\u00e3o internacional para aplica\u00e7\u00e3o do MBTI (Myers-Briggs Type Indicator).<\/p>\n","protected":false},"author":2,"featured_media":1158,"template":"","cat_casting":[88,74,63,64],"acf":[],"yoast_head":"<!-- This site is optimized with the Yoast SEO plugin v19.6.1 - https:\/\/yoast.com\/wordpress\/plugins\/seo\/ -->\n<title>Fernando Ventura - EM2 Produ\u00e7\u00f5es<\/title>\n<meta name=\"robots\" content=\"index, follow, max-snippet:-1, max-image-preview:large, max-video-preview:-1\" \/>\n<link rel=\"canonical\" href=\"https:\/\/www.em2producoes.com.br\/site\/casting\/fernando-ventura\/\" \/>\n<meta property=\"og:locale\" content=\"pt_BR\" \/>\n<meta property=\"og:type\" content=\"article\" \/>\n<meta property=\"og:title\" content=\"Fernando Ventura - EM2 Produ\u00e7\u00f5es\" \/>\n<meta property=\"og:description\" content=\"Fernando Ventura \u00e9 formado pelo IFT (Instituto de Forma\u00e7\u00e3o de Treinadores) como Treinador Comportamental, forma\u00e7\u00e3o de Practitioner em Programa\u00e7\u00e3o Neurolingu\u00edstica pelo IDEP (Instituto de Desenvolvimento Pessoal e Profissional), Hipn\u00f3logo Cl\u00e1ssico pelo Instituto de Auto-ajuda e Ci\u00eancias Mentais e Hipnose Cl\u00ednica com certifica\u00e7\u00e3o Internacional pela International Hypnosis Association. Em 2011 conquistou a certifica\u00e7\u00e3o internacional para aplica\u00e7\u00e3o do MBTI (Myers-Briggs Type Indicator).\" \/>\n<meta property=\"og:url\" content=\"https:\/\/www.em2producoes.com.br\/site\/casting\/fernando-ventura\/\" \/>\n<meta property=\"og:site_name\" content=\"EM2 Produ\u00e7\u00f5es\" \/>\n<meta property=\"article:publisher\" content=\"https:\/\/www.facebook.com\/em2producoes\/\" \/>\n<meta property=\"og:image\" content=\"https:\/\/www.em2producoes.com.br\/site\/wp-content\/uploads\/2019\/01\/FernandoVentura-298x400-1.png\" \/>\n\t<meta property=\"og:image:width\" content=\"300\" \/>\n\t<meta property=\"og:image:height\" content=\"300\" \/>\n\t<meta property=\"og:image:type\" content=\"image\/png\" \/>\n<meta name=\"twitter:card\" content=\"summary_large_image\" \/>\n<script type=\"application\/ld+json\" class=\"yoast-schema-graph\">{\"@context\":\"https:\/\/schema.org\",\"@graph\":[{\"@type\":\"WebPage\",\"@id\":\"https:\/\/www.em2producoes.com.br\/site\/casting\/fernando-ventura\/\",\"url\":\"https:\/\/www.em2producoes.com.br\/site\/casting\/fernando-ventura\/\",\"name\":\"Fernando Ventura - EM2 Produ\u00e7\u00f5es\",\"isPartOf\":{\"@id\":\"https:\/\/www.em2producoes.com.br\/site\/#website\"},\"datePublished\":\"2019-01-15T16:49:03+00:00\",\"dateModified\":\"2019-01-15T16:49:03+00:00\",\"breadcrumb\":{\"@id\":\"https:\/\/www.em2producoes.com.br\/site\/casting\/fernando-ventura\/#breadcrumb\"},\"inLanguage\":\"pt-BR\",\"potentialAction\":[{\"@type\":\"ReadAction\",\"target\":[\"https:\/\/www.em2producoes.com.br\/site\/casting\/fernando-ventura\/\"]}]},{\"@type\":\"BreadcrumbList\",\"@id\":\"https:\/\/www.em2producoes.com.br\/site\/casting\/fernando-ventura\/#breadcrumb\",\"itemListElement\":[{\"@type\":\"ListItem\",\"position\":1,\"name\":\"In\u00edcio\",\"item\":\"https:\/\/www.em2producoes.com.br\/site\/\"},{\"@type\":\"ListItem\",\"position\":2,\"name\":\"Casting\",\"item\":\"https:\/\/www.em2producoes.com.br\/site\/casting\/\"},{\"@type\":\"ListItem\",\"position\":3,\"name\":\"Fernando Ventura\"}]},{\"@type\":\"WebSite\",\"@id\":\"https:\/\/www.em2producoes.com.br\/site\/#website\",\"url\":\"https:\/\/www.em2producoes.com.br\/site\/\",\"name\":\"EM2 Produ\u00e7\u00f5es\",\"description\":\"Ativando &amp; Conectando Marcas e Talentos\",\"publisher\":{\"@id\":\"https:\/\/www.em2producoes.com.br\/site\/#organization\"},\"potentialAction\":[{\"@type\":\"SearchAction\",\"target\":{\"@type\":\"EntryPoint\",\"urlTemplate\":\"https:\/\/www.em2producoes.com.br\/site\/?s={search_term_string}\"},\"query-input\":\"required name=search_term_string\"}],\"inLanguage\":\"pt-BR\"},{\"@type\":\"Organization\",\"@id\":\"https:\/\/www.em2producoes.com.br\/site\/#organization\",\"name\":\"EM2 Produ\u00e7\u00f5es\",\"url\":\"https:\/\/www.em2producoes.com.br\/site\/\",\"sameAs\":[\"https:\/\/www.instagram.com\/em2producoes\/\",\"https:\/\/www.youtube.com\/channel\/UCGLxUPhqHfr6zp3izS5GdWg\",\"https:\/\/www.facebook.com\/em2producoes\/\"],\"logo\":{\"@type\":\"ImageObject\",\"inLanguage\":\"pt-BR\",\"@id\":\"https:\/\/www.em2producoes.com.br\/site\/#\/schema\/logo\/image\/\",\"url\":\"http:\/\/www.em2producoes.com.br\/site\/wp-content\/uploads\/2021\/05\/logotipo-big.jpg\",\"contentUrl\":\"http:\/\/www.em2producoes.com.br\/site\/wp-content\/uploads\/2021\/05\/logotipo-big.jpg\",\"width\":710,\"height\":310,\"caption\":\"EM2 Produ\u00e7\u00f5es\"},\"image\":{\"@id\":\"https:\/\/www.em2producoes.com.br\/site\/#\/schema\/logo\/image\/\"}}]}<\/script>\n<!-- \/ Yoast SEO plugin. -->","yoast_head_json":{"title":"Fernando Ventura - EM2 Produ\u00e7\u00f5es","robots":{"index":"index","follow":"follow","max-snippet":"max-snippet:-1","max-image-preview":"max-image-preview:large","max-video-preview":"max-video-preview:-1"},"canonical":"https:\/\/www.em2producoes.com.br\/site\/casting\/fernando-ventura\/","og_locale":"pt_BR","og_type":"article","og_title":"Fernando Ventura - EM2 Produ\u00e7\u00f5es","og_description":"Fernando Ventura \u00e9 formado pelo IFT (Instituto de Forma\u00e7\u00e3o de Treinadores) como Treinador Comportamental, forma\u00e7\u00e3o de Practitioner em Programa\u00e7\u00e3o Neurolingu\u00edstica pelo IDEP (Instituto de Desenvolvimento Pessoal e Profissional), Hipn\u00f3logo Cl\u00e1ssico pelo Instituto de Auto-ajuda e Ci\u00eancias Mentais e Hipnose Cl\u00ednica com certifica\u00e7\u00e3o Internacional pela International Hypnosis Association. Em 2011 conquistou a certifica\u00e7\u00e3o internacional para aplica\u00e7\u00e3o do MBTI (Myers-Briggs Type Indicator).","og_url":"https:\/\/www.em2producoes.com.br\/site\/casting\/fernando-ventura\/","og_site_name":"EM2 Produ\u00e7\u00f5es","article_publisher":"https:\/\/www.facebook.com\/em2producoes\/","og_image":[{"width":300,"height":300,"url":"https:\/\/www.em2producoes.com.br\/site\/wp-content\/uploads\/2019\/01\/FernandoVentura-298x400-1.png","type":"image\/png"}],"twitter_card":"summary_large_image","schema":{"@context":"https:\/\/schema.org","@graph":[{"@type":"WebPage","@id":"https:\/\/www.em2producoes.com.br\/site\/casting\/fernando-ventura\/","url":"https:\/\/www.em2producoes.com.br\/site\/casting\/fernando-ventura\/","name":"Fernando Ventura - EM2 Produ\u00e7\u00f5es","isPartOf":{"@id":"https:\/\/www.em2producoes.com.br\/site\/#website"},"datePublished":"2019-01-15T16:49:03+00:00","dateModified":"2019-01-15T16:49:03+00:00","breadcrumb":{"@id":"https:\/\/www.em2producoes.com.br\/site\/casting\/fernando-ventura\/#breadcrumb"},"inLanguage":"pt-BR","potentialAction":[{"@type":"ReadAction","target":["https:\/\/www.em2producoes.com.br\/site\/casting\/fernando-ventura\/"]}]},{"@type":"BreadcrumbList","@id":"https:\/\/www.em2producoes.com.br\/site\/casting\/fernando-ventura\/#breadcrumb","itemListElement":[{"@type":"ListItem","position":1,"name":"In\u00edcio","item":"https:\/\/www.em2producoes.com.br\/site\/"},{"@type":"ListItem","position":2,"name":"Casting","item":"https:\/\/www.em2producoes.com.br\/site\/casting\/"},{"@type":"ListItem","position":3,"name":"Fernando Ventura"}]},{"@type":"WebSite","@id":"https:\/\/www.em2producoes.com.br\/site\/#website","url":"https:\/\/www.em2producoes.com.br\/site\/","name":"EM2 Produ\u00e7\u00f5es","description":"Ativando &amp; Conectando Marcas e Talentos","publisher":{"@id":"https:\/\/www.em2producoes.com.br\/site\/#organization"},"potentialAction":[{"@type":"SearchAction","target":{"@type":"EntryPoint","urlTemplate":"https:\/\/www.em2producoes.com.br\/site\/?s={search_term_string}"},"query-input":"required name=search_term_string"}],"inLanguage":"pt-BR"},{"@type":"Organization","@id":"https:\/\/www.em2producoes.com.br\/site\/#organization","name":"EM2 Produ\u00e7\u00f5es","url":"https:\/\/www.em2producoes.com.br\/site\/","sameAs":["https:\/\/www.instagram.com\/em2producoes\/","https:\/\/www.youtube.com\/channel\/UCGLxUPhqHfr6zp3izS5GdWg","https:\/\/www.facebook.com\/em2producoes\/"],"logo":{"@type":"ImageObject","inLanguage":"pt-BR","@id":"https:\/\/www.em2producoes.com.br\/site\/#\/schema\/logo\/image\/","url":"http:\/\/www.em2producoes.com.br\/site\/wp-content\/uploads\/2021\/05\/logotipo-big.jpg","contentUrl":"http:\/\/www.em2producoes.com.br\/site\/wp-content\/uploads\/2021\/05\/logotipo-big.jpg","width":710,"height":310,"caption":"EM2 Produ\u00e7\u00f5es"},"image":{"@id":"https:\/\/www.em2producoes.com.br\/site\/#\/schema\/logo\/image\/"}}]}},"_links":{"self":[{"href":"https:\/\/www.em2producoes.com.br\/site\/wp-json\/wp\/v2\/casting\/1157"}],"collection":[{"href":"https:\/\/www.em2producoes.com.br\/site\/wp-json\/wp\/v2\/casting"}],"about":[{"href":"https:\/\/www.em2producoes.com.br\/site\/wp-json\/wp\/v2\/types\/casting"}],"author":[{"embeddable":true,"href":"https:\/\/www.em2producoes.com.br\/site\/wp-json\/wp\/v2\/users\/2"}],"version-history":[{"count":0,"href":"https:\/\/www.em2producoes.com.br\/site\/wp-json\/wp\/v2\/casting\/1157\/revisions"}],"wp:featuredmedia":[{"embeddable":true,"href":"https:\/\/www.em2producoes.com.br\/site\/wp-json\/wp\/v2\/media\/1158"}],"wp:attachment":[{"href":"https:\/\/www.em2producoes.com.br\/site\/wp-json\/wp\/v2\/media?parent=1157"}],"wp:term":[{"taxonomy":"cat_casting","embeddable":true,"href":"https:\/\/www.em2producoes.com.br\/site\/wp-json\/wp\/v2\/cat_casting?post=1157"}],"curies":[{"name":"wp","href":"https:\/\/api.w.org\/{rel}","templated":true}]}}

<p>Autor do livro “Auto-Hipnose: O Caminho da mudança” é Diretor-Presidente das empresas “Fernando Ventura – Treinamentos Corporativos com Mágica &amp; Hipnose” e “Fernando Ventura &#8211; Ilusionismo Corporativo”.<br />
Elabora treinamentos corporativos desde 2005 utilizando mágica e hipnose como facilitadores para transmitir informações. Ministra Palestras, Workshops, Treinamentos Vivenciais e Team Building com os temas de motivação, liderança, criatividade, trabalho em equipe, relacionamento pessoal, empreendedorismo, entre outros, adaptando-os conforme as necessidades específicas de cada cliente.</p>

<p>Fernando Ventura é formado pelo IFT (Instituto de Formação de Treinadores) como Treinador Comportamental, formação de Practitioner em Programação Neurolinguística pelo IDEP (Instituto de Desenvolvimento Pessoal e Profissional), Hipnólogo Clássico pelo Instituto de Auto-ajuda e Ciências Mentais e Hipnose Clínica com certificação Internacional pela International Hypnosis Association. Em 2011 conquistou a certificação internacional para aplicação do MBTI (Myers-Briggs Type Indicator).</p>

<!-- This site is optimized with the Yoast SEO plugin v19.6.1 - https://yoast.com/wordpress/plugins/seo/ -->
<title>Fernando Ventura - EM2 Produções</title>
<meta name="robots" content="index, follow, max-snippet:-1, max-image-preview:large, max-video-preview:-1" />
<link rel="canonical" href="https://www.em2producoes.com.br/site/casting/fernando-ventura/" />
<meta property="og:locale" content="pt_BR" />
<meta property="og:type" content="article" />
<meta property="og:title" content="Fernando Ventura - EM2 Produções" />
<meta property="og:description" content="Fernando Ventura é formado pelo IFT (Instituto de Formação de Treinadores) como Treinador Comportamental, formação de Practitioner em Programação Neurolinguística pelo IDEP (Instituto de Desenvolvimento Pessoal e Profissional), Hipnólogo Clássico pelo Instituto de Auto-ajuda e Ciências Mentais e Hipnose Clínica com certificação Internacional pela International Hypnosis Association. Em 2011 conquistou a certificação internacional para aplicação do MBTI (Myers-Briggs Type Indicator)." />
<meta property="og:url" content="https://www.em2producoes.com.br/site/casting/fernando-ventura/" />
<meta property="og:site_name" content="EM2 Produções" />
<meta property="article:publisher" content="https://www.facebook.com/em2producoes/" />
<meta property="og:image" content="https://www.em2producoes.com.br/site/wp-content/uploads/2019/01/FernandoVentura-298x400-1.png" />
	<meta property="og:image:width" content="300" />
	<meta property="og:image:height" content="300" />
	<meta property="og:image:type" content="image/png" />
<meta name="twitter:card" content="summary_large_image" />
<script type="application/ld+json" class="yoast-schema-graph">{"@context":"https://schema.org","@graph":[{"@type":"WebPage","@id":"https://www.em2producoes.com.br/site/casting/fernando-ventura/","url":"https://www.em2producoes.com.br/site/casting/fernando-ventura/","name":"Fernando Ventura - EM2 Produções","isPartOf":{"@id":"https://www.em2producoes.com.br/site/#website"},"datePublished":"2019-01-15T16:49:03+00:00","dateModified":"2019-01-15T16:49:03+00:00","breadcrumb":{"@id":"https://www.em2producoes.com.br/site/casting/fernando-ventura/#breadcrumb"},"inLanguage":"pt-BR","potentialAction":[{"@type":"ReadAction","target":["https://www.em2producoes.com.br/site/casting/fernando-ventura/"]}]},{"@type":"BreadcrumbList","@id":"https://www.em2producoes.com.br/site/casting/fernando-ventura/#breadcrumb","itemListElement":[{"@type":"ListItem","position":1,"name":"Início","item":"https://www.em2producoes.com.br/site/"},{"@type":"ListItem","position":2,"name":"Casting","item":"https://www.em2producoes.com.br/site/casting/"},{"@type":"ListItem","position":3,"name":"Fernando Ventura"}]},{"@type":"WebSite","@id":"https://www.em2producoes.com.br/site/#website","url":"https://www.em2producoes.com.br/site/","name":"EM2 Produções","description":"Ativando &amp; Conectando Marcas e Talentos","publisher":{"@id":"https://www.em2producoes.com.br/site/#organization"},"potentialAction":[{"@type":"SearchAction","target":{"@type":"EntryPoint","urlTemplate":"https://www.em2producoes.com.br/site/?s={search_term_string}"},"query-input":"required name=search_term_string"}],"inLanguage":"pt-BR"},{"@type":"Organization","@id":"https://www.em2producoes.com.br/site/#organization","name":"EM2 Produções","url":"https://www.em2producoes.com.br/site/","sameAs":["https://www.instagram.com/em2producoes/","https://www.youtube.com/channel/UCGLxUPhqHfr6zp3izS5GdWg","https://www.facebook.com/em2producoes/"],"logo":{"@type":"ImageObject","inLanguage":"pt-BR","@id":"https://www.em2producoes.com.br/site/#/schema/logo/image/","url":"http://www.em2producoes.com.br/site/wp-content/uploads/2021/05/logotipo-big.jpg","contentUrl":"http://www.em2producoes.com.br/site/wp-content/uploads/2021/05/logotipo-big.jpg","width":710,"height":310,"caption":"EM2 Produções"},"image":{"@id":"https://www.em2producoes.com.br/site/#/schema/logo/image/"}}]}</script>
<!-- / Yoast SEO plugin. -->

Fernando Ventura - EM2 Produções

Fernando Ventura é formado pelo IFT (Instituto de Formação de Treinadores) como Treinador Comportamental, formação de Practitioner em Programação Neurolinguística pelo IDEP (Instituto de Desenvolvimento Pessoal e Profissional), Hipnólogo Clássico pelo Instituto de Auto-ajuda e Ciências Mentais e Hipnose Clínica com certificação Internacional pela International Hypnosis Association. Em 2011 conquistou a certificação internacional para aplicação do MBTI (Myers-Briggs Type Indicator).

EM2 Produções

Início
