{"id":1186,"date":"2019-01-17T09:49:27","date_gmt":"2019-01-17T11:49:27","guid":{"rendered":"http:\/\/em2producoes.com.br\/novo\/wordpress\/?post_type=casting&amp;p=1186"},"modified":"2019-01-17T09:49:27","modified_gmt":"2019-01-17T11:49:27","slug":"claudio-de-moura-e-castro","status":"publish","type":"casting","link":"https:\/\/www.em2producoes.com.br\/site\/casting\/claudio-de-moura-e-castro\/","title":{"rendered":"Claudio de Moura e Castro"},"content":{"rendered":"<p style=\"text-align: justify;\">Trabalhou no Banco Mundial e no Banco Interamericano de Desenvolvimento, presidiu a CAPES de 1979 a 1982, foi secret\u00e1rio-executivo do Centro Nacional de Recursos Humanos de 1982 a 1985 e t\u00e9cnico do Instituto de Pesquisa Econ\u00f4mica Aplicada de 1970 a 1985,2 e atualmente preside o Conselho Consultivo da Faculdade Pit\u00e1goras.<br \/>\nTem uma coluna quinzenal na revista Veja desde setembro de 1996, e \u00e9 um respeitado especialista em educa\u00e7\u00e3o no Brasil. No entanto, suas declara\u00e7\u00f5es afirmando que deveria ser dado um b\u00f4nus para que &#8220;caboclinhas de Pernambuco e do Cear\u00e1&#8221; casem com engenheiros estrangeiros resultou em muita pol\u00eamica e em uma carta de rep\u00fadio por parte das entidades e movimentos da sociedade civil brasileira.<\/p>\n<p style=\"text-align: justify;\">Atualmente realiza as Palestras em Eventos Empresas tratando de temas com foco em Econ\u00f4mia, Educa\u00e7\u00e3o e Pol\u00edtica. Caso seja necess\u00e1rio adaptamos a Palestra e adequamos ao briefing do cliente.<\/p>\n","protected":false},"excerpt":{"rendered":"<p>Claudio de Moura Castro \u00e9 um economista brasileiro. \u00c9 graduado em Economia pela Universidade Federal de Minas Gerais, mestre pela Universidade Yale e doutor pela Universidade Vanderbilt. Castro foi professor da Pontif\u00edcia Universidade Cat\u00f3lica do Rio de Janeiro, da Funda\u00e7\u00e3o Get\u00falio Vargas, da Universidade de Chicago, da Universidade de Bras\u00edlia, da Universidade de Genebra e da Universidade da Borgonha. <\/p>\n","protected":false},"author":2,"featured_media":1187,"template":"","cat_casting":[67,64],"acf":[],"yoast_head":"<!-- This site is optimized with the Yoast SEO plugin v19.6.1 - https:\/\/yoast.com\/wordpress\/plugins\/seo\/ -->\n<title>Claudio de Moura e Castro - EM2 Produ\u00e7\u00f5es<\/title>\n<meta name=\"robots\" content=\"index, follow, max-snippet:-1, max-image-preview:large, max-video-preview:-1\" \/>\n<link rel=\"canonical\" href=\"https:\/\/www.em2producoes.com.br\/site\/casting\/claudio-de-moura-e-castro\/\" \/>\n<meta property=\"og:locale\" content=\"pt_BR\" \/>\n<meta property=\"og:type\" content=\"article\" \/>\n<meta property=\"og:title\" content=\"Claudio de Moura e Castro - EM2 Produ\u00e7\u00f5es\" \/>\n<meta property=\"og:description\" content=\"Claudio de Moura Castro \u00e9 um economista brasileiro. \u00c9 graduado em Economia pela Universidade Federal de Minas Gerais, mestre pela Universidade Yale e doutor pela Universidade Vanderbilt. Castro foi professor da Pontif\u00edcia Universidade Cat\u00f3lica do Rio de Janeiro, da Funda\u00e7\u00e3o Get\u00falio Vargas, da Universidade de Chicago, da Universidade de Bras\u00edlia, da Universidade de Genebra e da Universidade da Borgonha.\" \/>\n<meta property=\"og:url\" content=\"https:\/\/www.em2producoes.com.br\/site\/casting\/claudio-de-moura-e-castro\/\" \/>\n<meta property=\"og:site_name\" content=\"EM2 Produ\u00e7\u00f5es\" \/>\n<meta property=\"article:publisher\" content=\"https:\/\/www.facebook.com\/em2producoes\/\" \/>\n<meta property=\"og:image\" content=\"https:\/\/www.em2producoes.com.br\/site\/wp-content\/uploads\/2019\/01\/claudiodemoura.jpeg\" \/>\n\t<meta property=\"og:image:width\" content=\"300\" \/>\n\t<meta property=\"og:image:height\" content=\"300\" \/>\n\t<meta property=\"og:image:type\" content=\"image\/jpeg\" \/>\n<meta name=\"twitter:card\" content=\"summary_large_image\" \/>\n<meta name=\"twitter:label1\" content=\"Est. tempo de leitura\" \/>\n\t<meta name=\"twitter:data1\" content=\"1 minuto\" \/>\n<script type=\"application\/ld+json\" class=\"yoast-schema-graph\">{\"@context\":\"https:\/\/schema.org\",\"@graph\":[{\"@type\":\"WebPage\",\"@id\":\"https:\/\/www.em2producoes.com.br\/site\/casting\/claudio-de-moura-e-castro\/\",\"url\":\"https:\/\/www.em2producoes.com.br\/site\/casting\/claudio-de-moura-e-castro\/\",\"name\":\"Claudio de Moura e Castro - EM2 Produ\u00e7\u00f5es\",\"isPartOf\":{\"@id\":\"https:\/\/www.em2producoes.com.br\/site\/#website\"},\"datePublished\":\"2019-01-17T11:49:27+00:00\",\"dateModified\":\"2019-01-17T11:49:27+00:00\",\"breadcrumb\":{\"@id\":\"https:\/\/www.em2producoes.com.br\/site\/casting\/claudio-de-moura-e-castro\/#breadcrumb\"},\"inLanguage\":\"pt-BR\",\"potentialAction\":[{\"@type\":\"ReadAction\",\"target\":[\"https:\/\/www.em2producoes.com.br\/site\/casting\/claudio-de-moura-e-castro\/\"]}]},{\"@type\":\"BreadcrumbList\",\"@id\":\"https:\/\/www.em2producoes.com.br\/site\/casting\/claudio-de-moura-e-castro\/#breadcrumb\",\"itemListElement\":[{\"@type\":\"ListItem\",\"position\":1,\"name\":\"In\u00edcio\",\"item\":\"https:\/\/www.em2producoes.com.br\/site\/\"},{\"@type\":\"ListItem\",\"position\":2,\"name\":\"Casting\",\"item\":\"https:\/\/www.em2producoes.com.br\/site\/casting\/\"},{\"@type\":\"ListItem\",\"position\":3,\"name\":\"Claudio de Moura e Castro\"}]},{\"@type\":\"WebSite\",\"@id\":\"https:\/\/www.em2producoes.com.br\/site\/#website\",\"url\":\"https:\/\/www.em2producoes.com.br\/site\/\",\"name\":\"EM2 Produ\u00e7\u00f5es\",\"description\":\"Ativando &amp; Conectando Marcas e Talentos\",\"publisher\":{\"@id\":\"https:\/\/www.em2producoes.com.br\/site\/#organization\"},\"potentialAction\":[{\"@type\":\"SearchAction\",\"target\":{\"@type\":\"EntryPoint\",\"urlTemplate\":\"https:\/\/www.em2producoes.com.br\/site\/?s={search_term_string}\"},\"query-input\":\"required name=search_term_string\"}],\"inLanguage\":\"pt-BR\"},{\"@type\":\"Organization\",\"@id\":\"https:\/\/www.em2producoes.com.br\/site\/#organization\",\"name\":\"EM2 Produ\u00e7\u00f5es\",\"url\":\"https:\/\/www.em2producoes.com.br\/site\/\",\"sameAs\":[\"https:\/\/www.instagram.com\/em2producoes\/\",\"https:\/\/www.youtube.com\/channel\/UCGLxUPhqHfr6zp3izS5GdWg\",\"https:\/\/www.facebook.com\/em2producoes\/\"],\"logo\":{\"@type\":\"ImageObject\",\"inLanguage\":\"pt-BR\",\"@id\":\"https:\/\/www.em2producoes.com.br\/site\/#\/schema\/logo\/image\/\",\"url\":\"http:\/\/www.em2producoes.com.br\/site\/wp-content\/uploads\/2021\/05\/logotipo-big.jpg\",\"contentUrl\":\"http:\/\/www.em2producoes.com.br\/site\/wp-content\/uploads\/2021\/05\/logotipo-big.jpg\",\"width\":710,\"height\":310,\"caption\":\"EM2 Produ\u00e7\u00f5es\"},\"image\":{\"@id\":\"https:\/\/www.em2producoes.com.br\/site\/#\/schema\/logo\/image\/\"}}]}<\/script>\n<!-- \/ Yoast SEO plugin. -->","yoast_head_json":{"title":"Claudio de Moura e Castro - EM2 Produ\u00e7\u00f5es","robots":{"index":"index","follow":"follow","max-snippet":"max-snippet:-1","max-image-preview":"max-image-preview:large","max-video-preview":"max-video-preview:-1"},"canonical":"https:\/\/www.em2producoes.com.br\/site\/casting\/claudio-de-moura-e-castro\/","og_locale":"pt_BR","og_type":"article","og_title":"Claudio de Moura e Castro - EM2 Produ\u00e7\u00f5es","og_description":"Claudio de Moura Castro \u00e9 um economista brasileiro. \u00c9 graduado em Economia pela Universidade Federal de Minas Gerais, mestre pela Universidade Yale e doutor pela Universidade Vanderbilt. Castro foi professor da Pontif\u00edcia Universidade Cat\u00f3lica do Rio de Janeiro, da Funda\u00e7\u00e3o Get\u00falio Vargas, da Universidade de Chicago, da Universidade de Bras\u00edlia, da Universidade de Genebra e da Universidade da Borgonha.","og_url":"https:\/\/www.em2producoes.com.br\/site\/casting\/claudio-de-moura-e-castro\/","og_site_name":"EM2 Produ\u00e7\u00f5es","article_publisher":"https:\/\/www.facebook.com\/em2producoes\/","og_image":[{"width":300,"height":300,"url":"https:\/\/www.em2producoes.com.br\/site\/wp-content\/uploads\/2019\/01\/claudiodemoura.jpeg","type":"image\/jpeg"}],"twitter_card":"summary_large_image","twitter_misc":{"Est. tempo de leitura":"1 minuto"},"schema":{"@context":"https:\/\/schema.org","@graph":[{"@type":"WebPage","@id":"https:\/\/www.em2producoes.com.br\/site\/casting\/claudio-de-moura-e-castro\/","url":"https:\/\/www.em2producoes.com.br\/site\/casting\/claudio-de-moura-e-castro\/","name":"Claudio de Moura e Castro - EM2 Produ\u00e7\u00f5es","isPartOf":{"@id":"https:\/\/www.em2producoes.com.br\/site\/#website"},"datePublished":"2019-01-17T11:49:27+00:00","dateModified":"2019-01-17T11:49:27+00:00","breadcrumb":{"@id":"https:\/\/www.em2producoes.com.br\/site\/casting\/claudio-de-moura-e-castro\/#breadcrumb"},"inLanguage":"pt-BR","potentialAction":[{"@type":"ReadAction","target":["https:\/\/www.em2producoes.com.br\/site\/casting\/claudio-de-moura-e-castro\/"]}]},{"@type":"BreadcrumbList","@id":"https:\/\/www.em2producoes.com.br\/site\/casting\/claudio-de-moura-e-castro\/#breadcrumb","itemListElement":[{"@type":"ListItem","position":1,"name":"In\u00edcio","item":"https:\/\/www.em2producoes.com.br\/site\/"},{"@type":"ListItem","position":2,"name":"Casting","item":"https:\/\/www.em2producoes.com.br\/site\/casting\/"},{"@type":"ListItem","position":3,"name":"Claudio de Moura e Castro"}]},{"@type":"WebSite","@id":"https:\/\/www.em2producoes.com.br\/site\/#website","url":"https:\/\/www.em2producoes.com.br\/site\/","name":"EM2 Produ\u00e7\u00f5es","description":"Ativando &amp; Conectando Marcas e Talentos","publisher":{"@id":"https:\/\/www.em2producoes.com.br\/site\/#organization"},"potentialAction":[{"@type":"SearchAction","target":{"@type":"EntryPoint","urlTemplate":"https:\/\/www.em2producoes.com.br\/site\/?s={search_term_string}"},"query-input":"required name=search_term_string"}],"inLanguage":"pt-BR"},{"@type":"Organization","@id":"https:\/\/www.em2producoes.com.br\/site\/#organization","name":"EM2 Produ\u00e7\u00f5es","url":"https:\/\/www.em2producoes.com.br\/site\/","sameAs":["https:\/\/www.instagram.com\/em2producoes\/","https:\/\/www.youtube.com\/channel\/UCGLxUPhqHfr6zp3izS5GdWg","https:\/\/www.facebook.com\/em2producoes\/"],"logo":{"@type":"ImageObject","inLanguage":"pt-BR","@id":"https:\/\/www.em2producoes.com.br\/site\/#\/schema\/logo\/image\/","url":"http:\/\/www.em2producoes.com.br\/site\/wp-content\/uploads\/2021\/05\/logotipo-big.jpg","contentUrl":"http:\/\/www.em2producoes.com.br\/site\/wp-content\/uploads\/2021\/05\/logotipo-big.jpg","width":710,"height":310,"caption":"EM2 Produ\u00e7\u00f5es"},"image":{"@id":"https:\/\/www.em2producoes.com.br\/site\/#\/schema\/logo\/image\/"}}]}},"_links":{"self":[{"href":"https:\/\/www.em2producoes.com.br\/site\/wp-json\/wp\/v2\/casting\/1186"}],"collection":[{"href":"https:\/\/www.em2producoes.com.br\/site\/wp-json\/wp\/v2\/casting"}],"about":[{"href":"https:\/\/www.em2producoes.com.br\/site\/wp-json\/wp\/v2\/types\/casting"}],"author":[{"embeddable":true,"href":"https:\/\/www.em2producoes.com.br\/site\/wp-json\/wp\/v2\/users\/2"}],"version-history":[{"count":0,"href":"https:\/\/www.em2producoes.com.br\/site\/wp-json\/wp\/v2\/casting\/1186\/revisions"}],"wp:featuredmedia":[{"embeddable":true,"href":"https:\/\/www.em2producoes.com.br\/site\/wp-json\/wp\/v2\/media\/1187"}],"wp:attachment":[{"href":"https:\/\/www.em2producoes.com.br\/site\/wp-json\/wp\/v2\/media?parent=1186"}],"wp:term":[{"taxonomy":"cat_casting","embeddable":true,"href":"https:\/\/www.em2producoes.com.br\/site\/wp-json\/wp\/v2\/cat_casting?post=1186"}],"curies":[{"name":"wp","href":"https:\/\/api.w.org\/{rel}","templated":true}]}}

<p style="text-align: justify;">Trabalhou no Banco Mundial e no Banco Interamericano de Desenvolvimento, presidiu a CAPES de 1979 a 1982, foi secretário-executivo do Centro Nacional de Recursos Humanos de 1982 a 1985 e técnico do Instituto de Pesquisa Econômica Aplicada de 1970 a 1985,2 e atualmente preside o Conselho Consultivo da Faculdade Pitágoras.<br />
Tem uma coluna quinzenal na revista Veja desde setembro de 1996, e é um respeitado especialista em educação no Brasil. No entanto, suas declarações afirmando que deveria ser dado um bônus para que &#8220;caboclinhas de Pernambuco e do Ceará&#8221; casem com engenheiros estrangeiros resultou em muita polêmica e em uma carta de repúdio por parte das entidades e movimentos da sociedade civil brasileira.</p>
<p style="text-align: justify;">Atualmente realiza as Palestras em Eventos Empresas tratando de temas com foco em Econômia, Educação e Política. Caso seja necessário adaptamos a Palestra e adequamos ao briefing do cliente.</p>

<p>Claudio de Moura Castro é um economista brasileiro. É graduado em Economia pela Universidade Federal de Minas Gerais, mestre pela Universidade Yale e doutor pela Universidade Vanderbilt. Castro foi professor da Pontifícia Universidade Católica do Rio de Janeiro, da Fundação Getúlio Vargas, da Universidade de Chicago, da Universidade de Brasília, da Universidade de Genebra e da Universidade da Borgonha. </p>

<!-- This site is optimized with the Yoast SEO plugin v19.6.1 - https://yoast.com/wordpress/plugins/seo/ -->
<title>Claudio de Moura e Castro - EM2 Produções</title>
<meta name="robots" content="index, follow, max-snippet:-1, max-image-preview:large, max-video-preview:-1" />
<link rel="canonical" href="https://www.em2producoes.com.br/site/casting/claudio-de-moura-e-castro/" />
<meta property="og:locale" content="pt_BR" />
<meta property="og:type" content="article" />
<meta property="og:title" content="Claudio de Moura e Castro - EM2 Produções" />
<meta property="og:description" content="Claudio de Moura Castro é um economista brasileiro. É graduado em Economia pela Universidade Federal de Minas Gerais, mestre pela Universidade Yale e doutor pela Universidade Vanderbilt. Castro foi professor da Pontifícia Universidade Católica do Rio de Janeiro, da Fundação Getúlio Vargas, da Universidade de Chicago, da Universidade de Brasília, da Universidade de Genebra e da Universidade da Borgonha." />
<meta property="og:url" content="https://www.em2producoes.com.br/site/casting/claudio-de-moura-e-castro/" />
<meta property="og:site_name" content="EM2 Produções" />
<meta property="article:publisher" content="https://www.facebook.com/em2producoes/" />
<meta property="og:image" content="https://www.em2producoes.com.br/site/wp-content/uploads/2019/01/claudiodemoura.jpeg" />
	<meta property="og:image:width" content="300" />
	<meta property="og:image:height" content="300" />
	<meta property="og:image:type" content="image/jpeg" />
<meta name="twitter:card" content="summary_large_image" />
<meta name="twitter:label1" content="Est. tempo de leitura" />
	<meta name="twitter:data1" content="1 minuto" />
<script type="application/ld+json" class="yoast-schema-graph">{"@context":"https://schema.org","@graph":[{"@type":"WebPage","@id":"https://www.em2producoes.com.br/site/casting/claudio-de-moura-e-castro/","url":"https://www.em2producoes.com.br/site/casting/claudio-de-moura-e-castro/","name":"Claudio de Moura e Castro - EM2 Produções","isPartOf":{"@id":"https://www.em2producoes.com.br/site/#website"},"datePublished":"2019-01-17T11:49:27+00:00","dateModified":"2019-01-17T11:49:27+00:00","breadcrumb":{"@id":"https://www.em2producoes.com.br/site/casting/claudio-de-moura-e-castro/#breadcrumb"},"inLanguage":"pt-BR","potentialAction":[{"@type":"ReadAction","target":["https://www.em2producoes.com.br/site/casting/claudio-de-moura-e-castro/"]}]},{"@type":"BreadcrumbList","@id":"https://www.em2producoes.com.br/site/casting/claudio-de-moura-e-castro/#breadcrumb","itemListElement":[{"@type":"ListItem","position":1,"name":"Início","item":"https://www.em2producoes.com.br/site/"},{"@type":"ListItem","position":2,"name":"Casting","item":"https://www.em2producoes.com.br/site/casting/"},{"@type":"ListItem","position":3,"name":"Claudio de Moura e Castro"}]},{"@type":"WebSite","@id":"https://www.em2producoes.com.br/site/#website","url":"https://www.em2producoes.com.br/site/","name":"EM2 Produções","description":"Ativando &amp; Conectando Marcas e Talentos","publisher":{"@id":"https://www.em2producoes.com.br/site/#organization"},"potentialAction":[{"@type":"SearchAction","target":{"@type":"EntryPoint","urlTemplate":"https://www.em2producoes.com.br/site/?s={search_term_string}"},"query-input":"required name=search_term_string"}],"inLanguage":"pt-BR"},{"@type":"Organization","@id":"https://www.em2producoes.com.br/site/#organization","name":"EM2 Produções","url":"https://www.em2producoes.com.br/site/","sameAs":["https://www.instagram.com/em2producoes/","https://www.youtube.com/channel/UCGLxUPhqHfr6zp3izS5GdWg","https://www.facebook.com/em2producoes/"],"logo":{"@type":"ImageObject","inLanguage":"pt-BR","@id":"https://www.em2producoes.com.br/site/#/schema/logo/image/","url":"http://www.em2producoes.com.br/site/wp-content/uploads/2021/05/logotipo-big.jpg","contentUrl":"http://www.em2producoes.com.br/site/wp-content/uploads/2021/05/logotipo-big.jpg","width":710,"height":310,"caption":"EM2 Produções"},"image":{"@id":"https://www.em2producoes.com.br/site/#/schema/logo/image/"}}]}</script>
<!-- / Yoast SEO plugin. -->

Claudio de Moura e Castro - EM2 Produções

Claudio de Moura Castro é um economista brasileiro. É graduado em Economia pela Universidade Federal de Minas Gerais, mestre pela Universidade Yale e doutor pela Universidade Vanderbilt. Castro foi professor da Pontifícia Universidade Católica do Rio de Janeiro, da Fundação Getúlio Vargas, da Universidade de Chicago, da Universidade de Brasília, da Universidade de Genebra e da Universidade da Borgonha.

EM2 Produções

Início
