{"id":1323,"date":"2019-01-21T11:17:06","date_gmt":"2019-01-21T13:17:06","guid":{"rendered":"http:\/\/em2producoes.com.br\/novo\/wordpress\/?post_type=casting&amp;p=1323"},"modified":"2019-01-21T11:17:06","modified_gmt":"2019-01-21T13:17:06","slug":"dony-de-nuccio","status":"publish","type":"casting","link":"https:\/\/www.em2producoes.com.br\/site\/casting\/dony-de-nuccio\/","title":{"rendered":"Dony De Nuccio"},"content":{"rendered":"<p>\u00c9 graduado e\u00a0mestre em economia pelo Mackenzie e formado em jornalismo pela USP. Fez extens\u00e3o em\u00a0economia na Brown University\/USA e trabalhou por mais de cinco anos no mercado financeiro,\u00a0quando foi trader [investidor do mercado de a\u00e7\u00f5es] do CitiBank. A ampla experi\u00eancia no setor\u00a0levou o economista a assumir o programa Conta Corrente, da Globo News, com a inten\u00e7\u00e3o de\u00a0levar linguagem f\u00e1cil e educa\u00e7\u00e3o financeira ao cidad\u00e3o comum. Ele tamb\u00e9m \u00e9 autor de dois\u00a0livros: \u201cSEU BOLSO \u2013 Como organizar sua vida financeira, evitar armadilhas e juntar mais\u00a0dinheiro\u201d e \u201cSUA CARREIRA \u2013 Como avan\u00e7ar pra valer no mercado de trabalho e construir a\u00a0trajet\u00f3ria dos seus sonhos\u201d.<br \/>\nEm suas palestras, economia e finan\u00e7as s\u00e3o temas abordados de forma did\u00e1tica e ativa,\u00a0podendo ser adaptados ao contexto da organiza\u00e7\u00e3o e do p\u00fablico presente.<br \/>\nTemas de palestras<br \/>\nCen\u00e1rio pol\u00edtico e econ\u00f4mico no Brasil: diagn\u00f3stico de um paciente chamado Brasil\u00a0A crise chegou! E agora? Recuar ou atacar?<br \/>\nO Brasil aos olhos do mundo e dos brasileiros mudou muito nos \u00faltimos anos. Vivemos em um\u00a0momento cr\u00edtico e decisivo.<br \/>\nOnde estamos? Para onde vamos? E o que voc\u00ea precisa fazer para usar a crise como\u00a0propulsor?<br \/>\nO que esperar para os pr\u00f3ximos anos da economia?<br \/>\nQuais s\u00e3o as oportunidades escondidas no horizonte? \u00c9 o momento de recuar, adequar a\u00a0estrat\u00e9gia ou dobrar a aposta?<br \/>\nComo voc\u00ea e sua empresa podem sair fortalecidos da turbul\u00eancia atual e transformar o lim\u00e3o\u00a0da crise em uma caipirinha para seus neg\u00f3cios<\/p>\n","protected":false},"excerpt":{"rendered":"<p>\u00e9 palestrante, economista, jornalista e autor de dois livros.<\/p>\n","protected":false},"author":2,"featured_media":1415,"template":"","cat_casting":[70,66],"acf":[],"yoast_head":"<!-- This site is optimized with the Yoast SEO plugin v19.6.1 - https:\/\/yoast.com\/wordpress\/plugins\/seo\/ -->\n<title>Dony De Nuccio - EM2 Produ\u00e7\u00f5es<\/title>\n<meta name=\"robots\" content=\"index, follow, max-snippet:-1, max-image-preview:large, max-video-preview:-1\" \/>\n<link rel=\"canonical\" href=\"https:\/\/www.em2producoes.com.br\/site\/casting\/dony-de-nuccio\/\" \/>\n<meta property=\"og:locale\" content=\"pt_BR\" \/>\n<meta property=\"og:type\" content=\"article\" \/>\n<meta property=\"og:title\" content=\"Dony De Nuccio - EM2 Produ\u00e7\u00f5es\" \/>\n<meta property=\"og:description\" content=\"\u00e9 palestrante, economista, jornalista e autor de dois livros.\" \/>\n<meta property=\"og:url\" content=\"https:\/\/www.em2producoes.com.br\/site\/casting\/dony-de-nuccio\/\" \/>\n<meta property=\"og:site_name\" content=\"EM2 Produ\u00e7\u00f5es\" \/>\n<meta property=\"article:publisher\" content=\"https:\/\/www.facebook.com\/em2producoes\/\" \/>\n<meta property=\"og:image\" content=\"https:\/\/www.em2producoes.com.br\/site\/wp-content\/uploads\/2019\/01\/dony-1.jpg\" \/>\n\t<meta property=\"og:image:width\" content=\"300\" \/>\n\t<meta property=\"og:image:height\" content=\"300\" \/>\n\t<meta property=\"og:image:type\" content=\"image\/jpeg\" \/>\n<meta name=\"twitter:card\" content=\"summary_large_image\" \/>\n<meta name=\"twitter:label1\" content=\"Est. tempo de leitura\" \/>\n\t<meta name=\"twitter:data1\" content=\"1 minuto\" \/>\n<script type=\"application\/ld+json\" class=\"yoast-schema-graph\">{\"@context\":\"https:\/\/schema.org\",\"@graph\":[{\"@type\":\"WebPage\",\"@id\":\"https:\/\/www.em2producoes.com.br\/site\/casting\/dony-de-nuccio\/\",\"url\":\"https:\/\/www.em2producoes.com.br\/site\/casting\/dony-de-nuccio\/\",\"name\":\"Dony De Nuccio - EM2 Produ\u00e7\u00f5es\",\"isPartOf\":{\"@id\":\"https:\/\/www.em2producoes.com.br\/site\/#website\"},\"datePublished\":\"2019-01-21T13:17:06+00:00\",\"dateModified\":\"2019-01-21T13:17:06+00:00\",\"breadcrumb\":{\"@id\":\"https:\/\/www.em2producoes.com.br\/site\/casting\/dony-de-nuccio\/#breadcrumb\"},\"inLanguage\":\"pt-BR\",\"potentialAction\":[{\"@type\":\"ReadAction\",\"target\":[\"https:\/\/www.em2producoes.com.br\/site\/casting\/dony-de-nuccio\/\"]}]},{\"@type\":\"BreadcrumbList\",\"@id\":\"https:\/\/www.em2producoes.com.br\/site\/casting\/dony-de-nuccio\/#breadcrumb\",\"itemListElement\":[{\"@type\":\"ListItem\",\"position\":1,\"name\":\"In\u00edcio\",\"item\":\"https:\/\/www.em2producoes.com.br\/site\/\"},{\"@type\":\"ListItem\",\"position\":2,\"name\":\"Casting\",\"item\":\"https:\/\/www.em2producoes.com.br\/site\/casting\/\"},{\"@type\":\"ListItem\",\"position\":3,\"name\":\"Dony De Nuccio\"}]},{\"@type\":\"WebSite\",\"@id\":\"https:\/\/www.em2producoes.com.br\/site\/#website\",\"url\":\"https:\/\/www.em2producoes.com.br\/site\/\",\"name\":\"EM2 Produ\u00e7\u00f5es\",\"description\":\"Ativando &amp; Conectando Marcas e Talentos\",\"publisher\":{\"@id\":\"https:\/\/www.em2producoes.com.br\/site\/#organization\"},\"potentialAction\":[{\"@type\":\"SearchAction\",\"target\":{\"@type\":\"EntryPoint\",\"urlTemplate\":\"https:\/\/www.em2producoes.com.br\/site\/?s={search_term_string}\"},\"query-input\":\"required name=search_term_string\"}],\"inLanguage\":\"pt-BR\"},{\"@type\":\"Organization\",\"@id\":\"https:\/\/www.em2producoes.com.br\/site\/#organization\",\"name\":\"EM2 Produ\u00e7\u00f5es\",\"url\":\"https:\/\/www.em2producoes.com.br\/site\/\",\"sameAs\":[\"https:\/\/www.instagram.com\/em2producoes\/\",\"https:\/\/www.youtube.com\/channel\/UCGLxUPhqHfr6zp3izS5GdWg\",\"https:\/\/www.facebook.com\/em2producoes\/\"],\"logo\":{\"@type\":\"ImageObject\",\"inLanguage\":\"pt-BR\",\"@id\":\"https:\/\/www.em2producoes.com.br\/site\/#\/schema\/logo\/image\/\",\"url\":\"http:\/\/www.em2producoes.com.br\/site\/wp-content\/uploads\/2021\/05\/logotipo-big.jpg\",\"contentUrl\":\"http:\/\/www.em2producoes.com.br\/site\/wp-content\/uploads\/2021\/05\/logotipo-big.jpg\",\"width\":710,\"height\":310,\"caption\":\"EM2 Produ\u00e7\u00f5es\"},\"image\":{\"@id\":\"https:\/\/www.em2producoes.com.br\/site\/#\/schema\/logo\/image\/\"}}]}<\/script>\n<!-- \/ Yoast SEO plugin. -->","yoast_head_json":{"title":"Dony De Nuccio - EM2 Produ\u00e7\u00f5es","robots":{"index":"index","follow":"follow","max-snippet":"max-snippet:-1","max-image-preview":"max-image-preview:large","max-video-preview":"max-video-preview:-1"},"canonical":"https:\/\/www.em2producoes.com.br\/site\/casting\/dony-de-nuccio\/","og_locale":"pt_BR","og_type":"article","og_title":"Dony De Nuccio - EM2 Produ\u00e7\u00f5es","og_description":"\u00e9 palestrante, economista, jornalista e autor de dois livros.","og_url":"https:\/\/www.em2producoes.com.br\/site\/casting\/dony-de-nuccio\/","og_site_name":"EM2 Produ\u00e7\u00f5es","article_publisher":"https:\/\/www.facebook.com\/em2producoes\/","og_image":[{"width":300,"height":300,"url":"https:\/\/www.em2producoes.com.br\/site\/wp-content\/uploads\/2019\/01\/dony-1.jpg","type":"image\/jpeg"}],"twitter_card":"summary_large_image","twitter_misc":{"Est. tempo de leitura":"1 minuto"},"schema":{"@context":"https:\/\/schema.org","@graph":[{"@type":"WebPage","@id":"https:\/\/www.em2producoes.com.br\/site\/casting\/dony-de-nuccio\/","url":"https:\/\/www.em2producoes.com.br\/site\/casting\/dony-de-nuccio\/","name":"Dony De Nuccio - EM2 Produ\u00e7\u00f5es","isPartOf":{"@id":"https:\/\/www.em2producoes.com.br\/site\/#website"},"datePublished":"2019-01-21T13:17:06+00:00","dateModified":"2019-01-21T13:17:06+00:00","breadcrumb":{"@id":"https:\/\/www.em2producoes.com.br\/site\/casting\/dony-de-nuccio\/#breadcrumb"},"inLanguage":"pt-BR","potentialAction":[{"@type":"ReadAction","target":["https:\/\/www.em2producoes.com.br\/site\/casting\/dony-de-nuccio\/"]}]},{"@type":"BreadcrumbList","@id":"https:\/\/www.em2producoes.com.br\/site\/casting\/dony-de-nuccio\/#breadcrumb","itemListElement":[{"@type":"ListItem","position":1,"name":"In\u00edcio","item":"https:\/\/www.em2producoes.com.br\/site\/"},{"@type":"ListItem","position":2,"name":"Casting","item":"https:\/\/www.em2producoes.com.br\/site\/casting\/"},{"@type":"ListItem","position":3,"name":"Dony De Nuccio"}]},{"@type":"WebSite","@id":"https:\/\/www.em2producoes.com.br\/site\/#website","url":"https:\/\/www.em2producoes.com.br\/site\/","name":"EM2 Produ\u00e7\u00f5es","description":"Ativando &amp; Conectando Marcas e Talentos","publisher":{"@id":"https:\/\/www.em2producoes.com.br\/site\/#organization"},"potentialAction":[{"@type":"SearchAction","target":{"@type":"EntryPoint","urlTemplate":"https:\/\/www.em2producoes.com.br\/site\/?s={search_term_string}"},"query-input":"required name=search_term_string"}],"inLanguage":"pt-BR"},{"@type":"Organization","@id":"https:\/\/www.em2producoes.com.br\/site\/#organization","name":"EM2 Produ\u00e7\u00f5es","url":"https:\/\/www.em2producoes.com.br\/site\/","sameAs":["https:\/\/www.instagram.com\/em2producoes\/","https:\/\/www.youtube.com\/channel\/UCGLxUPhqHfr6zp3izS5GdWg","https:\/\/www.facebook.com\/em2producoes\/"],"logo":{"@type":"ImageObject","inLanguage":"pt-BR","@id":"https:\/\/www.em2producoes.com.br\/site\/#\/schema\/logo\/image\/","url":"http:\/\/www.em2producoes.com.br\/site\/wp-content\/uploads\/2021\/05\/logotipo-big.jpg","contentUrl":"http:\/\/www.em2producoes.com.br\/site\/wp-content\/uploads\/2021\/05\/logotipo-big.jpg","width":710,"height":310,"caption":"EM2 Produ\u00e7\u00f5es"},"image":{"@id":"https:\/\/www.em2producoes.com.br\/site\/#\/schema\/logo\/image\/"}}]}},"_links":{"self":[{"href":"https:\/\/www.em2producoes.com.br\/site\/wp-json\/wp\/v2\/casting\/1323"}],"collection":[{"href":"https:\/\/www.em2producoes.com.br\/site\/wp-json\/wp\/v2\/casting"}],"about":[{"href":"https:\/\/www.em2producoes.com.br\/site\/wp-json\/wp\/v2\/types\/casting"}],"author":[{"embeddable":true,"href":"https:\/\/www.em2producoes.com.br\/site\/wp-json\/wp\/v2\/users\/2"}],"version-history":[{"count":0,"href":"https:\/\/www.em2producoes.com.br\/site\/wp-json\/wp\/v2\/casting\/1323\/revisions"}],"wp:featuredmedia":[{"embeddable":true,"href":"https:\/\/www.em2producoes.com.br\/site\/wp-json\/wp\/v2\/media\/1415"}],"wp:attachment":[{"href":"https:\/\/www.em2producoes.com.br\/site\/wp-json\/wp\/v2\/media?parent=1323"}],"wp:term":[{"taxonomy":"cat_casting","embeddable":true,"href":"https:\/\/www.em2producoes.com.br\/site\/wp-json\/wp\/v2\/cat_casting?post=1323"}],"curies":[{"name":"wp","href":"https:\/\/api.w.org\/{rel}","templated":true}]}}

<p>É graduado e mestre em economia pelo Mackenzie e formado em jornalismo pela USP. Fez extensão em economia na Brown University/USA e trabalhou por mais de cinco anos no mercado financeiro, quando foi trader [investidor do mercado de ações] do CitiBank. A ampla experiência no setor levou o economista a assumir o programa Conta Corrente, da Globo News, com a intenção de levar linguagem fácil e educação financeira ao cidadão comum. Ele também é autor de dois livros: “SEU BOLSO – Como organizar sua vida financeira, evitar armadilhas e juntar mais dinheiro” e “SUA CARREIRA – Como avançar pra valer no mercado de trabalho e construir a trajetória dos seus sonhos”.<br />
Em suas palestras, economia e finanças são temas abordados de forma didática e ativa, podendo ser adaptados ao contexto da organização e do público presente.<br />
Temas de palestras<br />
Cenário político e econômico no Brasil: diagnóstico de um paciente chamado Brasil A crise chegou! E agora? Recuar ou atacar?<br />
O Brasil aos olhos do mundo e dos brasileiros mudou muito nos últimos anos. Vivemos em um momento crítico e decisivo.<br />
Onde estamos? Para onde vamos? E o que você precisa fazer para usar a crise como propulsor?<br />
O que esperar para os próximos anos da economia?<br />
Quais são as oportunidades escondidas no horizonte? É o momento de recuar, adequar a estratégia ou dobrar a aposta?<br />
Como você e sua empresa podem sair fortalecidos da turbulência atual e transformar o limão da crise em uma caipirinha para seus negócios</p>

<p>é palestrante, economista, jornalista e autor de dois livros.</p>

<!-- This site is optimized with the Yoast SEO plugin v19.6.1 - https://yoast.com/wordpress/plugins/seo/ -->
<title>Dony De Nuccio - EM2 Produções</title>
<meta name="robots" content="index, follow, max-snippet:-1, max-image-preview:large, max-video-preview:-1" />
<link rel="canonical" href="https://www.em2producoes.com.br/site/casting/dony-de-nuccio/" />
<meta property="og:locale" content="pt_BR" />
<meta property="og:type" content="article" />
<meta property="og:title" content="Dony De Nuccio - EM2 Produções" />
<meta property="og:description" content="é palestrante, economista, jornalista e autor de dois livros." />
<meta property="og:url" content="https://www.em2producoes.com.br/site/casting/dony-de-nuccio/" />
<meta property="og:site_name" content="EM2 Produções" />
<meta property="article:publisher" content="https://www.facebook.com/em2producoes/" />
<meta property="og:image" content="https://www.em2producoes.com.br/site/wp-content/uploads/2019/01/dony-1.jpg" />
	<meta property="og:image:width" content="300" />
	<meta property="og:image:height" content="300" />
	<meta property="og:image:type" content="image/jpeg" />
<meta name="twitter:card" content="summary_large_image" />
<meta name="twitter:label1" content="Est. tempo de leitura" />
	<meta name="twitter:data1" content="1 minuto" />
<script type="application/ld+json" class="yoast-schema-graph">{"@context":"https://schema.org","@graph":[{"@type":"WebPage","@id":"https://www.em2producoes.com.br/site/casting/dony-de-nuccio/","url":"https://www.em2producoes.com.br/site/casting/dony-de-nuccio/","name":"Dony De Nuccio - EM2 Produções","isPartOf":{"@id":"https://www.em2producoes.com.br/site/#website"},"datePublished":"2019-01-21T13:17:06+00:00","dateModified":"2019-01-21T13:17:06+00:00","breadcrumb":{"@id":"https://www.em2producoes.com.br/site/casting/dony-de-nuccio/#breadcrumb"},"inLanguage":"pt-BR","potentialAction":[{"@type":"ReadAction","target":["https://www.em2producoes.com.br/site/casting/dony-de-nuccio/"]}]},{"@type":"BreadcrumbList","@id":"https://www.em2producoes.com.br/site/casting/dony-de-nuccio/#breadcrumb","itemListElement":[{"@type":"ListItem","position":1,"name":"Início","item":"https://www.em2producoes.com.br/site/"},{"@type":"ListItem","position":2,"name":"Casting","item":"https://www.em2producoes.com.br/site/casting/"},{"@type":"ListItem","position":3,"name":"Dony De Nuccio"}]},{"@type":"WebSite","@id":"https://www.em2producoes.com.br/site/#website","url":"https://www.em2producoes.com.br/site/","name":"EM2 Produções","description":"Ativando &amp; Conectando Marcas e Talentos","publisher":{"@id":"https://www.em2producoes.com.br/site/#organization"},"potentialAction":[{"@type":"SearchAction","target":{"@type":"EntryPoint","urlTemplate":"https://www.em2producoes.com.br/site/?s={search_term_string}"},"query-input":"required name=search_term_string"}],"inLanguage":"pt-BR"},{"@type":"Organization","@id":"https://www.em2producoes.com.br/site/#organization","name":"EM2 Produções","url":"https://www.em2producoes.com.br/site/","sameAs":["https://www.instagram.com/em2producoes/","https://www.youtube.com/channel/UCGLxUPhqHfr6zp3izS5GdWg","https://www.facebook.com/em2producoes/"],"logo":{"@type":"ImageObject","inLanguage":"pt-BR","@id":"https://www.em2producoes.com.br/site/#/schema/logo/image/","url":"http://www.em2producoes.com.br/site/wp-content/uploads/2021/05/logotipo-big.jpg","contentUrl":"http://www.em2producoes.com.br/site/wp-content/uploads/2021/05/logotipo-big.jpg","width":710,"height":310,"caption":"EM2 Produções"},"image":{"@id":"https://www.em2producoes.com.br/site/#/schema/logo/image/"}}]}</script>
<!-- / Yoast SEO plugin. -->

Dony De Nuccio - EM2 Produções

é palestrante, economista, jornalista e autor de dois livros.

EM2 Produções

Início
