{"id":1391,"date":"2019-01-21T13:36:14","date_gmt":"2019-01-21T15:36:14","guid":{"rendered":"http:\/\/em2producoes.com.br\/novo\/wordpress\/?post_type=casting&amp;p=1391"},"modified":"2019-01-21T13:36:14","modified_gmt":"2019-01-21T15:36:14","slug":"paulo-andre","status":"publish","type":"casting","link":"https:\/\/www.em2producoes.com.br\/site\/casting\/paulo-andre\/","title":{"rendered":"Paulo Andr\u00e9"},"content":{"rendered":"<p style=\"text-align: justify;\"><strong>Equipes<\/strong>:<br \/>\n&#8211; Cruzeiro \u2013 2015;<br \/>\n&#8211; Sport Club Corinthians Paulista \u2013 2009;<br \/>\n&#8211; Le Mans Football Club (FRA) \u2013 2006;<br \/>\n&#8211; Clube Atl\u00e9tico Paranaense \u2013 2005;<br \/>\n&#8211; Guarani Futebol Clube \u2013 2003;<br \/>\n&#8211; \u00c1guas de Lind\u00f3ia Esporte Clube \u2013 2002;<br \/>\n&#8211; Centro Esportivo Alagoano \u2013 2001;<br \/>\n&#8211; S\u00e3o Paulo Futebol Clube \u2013 1998.<\/p>\n<p style=\"text-align: justify;\"><strong>\u00a0Principais t\u00edtulos:<br \/>\n<\/strong>&#8211; Campe\u00e3o Mundial pelo Sport Club Corinthians Paulista &#8211; 2013;<br \/>\n&#8211; Campe\u00e3o Copa Libertadores da Am\u00e9rica pelo Sport Club Corinthians Paulista &#8211; 2012;<br \/>\n&#8211; Campe\u00e3o Brasileiro pelo Sport Club Corinthians Paulista &#8211; 2011;<br \/>\n&#8211; Campe\u00e3o Paulista Juniores S\u00e9rie A-2 &#8211; 2002;<br \/>\n&#8211; Campe\u00e3o Paulista pelo SPFC &#8211; 2001;<br \/>\n&#8211; Campe\u00e3o Paulista pelo SPFC &#8211; 2000.<\/p>\n<p style=\"text-align: justify;\">Consulte Paulo Andr\u00e9 para Campanhas Publicit\u00e1rias e para Eventos como Mestre de Cerim\u00f4nias, Presen\u00e7a Vip e Locu\u00e7\u00f5es.<\/p>\n","protected":false},"excerpt":{"rendered":"<p>Paulo Andr\u00e9 \u00e9 um futebolista que atua como zagueiro. Defende atualmente o Cruzeiro.<\/p>\n","protected":false},"author":2,"featured_media":1392,"template":"","cat_casting":[76,77],"acf":[],"yoast_head":"<!-- This site is optimized with the Yoast SEO plugin v19.6.1 - https:\/\/yoast.com\/wordpress\/plugins\/seo\/ -->\n<title>Paulo Andr\u00e9 - EM2 Produ\u00e7\u00f5es<\/title>\n<meta name=\"robots\" content=\"index, follow, max-snippet:-1, max-image-preview:large, max-video-preview:-1\" \/>\n<link rel=\"canonical\" href=\"https:\/\/www.em2producoes.com.br\/site\/casting\/paulo-andre\/\" \/>\n<meta property=\"og:locale\" content=\"pt_BR\" \/>\n<meta property=\"og:type\" content=\"article\" \/>\n<meta property=\"og:title\" content=\"Paulo Andr\u00e9 - EM2 Produ\u00e7\u00f5es\" \/>\n<meta property=\"og:description\" content=\"Paulo Andr\u00e9 \u00e9 um futebolista que atua como zagueiro. Defende atualmente o Cruzeiro.\" \/>\n<meta property=\"og:url\" content=\"https:\/\/www.em2producoes.com.br\/site\/casting\/paulo-andre\/\" \/>\n<meta property=\"og:site_name\" content=\"EM2 Produ\u00e7\u00f5es\" \/>\n<meta property=\"article:publisher\" content=\"https:\/\/www.facebook.com\/em2producoes\/\" \/>\n<meta property=\"og:image\" content=\"https:\/\/www.em2producoes.com.br\/site\/wp-content\/uploads\/2019\/01\/PauloAndre.png\" \/>\n\t<meta property=\"og:image:width\" content=\"300\" \/>\n\t<meta property=\"og:image:height\" content=\"300\" \/>\n\t<meta property=\"og:image:type\" content=\"image\/png\" \/>\n<meta name=\"twitter:card\" content=\"summary_large_image\" \/>\n<meta name=\"twitter:label1\" content=\"Est. tempo de leitura\" \/>\n\t<meta name=\"twitter:data1\" content=\"1 minuto\" \/>\n<script type=\"application\/ld+json\" class=\"yoast-schema-graph\">{\"@context\":\"https:\/\/schema.org\",\"@graph\":[{\"@type\":\"WebPage\",\"@id\":\"https:\/\/www.em2producoes.com.br\/site\/casting\/paulo-andre\/\",\"url\":\"https:\/\/www.em2producoes.com.br\/site\/casting\/paulo-andre\/\",\"name\":\"Paulo Andr\u00e9 - EM2 Produ\u00e7\u00f5es\",\"isPartOf\":{\"@id\":\"https:\/\/www.em2producoes.com.br\/site\/#website\"},\"datePublished\":\"2019-01-21T15:36:14+00:00\",\"dateModified\":\"2019-01-21T15:36:14+00:00\",\"breadcrumb\":{\"@id\":\"https:\/\/www.em2producoes.com.br\/site\/casting\/paulo-andre\/#breadcrumb\"},\"inLanguage\":\"pt-BR\",\"potentialAction\":[{\"@type\":\"ReadAction\",\"target\":[\"https:\/\/www.em2producoes.com.br\/site\/casting\/paulo-andre\/\"]}]},{\"@type\":\"BreadcrumbList\",\"@id\":\"https:\/\/www.em2producoes.com.br\/site\/casting\/paulo-andre\/#breadcrumb\",\"itemListElement\":[{\"@type\":\"ListItem\",\"position\":1,\"name\":\"In\u00edcio\",\"item\":\"https:\/\/www.em2producoes.com.br\/site\/\"},{\"@type\":\"ListItem\",\"position\":2,\"name\":\"Casting\",\"item\":\"https:\/\/www.em2producoes.com.br\/site\/casting\/\"},{\"@type\":\"ListItem\",\"position\":3,\"name\":\"Paulo Andr\u00e9\"}]},{\"@type\":\"WebSite\",\"@id\":\"https:\/\/www.em2producoes.com.br\/site\/#website\",\"url\":\"https:\/\/www.em2producoes.com.br\/site\/\",\"name\":\"EM2 Produ\u00e7\u00f5es\",\"description\":\"Ativando &amp; Conectando Marcas e Talentos\",\"publisher\":{\"@id\":\"https:\/\/www.em2producoes.com.br\/site\/#organization\"},\"potentialAction\":[{\"@type\":\"SearchAction\",\"target\":{\"@type\":\"EntryPoint\",\"urlTemplate\":\"https:\/\/www.em2producoes.com.br\/site\/?s={search_term_string}\"},\"query-input\":\"required name=search_term_string\"}],\"inLanguage\":\"pt-BR\"},{\"@type\":\"Organization\",\"@id\":\"https:\/\/www.em2producoes.com.br\/site\/#organization\",\"name\":\"EM2 Produ\u00e7\u00f5es\",\"url\":\"https:\/\/www.em2producoes.com.br\/site\/\",\"sameAs\":[\"https:\/\/www.instagram.com\/em2producoes\/\",\"https:\/\/www.youtube.com\/channel\/UCGLxUPhqHfr6zp3izS5GdWg\",\"https:\/\/www.facebook.com\/em2producoes\/\"],\"logo\":{\"@type\":\"ImageObject\",\"inLanguage\":\"pt-BR\",\"@id\":\"https:\/\/www.em2producoes.com.br\/site\/#\/schema\/logo\/image\/\",\"url\":\"http:\/\/www.em2producoes.com.br\/site\/wp-content\/uploads\/2021\/05\/logotipo-big.jpg\",\"contentUrl\":\"http:\/\/www.em2producoes.com.br\/site\/wp-content\/uploads\/2021\/05\/logotipo-big.jpg\",\"width\":710,\"height\":310,\"caption\":\"EM2 Produ\u00e7\u00f5es\"},\"image\":{\"@id\":\"https:\/\/www.em2producoes.com.br\/site\/#\/schema\/logo\/image\/\"}}]}<\/script>\n<!-- \/ Yoast SEO plugin. -->","yoast_head_json":{"title":"Paulo Andr\u00e9 - EM2 Produ\u00e7\u00f5es","robots":{"index":"index","follow":"follow","max-snippet":"max-snippet:-1","max-image-preview":"max-image-preview:large","max-video-preview":"max-video-preview:-1"},"canonical":"https:\/\/www.em2producoes.com.br\/site\/casting\/paulo-andre\/","og_locale":"pt_BR","og_type":"article","og_title":"Paulo Andr\u00e9 - EM2 Produ\u00e7\u00f5es","og_description":"Paulo Andr\u00e9 \u00e9 um futebolista que atua como zagueiro. Defende atualmente o Cruzeiro.","og_url":"https:\/\/www.em2producoes.com.br\/site\/casting\/paulo-andre\/","og_site_name":"EM2 Produ\u00e7\u00f5es","article_publisher":"https:\/\/www.facebook.com\/em2producoes\/","og_image":[{"width":300,"height":300,"url":"https:\/\/www.em2producoes.com.br\/site\/wp-content\/uploads\/2019\/01\/PauloAndre.png","type":"image\/png"}],"twitter_card":"summary_large_image","twitter_misc":{"Est. tempo de leitura":"1 minuto"},"schema":{"@context":"https:\/\/schema.org","@graph":[{"@type":"WebPage","@id":"https:\/\/www.em2producoes.com.br\/site\/casting\/paulo-andre\/","url":"https:\/\/www.em2producoes.com.br\/site\/casting\/paulo-andre\/","name":"Paulo Andr\u00e9 - EM2 Produ\u00e7\u00f5es","isPartOf":{"@id":"https:\/\/www.em2producoes.com.br\/site\/#website"},"datePublished":"2019-01-21T15:36:14+00:00","dateModified":"2019-01-21T15:36:14+00:00","breadcrumb":{"@id":"https:\/\/www.em2producoes.com.br\/site\/casting\/paulo-andre\/#breadcrumb"},"inLanguage":"pt-BR","potentialAction":[{"@type":"ReadAction","target":["https:\/\/www.em2producoes.com.br\/site\/casting\/paulo-andre\/"]}]},{"@type":"BreadcrumbList","@id":"https:\/\/www.em2producoes.com.br\/site\/casting\/paulo-andre\/#breadcrumb","itemListElement":[{"@type":"ListItem","position":1,"name":"In\u00edcio","item":"https:\/\/www.em2producoes.com.br\/site\/"},{"@type":"ListItem","position":2,"name":"Casting","item":"https:\/\/www.em2producoes.com.br\/site\/casting\/"},{"@type":"ListItem","position":3,"name":"Paulo Andr\u00e9"}]},{"@type":"WebSite","@id":"https:\/\/www.em2producoes.com.br\/site\/#website","url":"https:\/\/www.em2producoes.com.br\/site\/","name":"EM2 Produ\u00e7\u00f5es","description":"Ativando &amp; Conectando Marcas e Talentos","publisher":{"@id":"https:\/\/www.em2producoes.com.br\/site\/#organization"},"potentialAction":[{"@type":"SearchAction","target":{"@type":"EntryPoint","urlTemplate":"https:\/\/www.em2producoes.com.br\/site\/?s={search_term_string}"},"query-input":"required name=search_term_string"}],"inLanguage":"pt-BR"},{"@type":"Organization","@id":"https:\/\/www.em2producoes.com.br\/site\/#organization","name":"EM2 Produ\u00e7\u00f5es","url":"https:\/\/www.em2producoes.com.br\/site\/","sameAs":["https:\/\/www.instagram.com\/em2producoes\/","https:\/\/www.youtube.com\/channel\/UCGLxUPhqHfr6zp3izS5GdWg","https:\/\/www.facebook.com\/em2producoes\/"],"logo":{"@type":"ImageObject","inLanguage":"pt-BR","@id":"https:\/\/www.em2producoes.com.br\/site\/#\/schema\/logo\/image\/","url":"http:\/\/www.em2producoes.com.br\/site\/wp-content\/uploads\/2021\/05\/logotipo-big.jpg","contentUrl":"http:\/\/www.em2producoes.com.br\/site\/wp-content\/uploads\/2021\/05\/logotipo-big.jpg","width":710,"height":310,"caption":"EM2 Produ\u00e7\u00f5es"},"image":{"@id":"https:\/\/www.em2producoes.com.br\/site\/#\/schema\/logo\/image\/"}}]}},"_links":{"self":[{"href":"https:\/\/www.em2producoes.com.br\/site\/wp-json\/wp\/v2\/casting\/1391"}],"collection":[{"href":"https:\/\/www.em2producoes.com.br\/site\/wp-json\/wp\/v2\/casting"}],"about":[{"href":"https:\/\/www.em2producoes.com.br\/site\/wp-json\/wp\/v2\/types\/casting"}],"author":[{"embeddable":true,"href":"https:\/\/www.em2producoes.com.br\/site\/wp-json\/wp\/v2\/users\/2"}],"version-history":[{"count":0,"href":"https:\/\/www.em2producoes.com.br\/site\/wp-json\/wp\/v2\/casting\/1391\/revisions"}],"wp:featuredmedia":[{"embeddable":true,"href":"https:\/\/www.em2producoes.com.br\/site\/wp-json\/wp\/v2\/media\/1392"}],"wp:attachment":[{"href":"https:\/\/www.em2producoes.com.br\/site\/wp-json\/wp\/v2\/media?parent=1391"}],"wp:term":[{"taxonomy":"cat_casting","embeddable":true,"href":"https:\/\/www.em2producoes.com.br\/site\/wp-json\/wp\/v2\/cat_casting?post=1391"}],"curies":[{"name":"wp","href":"https:\/\/api.w.org\/{rel}","templated":true}]}}

Paulo André

<p style="text-align: justify;"><strong>Equipes</strong>:<br />
&#8211; Cruzeiro – 2015;<br />
&#8211; Sport Club Corinthians Paulista – 2009;<br />
&#8211; Le Mans Football Club (FRA) – 2006;<br />
&#8211; Clube Atlético Paranaense – 2005;<br />
&#8211; Guarani Futebol Clube – 2003;<br />
&#8211; Águas de Lindóia Esporte Clube – 2002;<br />
&#8211; Centro Esportivo Alagoano – 2001;<br />
&#8211; São Paulo Futebol Clube – 1998.</p>
<p style="text-align: justify;"><strong> Principais títulos:<br />
</strong>&#8211; Campeão Mundial pelo Sport Club Corinthians Paulista &#8211; 2013;<br />
&#8211; Campeão Copa Libertadores da América pelo Sport Club Corinthians Paulista &#8211; 2012;<br />
&#8211; Campeão Brasileiro pelo Sport Club Corinthians Paulista &#8211; 2011;<br />
&#8211; Campeão Paulista Juniores Série A-2 &#8211; 2002;<br />
&#8211; Campeão Paulista pelo SPFC &#8211; 2001;<br />
&#8211; Campeão Paulista pelo SPFC &#8211; 2000.</p>
<p style="text-align: justify;">Consulte Paulo André para Campanhas Publicitárias e para Eventos como Mestre de Cerimônias, Presença Vip e Locuções.</p>

<p>Paulo André é um futebolista que atua como zagueiro. Defende atualmente o Cruzeiro.</p>

<!-- This site is optimized with the Yoast SEO plugin v19.6.1 - https://yoast.com/wordpress/plugins/seo/ -->
<title>Paulo André - EM2 Produções</title>
<meta name="robots" content="index, follow, max-snippet:-1, max-image-preview:large, max-video-preview:-1" />
<link rel="canonical" href="https://www.em2producoes.com.br/site/casting/paulo-andre/" />
<meta property="og:locale" content="pt_BR" />
<meta property="og:type" content="article" />
<meta property="og:title" content="Paulo André - EM2 Produções" />
<meta property="og:description" content="Paulo André é um futebolista que atua como zagueiro. Defende atualmente o Cruzeiro." />
<meta property="og:url" content="https://www.em2producoes.com.br/site/casting/paulo-andre/" />
<meta property="og:site_name" content="EM2 Produções" />
<meta property="article:publisher" content="https://www.facebook.com/em2producoes/" />
<meta property="og:image" content="https://www.em2producoes.com.br/site/wp-content/uploads/2019/01/PauloAndre.png" />
	<meta property="og:image:width" content="300" />
	<meta property="og:image:height" content="300" />
	<meta property="og:image:type" content="image/png" />
<meta name="twitter:card" content="summary_large_image" />
<meta name="twitter:label1" content="Est. tempo de leitura" />
	<meta name="twitter:data1" content="1 minuto" />
<script type="application/ld+json" class="yoast-schema-graph">{"@context":"https://schema.org","@graph":[{"@type":"WebPage","@id":"https://www.em2producoes.com.br/site/casting/paulo-andre/","url":"https://www.em2producoes.com.br/site/casting/paulo-andre/","name":"Paulo André - EM2 Produções","isPartOf":{"@id":"https://www.em2producoes.com.br/site/#website"},"datePublished":"2019-01-21T15:36:14+00:00","dateModified":"2019-01-21T15:36:14+00:00","breadcrumb":{"@id":"https://www.em2producoes.com.br/site/casting/paulo-andre/#breadcrumb"},"inLanguage":"pt-BR","potentialAction":[{"@type":"ReadAction","target":["https://www.em2producoes.com.br/site/casting/paulo-andre/"]}]},{"@type":"BreadcrumbList","@id":"https://www.em2producoes.com.br/site/casting/paulo-andre/#breadcrumb","itemListElement":[{"@type":"ListItem","position":1,"name":"Início","item":"https://www.em2producoes.com.br/site/"},{"@type":"ListItem","position":2,"name":"Casting","item":"https://www.em2producoes.com.br/site/casting/"},{"@type":"ListItem","position":3,"name":"Paulo André"}]},{"@type":"WebSite","@id":"https://www.em2producoes.com.br/site/#website","url":"https://www.em2producoes.com.br/site/","name":"EM2 Produções","description":"Ativando &amp; Conectando Marcas e Talentos","publisher":{"@id":"https://www.em2producoes.com.br/site/#organization"},"potentialAction":[{"@type":"SearchAction","target":{"@type":"EntryPoint","urlTemplate":"https://www.em2producoes.com.br/site/?s={search_term_string}"},"query-input":"required name=search_term_string"}],"inLanguage":"pt-BR"},{"@type":"Organization","@id":"https://www.em2producoes.com.br/site/#organization","name":"EM2 Produções","url":"https://www.em2producoes.com.br/site/","sameAs":["https://www.instagram.com/em2producoes/","https://www.youtube.com/channel/UCGLxUPhqHfr6zp3izS5GdWg","https://www.facebook.com/em2producoes/"],"logo":{"@type":"ImageObject","inLanguage":"pt-BR","@id":"https://www.em2producoes.com.br/site/#/schema/logo/image/","url":"http://www.em2producoes.com.br/site/wp-content/uploads/2021/05/logotipo-big.jpg","contentUrl":"http://www.em2producoes.com.br/site/wp-content/uploads/2021/05/logotipo-big.jpg","width":710,"height":310,"caption":"EM2 Produções"},"image":{"@id":"https://www.em2producoes.com.br/site/#/schema/logo/image/"}}]}</script>
<!-- / Yoast SEO plugin. -->

Paulo André - EM2 Produções

Paulo André é um futebolista que atua como zagueiro. Defende atualmente o Cruzeiro.

EM2 Produções

Início
