{"id":2467,"date":"2018-11-12T10:59:32","date_gmt":"2018-11-12T12:59:32","guid":{"rendered":"http:\/\/em2producoes.com.br\/novo\/wordpress\/?p=89"},"modified":"2021-09-23T14:45:34","modified_gmt":"2021-09-23T17:45:34","slug":"mario-sergio-cortella","status":"publish","type":"casting","link":"https:\/\/www.em2producoes.com.br\/site\/casting\/mario-sergio-cortella\/","title":{"rendered":"M\u00e1rio Sergio Cortella"},"content":{"rendered":"<p>Mario Sergio \u00e9 Mestre, Fil\u00f3sofo e Doutor em Educa\u00e7\u00e3o pela PUC-SP, na qual \u00e9 professor titular do Departamento de Teologia e Ci\u00eancias da Religi\u00e3o e do P\u00f3s-Gradua\u00e7\u00e3o em Educa\u00e7\u00e3o. Professor-convidado da Funda\u00e7\u00e3o Dom Cabral e do GVPec da Funda\u00e7\u00e3o Getulio Vargas. Ocupou o cargo de Secret\u00e1rio Municipal de Educa\u00e7\u00e3o de S\u00e3o Paulo.<br \/>\nEm suas palestras tem como tema b\u00e1sico Inova\u00e7\u00e3o, \u00c9tica, Sustentabilidade e Gest\u00e3o do Conhecimento, Motiva\u00e7\u00e3o, Comportamento, Responsabilidade Social orientando sobre como fugir do \u00f3bvio e investir na capacidade de criar e liderar.<br \/>\nTem obras publicadas no campo da Filosofia e da Educa\u00e7\u00e3o. Apresentador dos programas de televis\u00e3o Di\u00e1logos Impertinentes e Modernidade, transmitidos em rede nacional pela Net Brasil, e colunista do caderno Equil\u00edbrio, da Folha de S. Paulo; consultor do projeto Empregabilidade, da Rhodia.<\/p>\n<p>Atualmente realiza as Palestras em Eventos e Empresas tratando de temas com foco em Motiva\u00e7\u00e3o, Responsabilidade Social, Inova\u00e7\u00e3o, \u00c9tica, Sustentabilidade, Gest\u00e3o Conhecimento, Fam\u00edlia, Comportamento. Caso seja necess\u00e1rio adaptamos a Palestra e adequamos ao briefing do cliente.<\/p>\n","protected":false},"excerpt":{"rendered":"<p>Mario Sergio \u00e9 Mestre, Fil\u00f3sofo e Doutor em Educa\u00e7\u00e3o pela PUC-SP, na qual \u00e9 professor titular do Departamento de Teologia e Ci\u00eancias da Religi\u00e3o e do P\u00f3s-Gradua\u00e7\u00e3o em Educa\u00e7\u00e3o. Professor-convidado da Funda\u00e7\u00e3o Dom Cabral e do GVPec da Funda\u00e7\u00e3o Getulio Vargas. Ocupou o cargo de Secret\u00e1rio Municipal de Educa\u00e7\u00e3o de S\u00e3o Paulo. Em suas palestras &hellip; <a href=\"https:\/\/www.em2producoes.com.br\/site\/casting\/mario-sergio-cortella\/\">Continua<\/a><\/p>\n","protected":false},"author":2,"featured_media":3059,"template":"","cat_casting":[67,68,69,64],"acf":[],"yoast_head":"<!-- This site is optimized with the Yoast SEO plugin v19.6.1 - https:\/\/yoast.com\/wordpress\/plugins\/seo\/ -->\n<title>M\u00e1rio Sergio Cortella - EM2 Produ\u00e7\u00f5es<\/title>\n<meta name=\"robots\" content=\"index, follow, max-snippet:-1, max-image-preview:large, max-video-preview:-1\" \/>\n<link rel=\"canonical\" href=\"https:\/\/www.em2producoes.com.br\/site\/casting\/mario-sergio-cortella\/\" \/>\n<meta property=\"og:locale\" content=\"pt_BR\" \/>\n<meta property=\"og:type\" content=\"article\" \/>\n<meta property=\"og:title\" content=\"M\u00e1rio Sergio Cortella - EM2 Produ\u00e7\u00f5es\" \/>\n<meta property=\"og:description\" content=\"Mario Sergio \u00e9 Mestre, Fil\u00f3sofo e Doutor em Educa\u00e7\u00e3o pela PUC-SP, na qual \u00e9 professor titular do Departamento de Teologia e Ci\u00eancias da Religi\u00e3o e do P\u00f3s-Gradua\u00e7\u00e3o em Educa\u00e7\u00e3o. Professor-convidado da Funda\u00e7\u00e3o Dom Cabral e do GVPec da Funda\u00e7\u00e3o Getulio Vargas. Ocupou o cargo de Secret\u00e1rio Municipal de Educa\u00e7\u00e3o de S\u00e3o Paulo. Em suas palestras &hellip; Continua\" \/>\n<meta property=\"og:url\" content=\"https:\/\/www.em2producoes.com.br\/site\/casting\/mario-sergio-cortella\/\" \/>\n<meta property=\"og:site_name\" content=\"EM2 Produ\u00e7\u00f5es\" \/>\n<meta property=\"article:publisher\" content=\"https:\/\/www.facebook.com\/em2producoes\/\" \/>\n<meta property=\"article:modified_time\" content=\"2021-09-23T17:45:34+00:00\" \/>\n<meta property=\"og:image\" content=\"https:\/\/www.em2producoes.com.br\/site\/wp-content\/uploads\/2018\/11\/mario-sergio-cortella-1.jpg\" \/>\n\t<meta property=\"og:image:width\" content=\"300\" \/>\n\t<meta property=\"og:image:height\" content=\"300\" \/>\n\t<meta property=\"og:image:type\" content=\"image\/jpeg\" \/>\n<meta name=\"twitter:card\" content=\"summary_large_image\" \/>\n<meta name=\"twitter:label1\" content=\"Est. tempo de leitura\" \/>\n\t<meta name=\"twitter:data1\" content=\"1 minuto\" \/>\n<script type=\"application\/ld+json\" class=\"yoast-schema-graph\">{\"@context\":\"https:\/\/schema.org\",\"@graph\":[{\"@type\":\"WebPage\",\"@id\":\"https:\/\/www.em2producoes.com.br\/site\/casting\/mario-sergio-cortella\/\",\"url\":\"https:\/\/www.em2producoes.com.br\/site\/casting\/mario-sergio-cortella\/\",\"name\":\"M\u00e1rio Sergio Cortella - EM2 Produ\u00e7\u00f5es\",\"isPartOf\":{\"@id\":\"https:\/\/www.em2producoes.com.br\/site\/#website\"},\"datePublished\":\"2018-11-12T12:59:32+00:00\",\"dateModified\":\"2021-09-23T17:45:34+00:00\",\"breadcrumb\":{\"@id\":\"https:\/\/www.em2producoes.com.br\/site\/casting\/mario-sergio-cortella\/#breadcrumb\"},\"inLanguage\":\"pt-BR\",\"potentialAction\":[{\"@type\":\"ReadAction\",\"target\":[\"https:\/\/www.em2producoes.com.br\/site\/casting\/mario-sergio-cortella\/\"]}]},{\"@type\":\"BreadcrumbList\",\"@id\":\"https:\/\/www.em2producoes.com.br\/site\/casting\/mario-sergio-cortella\/#breadcrumb\",\"itemListElement\":[{\"@type\":\"ListItem\",\"position\":1,\"name\":\"In\u00edcio\",\"item\":\"https:\/\/www.em2producoes.com.br\/site\/\"},{\"@type\":\"ListItem\",\"position\":2,\"name\":\"Casting\",\"item\":\"https:\/\/www.em2producoes.com.br\/site\/casting\/\"},{\"@type\":\"ListItem\",\"position\":3,\"name\":\"M\u00e1rio Sergio Cortella\"}]},{\"@type\":\"WebSite\",\"@id\":\"https:\/\/www.em2producoes.com.br\/site\/#website\",\"url\":\"https:\/\/www.em2producoes.com.br\/site\/\",\"name\":\"EM2 Produ\u00e7\u00f5es\",\"description\":\"Ativando &amp; Conectando Marcas e Talentos\",\"publisher\":{\"@id\":\"https:\/\/www.em2producoes.com.br\/site\/#organization\"},\"potentialAction\":[{\"@type\":\"SearchAction\",\"target\":{\"@type\":\"EntryPoint\",\"urlTemplate\":\"https:\/\/www.em2producoes.com.br\/site\/?s={search_term_string}\"},\"query-input\":\"required name=search_term_string\"}],\"inLanguage\":\"pt-BR\"},{\"@type\":\"Organization\",\"@id\":\"https:\/\/www.em2producoes.com.br\/site\/#organization\",\"name\":\"EM2 Produ\u00e7\u00f5es\",\"url\":\"https:\/\/www.em2producoes.com.br\/site\/\",\"sameAs\":[\"https:\/\/www.instagram.com\/em2producoes\/\",\"https:\/\/www.youtube.com\/channel\/UCGLxUPhqHfr6zp3izS5GdWg\",\"https:\/\/www.facebook.com\/em2producoes\/\"],\"logo\":{\"@type\":\"ImageObject\",\"inLanguage\":\"pt-BR\",\"@id\":\"https:\/\/www.em2producoes.com.br\/site\/#\/schema\/logo\/image\/\",\"url\":\"http:\/\/www.em2producoes.com.br\/site\/wp-content\/uploads\/2021\/05\/logotipo-big.jpg\",\"contentUrl\":\"http:\/\/www.em2producoes.com.br\/site\/wp-content\/uploads\/2021\/05\/logotipo-big.jpg\",\"width\":710,\"height\":310,\"caption\":\"EM2 Produ\u00e7\u00f5es\"},\"image\":{\"@id\":\"https:\/\/www.em2producoes.com.br\/site\/#\/schema\/logo\/image\/\"}}]}<\/script>\n<!-- \/ Yoast SEO plugin. -->","yoast_head_json":{"title":"M\u00e1rio Sergio Cortella - EM2 Produ\u00e7\u00f5es","robots":{"index":"index","follow":"follow","max-snippet":"max-snippet:-1","max-image-preview":"max-image-preview:large","max-video-preview":"max-video-preview:-1"},"canonical":"https:\/\/www.em2producoes.com.br\/site\/casting\/mario-sergio-cortella\/","og_locale":"pt_BR","og_type":"article","og_title":"M\u00e1rio Sergio Cortella - EM2 Produ\u00e7\u00f5es","og_description":"Mario Sergio \u00e9 Mestre, Fil\u00f3sofo e Doutor em Educa\u00e7\u00e3o pela PUC-SP, na qual \u00e9 professor titular do Departamento de Teologia e Ci\u00eancias da Religi\u00e3o e do P\u00f3s-Gradua\u00e7\u00e3o em Educa\u00e7\u00e3o. Professor-convidado da Funda\u00e7\u00e3o Dom Cabral e do GVPec da Funda\u00e7\u00e3o Getulio Vargas. Ocupou o cargo de Secret\u00e1rio Municipal de Educa\u00e7\u00e3o de S\u00e3o Paulo. Em suas palestras &hellip; Continua","og_url":"https:\/\/www.em2producoes.com.br\/site\/casting\/mario-sergio-cortella\/","og_site_name":"EM2 Produ\u00e7\u00f5es","article_publisher":"https:\/\/www.facebook.com\/em2producoes\/","article_modified_time":"2021-09-23T17:45:34+00:00","og_image":[{"width":300,"height":300,"url":"https:\/\/www.em2producoes.com.br\/site\/wp-content\/uploads\/2018\/11\/mario-sergio-cortella-1.jpg","type":"image\/jpeg"}],"twitter_card":"summary_large_image","twitter_misc":{"Est. tempo de leitura":"1 minuto"},"schema":{"@context":"https:\/\/schema.org","@graph":[{"@type":"WebPage","@id":"https:\/\/www.em2producoes.com.br\/site\/casting\/mario-sergio-cortella\/","url":"https:\/\/www.em2producoes.com.br\/site\/casting\/mario-sergio-cortella\/","name":"M\u00e1rio Sergio Cortella - EM2 Produ\u00e7\u00f5es","isPartOf":{"@id":"https:\/\/www.em2producoes.com.br\/site\/#website"},"datePublished":"2018-11-12T12:59:32+00:00","dateModified":"2021-09-23T17:45:34+00:00","breadcrumb":{"@id":"https:\/\/www.em2producoes.com.br\/site\/casting\/mario-sergio-cortella\/#breadcrumb"},"inLanguage":"pt-BR","potentialAction":[{"@type":"ReadAction","target":["https:\/\/www.em2producoes.com.br\/site\/casting\/mario-sergio-cortella\/"]}]},{"@type":"BreadcrumbList","@id":"https:\/\/www.em2producoes.com.br\/site\/casting\/mario-sergio-cortella\/#breadcrumb","itemListElement":[{"@type":"ListItem","position":1,"name":"In\u00edcio","item":"https:\/\/www.em2producoes.com.br\/site\/"},{"@type":"ListItem","position":2,"name":"Casting","item":"https:\/\/www.em2producoes.com.br\/site\/casting\/"},{"@type":"ListItem","position":3,"name":"M\u00e1rio Sergio Cortella"}]},{"@type":"WebSite","@id":"https:\/\/www.em2producoes.com.br\/site\/#website","url":"https:\/\/www.em2producoes.com.br\/site\/","name":"EM2 Produ\u00e7\u00f5es","description":"Ativando &amp; Conectando Marcas e Talentos","publisher":{"@id":"https:\/\/www.em2producoes.com.br\/site\/#organization"},"potentialAction":[{"@type":"SearchAction","target":{"@type":"EntryPoint","urlTemplate":"https:\/\/www.em2producoes.com.br\/site\/?s={search_term_string}"},"query-input":"required name=search_term_string"}],"inLanguage":"pt-BR"},{"@type":"Organization","@id":"https:\/\/www.em2producoes.com.br\/site\/#organization","name":"EM2 Produ\u00e7\u00f5es","url":"https:\/\/www.em2producoes.com.br\/site\/","sameAs":["https:\/\/www.instagram.com\/em2producoes\/","https:\/\/www.youtube.com\/channel\/UCGLxUPhqHfr6zp3izS5GdWg","https:\/\/www.facebook.com\/em2producoes\/"],"logo":{"@type":"ImageObject","inLanguage":"pt-BR","@id":"https:\/\/www.em2producoes.com.br\/site\/#\/schema\/logo\/image\/","url":"http:\/\/www.em2producoes.com.br\/site\/wp-content\/uploads\/2021\/05\/logotipo-big.jpg","contentUrl":"http:\/\/www.em2producoes.com.br\/site\/wp-content\/uploads\/2021\/05\/logotipo-big.jpg","width":710,"height":310,"caption":"EM2 Produ\u00e7\u00f5es"},"image":{"@id":"https:\/\/www.em2producoes.com.br\/site\/#\/schema\/logo\/image\/"}}]}},"_links":{"self":[{"href":"https:\/\/www.em2producoes.com.br\/site\/wp-json\/wp\/v2\/casting\/2467"}],"collection":[{"href":"https:\/\/www.em2producoes.com.br\/site\/wp-json\/wp\/v2\/casting"}],"about":[{"href":"https:\/\/www.em2producoes.com.br\/site\/wp-json\/wp\/v2\/types\/casting"}],"author":[{"embeddable":true,"href":"https:\/\/www.em2producoes.com.br\/site\/wp-json\/wp\/v2\/users\/2"}],"version-history":[{"count":1,"href":"https:\/\/www.em2producoes.com.br\/site\/wp-json\/wp\/v2\/casting\/2467\/revisions"}],"predecessor-version":[{"id":3060,"href":"https:\/\/www.em2producoes.com.br\/site\/wp-json\/wp\/v2\/casting\/2467\/revisions\/3060"}],"wp:featuredmedia":[{"embeddable":true,"href":"https:\/\/www.em2producoes.com.br\/site\/wp-json\/wp\/v2\/media\/3059"}],"wp:attachment":[{"href":"https:\/\/www.em2producoes.com.br\/site\/wp-json\/wp\/v2\/media?parent=2467"}],"wp:term":[{"taxonomy":"cat_casting","embeddable":true,"href":"https:\/\/www.em2producoes.com.br\/site\/wp-json\/wp\/v2\/cat_casting?post=2467"}],"curies":[{"name":"wp","href":"https:\/\/api.w.org\/{rel}","templated":true}]}}

Mário Sergio Cortella

<p>Mario Sergio é Mestre, Filósofo e Doutor em Educação pela PUC-SP, na qual é professor titular do Departamento de Teologia e Ciências da Religião e do Pós-Graduação em Educação. Professor-convidado da Fundação Dom Cabral e do GVPec da Fundação Getulio Vargas. Ocupou o cargo de Secretário Municipal de Educação de São Paulo.<br />
Em suas palestras tem como tema básico Inovação, Ética, Sustentabilidade e Gestão do Conhecimento, Motivação, Comportamento, Responsabilidade Social orientando sobre como fugir do óbvio e investir na capacidade de criar e liderar.<br />
Tem obras publicadas no campo da Filosofia e da Educação. Apresentador dos programas de televisão Diálogos Impertinentes e Modernidade, transmitidos em rede nacional pela Net Brasil, e colunista do caderno Equilíbrio, da Folha de S. Paulo; consultor do projeto Empregabilidade, da Rhodia.</p>
<p>Atualmente realiza as Palestras em Eventos e Empresas tratando de temas com foco em Motivação, Responsabilidade Social, Inovação, Ética, Sustentabilidade, Gestão Conhecimento, Família, Comportamento. Caso seja necessário adaptamos a Palestra e adequamos ao briefing do cliente.</p>

<p>Mario Sergio é Mestre, Filósofo e Doutor em Educação pela PUC-SP, na qual é professor titular do Departamento de Teologia e Ciências da Religião e do Pós-Graduação em Educação. Professor-convidado da Fundação Dom Cabral e do GVPec da Fundação Getulio Vargas. Ocupou o cargo de Secretário Municipal de Educação de São Paulo. Em suas palestras &hellip; <a href="https://www.em2producoes.com.br/site/casting/mario-sergio-cortella/">Continua</a></p>

<!-- This site is optimized with the Yoast SEO plugin v19.6.1 - https://yoast.com/wordpress/plugins/seo/ -->
<title>Mário Sergio Cortella - EM2 Produções</title>
<meta name="robots" content="index, follow, max-snippet:-1, max-image-preview:large, max-video-preview:-1" />
<link rel="canonical" href="https://www.em2producoes.com.br/site/casting/mario-sergio-cortella/" />
<meta property="og:locale" content="pt_BR" />
<meta property="og:type" content="article" />
<meta property="og:title" content="Mário Sergio Cortella - EM2 Produções" />
<meta property="og:description" content="Mario Sergio é Mestre, Filósofo e Doutor em Educação pela PUC-SP, na qual é professor titular do Departamento de Teologia e Ciências da Religião e do Pós-Graduação em Educação. Professor-convidado da Fundação Dom Cabral e do GVPec da Fundação Getulio Vargas. Ocupou o cargo de Secretário Municipal de Educação de São Paulo. Em suas palestras &hellip; Continua" />
<meta property="og:url" content="https://www.em2producoes.com.br/site/casting/mario-sergio-cortella/" />
<meta property="og:site_name" content="EM2 Produções" />
<meta property="article:publisher" content="https://www.facebook.com/em2producoes/" />
<meta property="article:modified_time" content="2021-09-23T17:45:34+00:00" />
<meta property="og:image" content="https://www.em2producoes.com.br/site/wp-content/uploads/2018/11/mario-sergio-cortella-1.jpg" />
	<meta property="og:image:width" content="300" />
	<meta property="og:image:height" content="300" />
	<meta property="og:image:type" content="image/jpeg" />
<meta name="twitter:card" content="summary_large_image" />
<meta name="twitter:label1" content="Est. tempo de leitura" />
	<meta name="twitter:data1" content="1 minuto" />
<script type="application/ld+json" class="yoast-schema-graph">{"@context":"https://schema.org","@graph":[{"@type":"WebPage","@id":"https://www.em2producoes.com.br/site/casting/mario-sergio-cortella/","url":"https://www.em2producoes.com.br/site/casting/mario-sergio-cortella/","name":"Mário Sergio Cortella - EM2 Produções","isPartOf":{"@id":"https://www.em2producoes.com.br/site/#website"},"datePublished":"2018-11-12T12:59:32+00:00","dateModified":"2021-09-23T17:45:34+00:00","breadcrumb":{"@id":"https://www.em2producoes.com.br/site/casting/mario-sergio-cortella/#breadcrumb"},"inLanguage":"pt-BR","potentialAction":[{"@type":"ReadAction","target":["https://www.em2producoes.com.br/site/casting/mario-sergio-cortella/"]}]},{"@type":"BreadcrumbList","@id":"https://www.em2producoes.com.br/site/casting/mario-sergio-cortella/#breadcrumb","itemListElement":[{"@type":"ListItem","position":1,"name":"Início","item":"https://www.em2producoes.com.br/site/"},{"@type":"ListItem","position":2,"name":"Casting","item":"https://www.em2producoes.com.br/site/casting/"},{"@type":"ListItem","position":3,"name":"Mário Sergio Cortella"}]},{"@type":"WebSite","@id":"https://www.em2producoes.com.br/site/#website","url":"https://www.em2producoes.com.br/site/","name":"EM2 Produções","description":"Ativando &amp; Conectando Marcas e Talentos","publisher":{"@id":"https://www.em2producoes.com.br/site/#organization"},"potentialAction":[{"@type":"SearchAction","target":{"@type":"EntryPoint","urlTemplate":"https://www.em2producoes.com.br/site/?s={search_term_string}"},"query-input":"required name=search_term_string"}],"inLanguage":"pt-BR"},{"@type":"Organization","@id":"https://www.em2producoes.com.br/site/#organization","name":"EM2 Produções","url":"https://www.em2producoes.com.br/site/","sameAs":["https://www.instagram.com/em2producoes/","https://www.youtube.com/channel/UCGLxUPhqHfr6zp3izS5GdWg","https://www.facebook.com/em2producoes/"],"logo":{"@type":"ImageObject","inLanguage":"pt-BR","@id":"https://www.em2producoes.com.br/site/#/schema/logo/image/","url":"http://www.em2producoes.com.br/site/wp-content/uploads/2021/05/logotipo-big.jpg","contentUrl":"http://www.em2producoes.com.br/site/wp-content/uploads/2021/05/logotipo-big.jpg","width":710,"height":310,"caption":"EM2 Produções"},"image":{"@id":"https://www.em2producoes.com.br/site/#/schema/logo/image/"}}]}</script>
<!-- / Yoast SEO plugin. -->

Mário Sergio Cortella - EM2 Produções

Mario Sergio é Mestre, Filósofo e Doutor em Educação pela PUC-SP, na qual é professor titular do Departamento de Teologia e Ciências da Religião e do Pós-Graduação em Educação. Professor-convidado da Fundação Dom Cabral e do GVPec da Fundação Getulio Vargas. Ocupou o cargo de Secretário Municipal de Educação de São Paulo. Em suas palestras &hellip; Continua

EM2 Produções

Início
