{"id":2482,"date":"2018-11-13T13:12:15","date_gmt":"2018-11-13T15:12:15","guid":{"rendered":"http:\/\/em2producoes.com.br\/novo\/wordpress\/?post_type=casting&amp;p=193"},"modified":"2018-11-13T13:12:15","modified_gmt":"2018-11-13T15:12:15","slug":"helo-pinheiro","status":"publish","type":"casting","link":"https:\/\/www.em2producoes.com.br\/site\/casting\/helo-pinheiro\/","title":{"rendered":"Hel\u00f4 Pinheiro"},"content":{"rendered":"<p style=\"text-align: justify;\">Hel\u00f4 apresentou o programa feminino Ela, na Band, Show da Tarde no SBT, Hel\u00f4 Pinheiro na Rede Mulher, Rio Mulher na CNT Rio, entre outros. Atuou nas novelas Cara a Cara na band, \u00c1gua Viva e Cora\u00e7\u00e3o Alado na Globo, Meus Filhos Minha vida no SBT e na novela Aquele Beijo (2011) de Miguel Falabella. Fez tamb\u00e9m participa\u00e7\u00f5es na Dan\u00e7a dos Famosos do Doming\u00e3o do Faust\u00e3o. Atualmente Hel\u00f4 apresenta o programa Ser Mulher, ao lado de sua filha Ticiane Pinheiro, no canal Fox Life.<\/p>\n<p style=\"text-align: justify;\">Consulte Hel\u00f4 Pinheiro para Campanhas Publicit\u00e1rias caso seja permitido pela emissora na qual \u00e9 contratada, e para Eventos como Moderadora, Mestre de Cerim\u00f4nias, Presen\u00e7a Vip e Locu\u00e7\u00f5es.<\/p>\n","protected":false},"excerpt":{"rendered":"<p>Modelo, atriz, empres\u00e1ria, jornalista , apresentadora de TV, e musa inspiradora de Tom Jobim e Vinicius de Moraes para a can\u00e7\u00e3o \u201cGarota de Ipanema\u201d<\/p>\n","protected":false},"author":2,"featured_media":137,"template":"","cat_casting":[65,66],"acf":[],"yoast_head":"<!-- This site is optimized with the Yoast SEO plugin v19.6.1 - https:\/\/yoast.com\/wordpress\/plugins\/seo\/ -->\n<title>Hel\u00f4 Pinheiro - EM2 Produ\u00e7\u00f5es<\/title>\n<meta name=\"robots\" content=\"index, follow, max-snippet:-1, max-image-preview:large, max-video-preview:-1\" \/>\n<link rel=\"canonical\" href=\"https:\/\/www.em2producoes.com.br\/site\/casting\/helo-pinheiro\/\" \/>\n<meta property=\"og:locale\" content=\"pt_BR\" \/>\n<meta property=\"og:type\" content=\"article\" \/>\n<meta property=\"og:title\" content=\"Hel\u00f4 Pinheiro - EM2 Produ\u00e7\u00f5es\" \/>\n<meta property=\"og:description\" content=\"Modelo, atriz, empres\u00e1ria, jornalista , apresentadora de TV, e musa inspiradora de Tom Jobim e Vinicius de Moraes para a can\u00e7\u00e3o \u201cGarota de Ipanema\u201d\" \/>\n<meta property=\"og:url\" content=\"https:\/\/www.em2producoes.com.br\/site\/casting\/helo-pinheiro\/\" \/>\n<meta property=\"og:site_name\" content=\"EM2 Produ\u00e7\u00f5es\" \/>\n<meta property=\"article:publisher\" content=\"https:\/\/www.facebook.com\/em2producoes\/\" \/>\n<meta property=\"og:image\" content=\"https:\/\/www.em2producoes.com.br\/site\/wp-content\/uploads\/2018\/11\/helo-300x300-1.png\" \/>\n\t<meta property=\"og:image:width\" content=\"300\" \/>\n\t<meta property=\"og:image:height\" content=\"300\" \/>\n\t<meta property=\"og:image:type\" content=\"image\/png\" \/>\n<meta name=\"twitter:card\" content=\"summary_large_image\" \/>\n<meta name=\"twitter:label1\" content=\"Est. tempo de leitura\" \/>\n\t<meta name=\"twitter:data1\" content=\"1 minuto\" \/>\n<script type=\"application\/ld+json\" class=\"yoast-schema-graph\">{\"@context\":\"https:\/\/schema.org\",\"@graph\":[{\"@type\":\"WebPage\",\"@id\":\"https:\/\/www.em2producoes.com.br\/site\/casting\/helo-pinheiro\/\",\"url\":\"https:\/\/www.em2producoes.com.br\/site\/casting\/helo-pinheiro\/\",\"name\":\"Hel\u00f4 Pinheiro - EM2 Produ\u00e7\u00f5es\",\"isPartOf\":{\"@id\":\"https:\/\/www.em2producoes.com.br\/site\/#website\"},\"datePublished\":\"2018-11-13T15:12:15+00:00\",\"dateModified\":\"2018-11-13T15:12:15+00:00\",\"breadcrumb\":{\"@id\":\"https:\/\/www.em2producoes.com.br\/site\/casting\/helo-pinheiro\/#breadcrumb\"},\"inLanguage\":\"pt-BR\",\"potentialAction\":[{\"@type\":\"ReadAction\",\"target\":[\"https:\/\/www.em2producoes.com.br\/site\/casting\/helo-pinheiro\/\"]}]},{\"@type\":\"BreadcrumbList\",\"@id\":\"https:\/\/www.em2producoes.com.br\/site\/casting\/helo-pinheiro\/#breadcrumb\",\"itemListElement\":[{\"@type\":\"ListItem\",\"position\":1,\"name\":\"In\u00edcio\",\"item\":\"https:\/\/www.em2producoes.com.br\/site\/\"},{\"@type\":\"ListItem\",\"position\":2,\"name\":\"Casting\",\"item\":\"https:\/\/www.em2producoes.com.br\/site\/casting\/\"},{\"@type\":\"ListItem\",\"position\":3,\"name\":\"Hel\u00f4 Pinheiro\"}]},{\"@type\":\"WebSite\",\"@id\":\"https:\/\/www.em2producoes.com.br\/site\/#website\",\"url\":\"https:\/\/www.em2producoes.com.br\/site\/\",\"name\":\"EM2 Produ\u00e7\u00f5es\",\"description\":\"Ativando &amp; Conectando Marcas e Talentos\",\"publisher\":{\"@id\":\"https:\/\/www.em2producoes.com.br\/site\/#organization\"},\"potentialAction\":[{\"@type\":\"SearchAction\",\"target\":{\"@type\":\"EntryPoint\",\"urlTemplate\":\"https:\/\/www.em2producoes.com.br\/site\/?s={search_term_string}\"},\"query-input\":\"required name=search_term_string\"}],\"inLanguage\":\"pt-BR\"},{\"@type\":\"Organization\",\"@id\":\"https:\/\/www.em2producoes.com.br\/site\/#organization\",\"name\":\"EM2 Produ\u00e7\u00f5es\",\"url\":\"https:\/\/www.em2producoes.com.br\/site\/\",\"sameAs\":[\"https:\/\/www.instagram.com\/em2producoes\/\",\"https:\/\/www.youtube.com\/channel\/UCGLxUPhqHfr6zp3izS5GdWg\",\"https:\/\/www.facebook.com\/em2producoes\/\"],\"logo\":{\"@type\":\"ImageObject\",\"inLanguage\":\"pt-BR\",\"@id\":\"https:\/\/www.em2producoes.com.br\/site\/#\/schema\/logo\/image\/\",\"url\":\"http:\/\/www.em2producoes.com.br\/site\/wp-content\/uploads\/2021\/05\/logotipo-big.jpg\",\"contentUrl\":\"http:\/\/www.em2producoes.com.br\/site\/wp-content\/uploads\/2021\/05\/logotipo-big.jpg\",\"width\":710,\"height\":310,\"caption\":\"EM2 Produ\u00e7\u00f5es\"},\"image\":{\"@id\":\"https:\/\/www.em2producoes.com.br\/site\/#\/schema\/logo\/image\/\"}}]}<\/script>\n<!-- \/ Yoast SEO plugin. -->","yoast_head_json":{"title":"Hel\u00f4 Pinheiro - EM2 Produ\u00e7\u00f5es","robots":{"index":"index","follow":"follow","max-snippet":"max-snippet:-1","max-image-preview":"max-image-preview:large","max-video-preview":"max-video-preview:-1"},"canonical":"https:\/\/www.em2producoes.com.br\/site\/casting\/helo-pinheiro\/","og_locale":"pt_BR","og_type":"article","og_title":"Hel\u00f4 Pinheiro - EM2 Produ\u00e7\u00f5es","og_description":"Modelo, atriz, empres\u00e1ria, jornalista , apresentadora de TV, e musa inspiradora de Tom Jobim e Vinicius de Moraes para a can\u00e7\u00e3o \u201cGarota de Ipanema\u201d","og_url":"https:\/\/www.em2producoes.com.br\/site\/casting\/helo-pinheiro\/","og_site_name":"EM2 Produ\u00e7\u00f5es","article_publisher":"https:\/\/www.facebook.com\/em2producoes\/","og_image":[{"width":300,"height":300,"url":"https:\/\/www.em2producoes.com.br\/site\/wp-content\/uploads\/2018\/11\/helo-300x300-1.png","type":"image\/png"}],"twitter_card":"summary_large_image","twitter_misc":{"Est. tempo de leitura":"1 minuto"},"schema":{"@context":"https:\/\/schema.org","@graph":[{"@type":"WebPage","@id":"https:\/\/www.em2producoes.com.br\/site\/casting\/helo-pinheiro\/","url":"https:\/\/www.em2producoes.com.br\/site\/casting\/helo-pinheiro\/","name":"Hel\u00f4 Pinheiro - EM2 Produ\u00e7\u00f5es","isPartOf":{"@id":"https:\/\/www.em2producoes.com.br\/site\/#website"},"datePublished":"2018-11-13T15:12:15+00:00","dateModified":"2018-11-13T15:12:15+00:00","breadcrumb":{"@id":"https:\/\/www.em2producoes.com.br\/site\/casting\/helo-pinheiro\/#breadcrumb"},"inLanguage":"pt-BR","potentialAction":[{"@type":"ReadAction","target":["https:\/\/www.em2producoes.com.br\/site\/casting\/helo-pinheiro\/"]}]},{"@type":"BreadcrumbList","@id":"https:\/\/www.em2producoes.com.br\/site\/casting\/helo-pinheiro\/#breadcrumb","itemListElement":[{"@type":"ListItem","position":1,"name":"In\u00edcio","item":"https:\/\/www.em2producoes.com.br\/site\/"},{"@type":"ListItem","position":2,"name":"Casting","item":"https:\/\/www.em2producoes.com.br\/site\/casting\/"},{"@type":"ListItem","position":3,"name":"Hel\u00f4 Pinheiro"}]},{"@type":"WebSite","@id":"https:\/\/www.em2producoes.com.br\/site\/#website","url":"https:\/\/www.em2producoes.com.br\/site\/","name":"EM2 Produ\u00e7\u00f5es","description":"Ativando &amp; Conectando Marcas e Talentos","publisher":{"@id":"https:\/\/www.em2producoes.com.br\/site\/#organization"},"potentialAction":[{"@type":"SearchAction","target":{"@type":"EntryPoint","urlTemplate":"https:\/\/www.em2producoes.com.br\/site\/?s={search_term_string}"},"query-input":"required name=search_term_string"}],"inLanguage":"pt-BR"},{"@type":"Organization","@id":"https:\/\/www.em2producoes.com.br\/site\/#organization","name":"EM2 Produ\u00e7\u00f5es","url":"https:\/\/www.em2producoes.com.br\/site\/","sameAs":["https:\/\/www.instagram.com\/em2producoes\/","https:\/\/www.youtube.com\/channel\/UCGLxUPhqHfr6zp3izS5GdWg","https:\/\/www.facebook.com\/em2producoes\/"],"logo":{"@type":"ImageObject","inLanguage":"pt-BR","@id":"https:\/\/www.em2producoes.com.br\/site\/#\/schema\/logo\/image\/","url":"http:\/\/www.em2producoes.com.br\/site\/wp-content\/uploads\/2021\/05\/logotipo-big.jpg","contentUrl":"http:\/\/www.em2producoes.com.br\/site\/wp-content\/uploads\/2021\/05\/logotipo-big.jpg","width":710,"height":310,"caption":"EM2 Produ\u00e7\u00f5es"},"image":{"@id":"https:\/\/www.em2producoes.com.br\/site\/#\/schema\/logo\/image\/"}}]}},"_links":{"self":[{"href":"https:\/\/www.em2producoes.com.br\/site\/wp-json\/wp\/v2\/casting\/2482"}],"collection":[{"href":"https:\/\/www.em2producoes.com.br\/site\/wp-json\/wp\/v2\/casting"}],"about":[{"href":"https:\/\/www.em2producoes.com.br\/site\/wp-json\/wp\/v2\/types\/casting"}],"author":[{"embeddable":true,"href":"https:\/\/www.em2producoes.com.br\/site\/wp-json\/wp\/v2\/users\/2"}],"version-history":[{"count":0,"href":"https:\/\/www.em2producoes.com.br\/site\/wp-json\/wp\/v2\/casting\/2482\/revisions"}],"wp:featuredmedia":[{"embeddable":true,"href":"https:\/\/www.em2producoes.com.br\/site\/wp-json\/wp\/v2\/media\/137"}],"wp:attachment":[{"href":"https:\/\/www.em2producoes.com.br\/site\/wp-json\/wp\/v2\/media?parent=2482"}],"wp:term":[{"taxonomy":"cat_casting","embeddable":true,"href":"https:\/\/www.em2producoes.com.br\/site\/wp-json\/wp\/v2\/cat_casting?post=2482"}],"curies":[{"name":"wp","href":"https:\/\/api.w.org\/{rel}","templated":true}]}}

Helô Pinheiro

<p style="text-align: justify;">Helô apresentou o programa feminino Ela, na Band, Show da Tarde no SBT, Helô Pinheiro na Rede Mulher, Rio Mulher na CNT Rio, entre outros. Atuou nas novelas Cara a Cara na band, Água Viva e Coração Alado na Globo, Meus Filhos Minha vida no SBT e na novela Aquele Beijo (2011) de Miguel Falabella. Fez também participações na Dança dos Famosos do Domingão do Faustão. Atualmente Helô apresenta o programa Ser Mulher, ao lado de sua filha Ticiane Pinheiro, no canal Fox Life.</p>
<p style="text-align: justify;">Consulte Helô Pinheiro para Campanhas Publicitárias caso seja permitido pela emissora na qual é contratada, e para Eventos como Moderadora, Mestre de Cerimônias, Presença Vip e Locuções.</p>

<p>Modelo, atriz, empresária, jornalista , apresentadora de TV, e musa inspiradora de Tom Jobim e Vinicius de Moraes para a canção “Garota de Ipanema”</p>

<!-- This site is optimized with the Yoast SEO plugin v19.6.1 - https://yoast.com/wordpress/plugins/seo/ -->
<title>Helô Pinheiro - EM2 Produções</title>
<meta name="robots" content="index, follow, max-snippet:-1, max-image-preview:large, max-video-preview:-1" />
<link rel="canonical" href="https://www.em2producoes.com.br/site/casting/helo-pinheiro/" />
<meta property="og:locale" content="pt_BR" />
<meta property="og:type" content="article" />
<meta property="og:title" content="Helô Pinheiro - EM2 Produções" />
<meta property="og:description" content="Modelo, atriz, empresária, jornalista , apresentadora de TV, e musa inspiradora de Tom Jobim e Vinicius de Moraes para a canção “Garota de Ipanema”" />
<meta property="og:url" content="https://www.em2producoes.com.br/site/casting/helo-pinheiro/" />
<meta property="og:site_name" content="EM2 Produções" />
<meta property="article:publisher" content="https://www.facebook.com/em2producoes/" />
<meta property="og:image" content="https://www.em2producoes.com.br/site/wp-content/uploads/2018/11/helo-300x300-1.png" />
	<meta property="og:image:width" content="300" />
	<meta property="og:image:height" content="300" />
	<meta property="og:image:type" content="image/png" />
<meta name="twitter:card" content="summary_large_image" />
<meta name="twitter:label1" content="Est. tempo de leitura" />
	<meta name="twitter:data1" content="1 minuto" />
<script type="application/ld+json" class="yoast-schema-graph">{"@context":"https://schema.org","@graph":[{"@type":"WebPage","@id":"https://www.em2producoes.com.br/site/casting/helo-pinheiro/","url":"https://www.em2producoes.com.br/site/casting/helo-pinheiro/","name":"Helô Pinheiro - EM2 Produções","isPartOf":{"@id":"https://www.em2producoes.com.br/site/#website"},"datePublished":"2018-11-13T15:12:15+00:00","dateModified":"2018-11-13T15:12:15+00:00","breadcrumb":{"@id":"https://www.em2producoes.com.br/site/casting/helo-pinheiro/#breadcrumb"},"inLanguage":"pt-BR","potentialAction":[{"@type":"ReadAction","target":["https://www.em2producoes.com.br/site/casting/helo-pinheiro/"]}]},{"@type":"BreadcrumbList","@id":"https://www.em2producoes.com.br/site/casting/helo-pinheiro/#breadcrumb","itemListElement":[{"@type":"ListItem","position":1,"name":"Início","item":"https://www.em2producoes.com.br/site/"},{"@type":"ListItem","position":2,"name":"Casting","item":"https://www.em2producoes.com.br/site/casting/"},{"@type":"ListItem","position":3,"name":"Helô Pinheiro"}]},{"@type":"WebSite","@id":"https://www.em2producoes.com.br/site/#website","url":"https://www.em2producoes.com.br/site/","name":"EM2 Produções","description":"Ativando &amp; Conectando Marcas e Talentos","publisher":{"@id":"https://www.em2producoes.com.br/site/#organization"},"potentialAction":[{"@type":"SearchAction","target":{"@type":"EntryPoint","urlTemplate":"https://www.em2producoes.com.br/site/?s={search_term_string}"},"query-input":"required name=search_term_string"}],"inLanguage":"pt-BR"},{"@type":"Organization","@id":"https://www.em2producoes.com.br/site/#organization","name":"EM2 Produções","url":"https://www.em2producoes.com.br/site/","sameAs":["https://www.instagram.com/em2producoes/","https://www.youtube.com/channel/UCGLxUPhqHfr6zp3izS5GdWg","https://www.facebook.com/em2producoes/"],"logo":{"@type":"ImageObject","inLanguage":"pt-BR","@id":"https://www.em2producoes.com.br/site/#/schema/logo/image/","url":"http://www.em2producoes.com.br/site/wp-content/uploads/2021/05/logotipo-big.jpg","contentUrl":"http://www.em2producoes.com.br/site/wp-content/uploads/2021/05/logotipo-big.jpg","width":710,"height":310,"caption":"EM2 Produções"},"image":{"@id":"https://www.em2producoes.com.br/site/#/schema/logo/image/"}}]}</script>
<!-- / Yoast SEO plugin. -->

Helô Pinheiro - EM2 Produções

Modelo, atriz, empresária, jornalista , apresentadora de TV, e musa inspiradora de Tom Jobim e Vinicius de Moraes para a canção “Garota de Ipanema”

EM2 Produções

Início
