{"id":2905,"date":"2021-09-03T14:37:42","date_gmt":"2021-09-03T17:37:42","guid":{"rendered":"http:\/\/www.em2producoes.com.br\/site\/?post_type=casting&#038;p=2905"},"modified":"2021-09-23T15:30:49","modified_gmt":"2021-09-23T18:30:49","slug":"aline-malafaia","status":"publish","type":"casting","link":"https:\/\/www.em2producoes.com.br\/site\/casting\/aline-malafaia\/","title":{"rendered":"Aline Malafaia"},"content":{"rendered":"\n<p>Refer\u00eancia em apresenta\u00e7\u00e3o de ao vivo, ALINE MALAFAIA iniciou carreira aos 16 anos como modelo. Logo seu talento para comunica\u00e7\u00e3o se destacou e a APRESENTADORA come\u00e7ou a ganhar espa\u00e7o nos trabalhos em v\u00eddeo. Em 2009, mesmo ano em que se graduou em Comunica\u00e7\u00e3o Social, Aline foi contratada pela Rede TV, emissora na qual atuou realizando entrevistas com artistas e celebridades. Fluente em ingl\u00eas e espanhol, a JORNALISTA foi direcionada para as mat\u00e9rias com artistas internacionais em turn\u00ea no Brasil.<\/p>\n\n\n\n<p>Aos 26 anos estreou como apresentadora no Shoptime, onde atuava ao vivo diariamente no Prime Time do canal de Home Shopping. Em 2014 foi convidada para programa o Rio de Pr\u00eamios, ent\u00e3o veiculado pela Record TV Rio. Permaneceu na apresenta\u00e7\u00e3o do dominical durante 6 anos, e em 2021 foi com o mesmo grupo para a Band TV Rio, com o produto RJ da Sorte, tamb\u00e9m na apresenta\u00e7\u00e3o, realiza\u00e7\u00e3o de entrevistas e publicidades.<\/p>\n\n\n\n<p>Al\u00e9m da televis\u00e3o, Aline Malafaia construiu carreira no meio corporativo, e acumula experi\u00eancia h\u00e1 mais de dez anos como MESTRE DE CERIM\u00d4NIAS em premia\u00e7\u00f5es, shows, lan\u00e7amentos de produtos, congressos, semin\u00e1rios e eventos institucionais. Com a pandemia de Covid-19 e a transforma\u00e7\u00e3o desses eventos em lives, a APRESENTADORA passou a ter ainda mais destaque por sua experi\u00eancia h\u00edbrida rara: ancorar transmiss\u00f5es ao vivo e apresentar eventos de diferentes segmentos. Comunicadora m\u00faltipla e apaixonada por voz, Aline&nbsp; atua ainda como LOCUTORA COMERCIAL. Consulte Aline Malafaia para Eventos como Moderadora, Mestre de Cerim\u00f4nias e Locu\u00e7\u00f5es.<\/p>\n","protected":false},"excerpt":{"rendered":"<p>Refer\u00eancia em apresenta\u00e7\u00e3o de ao vivo, ALINE MALAFAIA iniciou carreira aos 16 anos como modelo. Logo seu talento para comunica\u00e7\u00e3o se destacou e a APRESENTADORA come\u00e7ou a ganhar espa\u00e7o nos trabalhos em v\u00eddeo. Em 2009, mesmo ano em que se graduou em Comunica\u00e7\u00e3o Social, Aline foi contratada pela Rede TV, emissora na qual atuou realizando &hellip; <a href=\"https:\/\/www.em2producoes.com.br\/site\/casting\/aline-malafaia\/\">Continua<\/a><\/p>\n","protected":false},"author":2,"featured_media":2906,"template":"","cat_casting":[65,66,91],"acf":[],"yoast_head":"<!-- This site is optimized with the Yoast SEO plugin v19.6.1 - https:\/\/yoast.com\/wordpress\/plugins\/seo\/ -->\n<title>Aline Malafaia - EM2 Produ\u00e7\u00f5es<\/title>\n<meta name=\"robots\" content=\"index, follow, max-snippet:-1, max-image-preview:large, max-video-preview:-1\" \/>\n<link rel=\"canonical\" href=\"https:\/\/www.em2producoes.com.br\/site\/casting\/aline-malafaia\/\" \/>\n<meta property=\"og:locale\" content=\"pt_BR\" \/>\n<meta property=\"og:type\" content=\"article\" \/>\n<meta property=\"og:title\" content=\"Aline Malafaia - EM2 Produ\u00e7\u00f5es\" \/>\n<meta property=\"og:description\" content=\"Refer\u00eancia em apresenta\u00e7\u00e3o de ao vivo, ALINE MALAFAIA iniciou carreira aos 16 anos como modelo. Logo seu talento para comunica\u00e7\u00e3o se destacou e a APRESENTADORA come\u00e7ou a ganhar espa\u00e7o nos trabalhos em v\u00eddeo. Em 2009, mesmo ano em que se graduou em Comunica\u00e7\u00e3o Social, Aline foi contratada pela Rede TV, emissora na qual atuou realizando &hellip; Continua\" \/>\n<meta property=\"og:url\" content=\"https:\/\/www.em2producoes.com.br\/site\/casting\/aline-malafaia\/\" \/>\n<meta property=\"og:site_name\" content=\"EM2 Produ\u00e7\u00f5es\" \/>\n<meta property=\"article:publisher\" content=\"https:\/\/www.facebook.com\/em2producoes\/\" \/>\n<meta property=\"article:modified_time\" content=\"2021-09-23T18:30:49+00:00\" \/>\n<meta property=\"og:image\" content=\"https:\/\/www.em2producoes.com.br\/site\/wp-content\/uploads\/2021\/09\/Aline-Malafaia-Foto-scaled-e1632421824532.jpg\" \/>\n\t<meta property=\"og:image:width\" content=\"1708\" \/>\n\t<meta property=\"og:image:height\" content=\"1708\" \/>\n\t<meta property=\"og:image:type\" content=\"image\/jpeg\" \/>\n<meta name=\"twitter:card\" content=\"summary_large_image\" \/>\n<meta name=\"twitter:label1\" content=\"Est. tempo de leitura\" \/>\n\t<meta name=\"twitter:data1\" content=\"2 minutos\" \/>\n<script type=\"application\/ld+json\" class=\"yoast-schema-graph\">{\"@context\":\"https:\/\/schema.org\",\"@graph\":[{\"@type\":\"WebPage\",\"@id\":\"https:\/\/www.em2producoes.com.br\/site\/casting\/aline-malafaia\/\",\"url\":\"https:\/\/www.em2producoes.com.br\/site\/casting\/aline-malafaia\/\",\"name\":\"Aline Malafaia - EM2 Produ\u00e7\u00f5es\",\"isPartOf\":{\"@id\":\"https:\/\/www.em2producoes.com.br\/site\/#website\"},\"datePublished\":\"2021-09-03T17:37:42+00:00\",\"dateModified\":\"2021-09-23T18:30:49+00:00\",\"breadcrumb\":{\"@id\":\"https:\/\/www.em2producoes.com.br\/site\/casting\/aline-malafaia\/#breadcrumb\"},\"inLanguage\":\"pt-BR\",\"potentialAction\":[{\"@type\":\"ReadAction\",\"target\":[\"https:\/\/www.em2producoes.com.br\/site\/casting\/aline-malafaia\/\"]}]},{\"@type\":\"BreadcrumbList\",\"@id\":\"https:\/\/www.em2producoes.com.br\/site\/casting\/aline-malafaia\/#breadcrumb\",\"itemListElement\":[{\"@type\":\"ListItem\",\"position\":1,\"name\":\"In\u00edcio\",\"item\":\"https:\/\/www.em2producoes.com.br\/site\/\"},{\"@type\":\"ListItem\",\"position\":2,\"name\":\"Casting\",\"item\":\"https:\/\/www.em2producoes.com.br\/site\/casting\/\"},{\"@type\":\"ListItem\",\"position\":3,\"name\":\"Aline Malafaia\"}]},{\"@type\":\"WebSite\",\"@id\":\"https:\/\/www.em2producoes.com.br\/site\/#website\",\"url\":\"https:\/\/www.em2producoes.com.br\/site\/\",\"name\":\"EM2 Produ\u00e7\u00f5es\",\"description\":\"Ativando &amp; Conectando Marcas e Talentos\",\"publisher\":{\"@id\":\"https:\/\/www.em2producoes.com.br\/site\/#organization\"},\"potentialAction\":[{\"@type\":\"SearchAction\",\"target\":{\"@type\":\"EntryPoint\",\"urlTemplate\":\"https:\/\/www.em2producoes.com.br\/site\/?s={search_term_string}\"},\"query-input\":\"required name=search_term_string\"}],\"inLanguage\":\"pt-BR\"},{\"@type\":\"Organization\",\"@id\":\"https:\/\/www.em2producoes.com.br\/site\/#organization\",\"name\":\"EM2 Produ\u00e7\u00f5es\",\"url\":\"https:\/\/www.em2producoes.com.br\/site\/\",\"sameAs\":[\"https:\/\/www.instagram.com\/em2producoes\/\",\"https:\/\/www.youtube.com\/channel\/UCGLxUPhqHfr6zp3izS5GdWg\",\"https:\/\/www.facebook.com\/em2producoes\/\"],\"logo\":{\"@type\":\"ImageObject\",\"inLanguage\":\"pt-BR\",\"@id\":\"https:\/\/www.em2producoes.com.br\/site\/#\/schema\/logo\/image\/\",\"url\":\"http:\/\/www.em2producoes.com.br\/site\/wp-content\/uploads\/2021\/05\/logotipo-big.jpg\",\"contentUrl\":\"http:\/\/www.em2producoes.com.br\/site\/wp-content\/uploads\/2021\/05\/logotipo-big.jpg\",\"width\":710,\"height\":310,\"caption\":\"EM2 Produ\u00e7\u00f5es\"},\"image\":{\"@id\":\"https:\/\/www.em2producoes.com.br\/site\/#\/schema\/logo\/image\/\"}}]}<\/script>\n<!-- \/ Yoast SEO plugin. -->","yoast_head_json":{"title":"Aline Malafaia - EM2 Produ\u00e7\u00f5es","robots":{"index":"index","follow":"follow","max-snippet":"max-snippet:-1","max-image-preview":"max-image-preview:large","max-video-preview":"max-video-preview:-1"},"canonical":"https:\/\/www.em2producoes.com.br\/site\/casting\/aline-malafaia\/","og_locale":"pt_BR","og_type":"article","og_title":"Aline Malafaia - EM2 Produ\u00e7\u00f5es","og_description":"Refer\u00eancia em apresenta\u00e7\u00e3o de ao vivo, ALINE MALAFAIA iniciou carreira aos 16 anos como modelo. Logo seu talento para comunica\u00e7\u00e3o se destacou e a APRESENTADORA come\u00e7ou a ganhar espa\u00e7o nos trabalhos em v\u00eddeo. Em 2009, mesmo ano em que se graduou em Comunica\u00e7\u00e3o Social, Aline foi contratada pela Rede TV, emissora na qual atuou realizando &hellip; Continua","og_url":"https:\/\/www.em2producoes.com.br\/site\/casting\/aline-malafaia\/","og_site_name":"EM2 Produ\u00e7\u00f5es","article_publisher":"https:\/\/www.facebook.com\/em2producoes\/","article_modified_time":"2021-09-23T18:30:49+00:00","og_image":[{"width":1708,"height":1708,"url":"https:\/\/www.em2producoes.com.br\/site\/wp-content\/uploads\/2021\/09\/Aline-Malafaia-Foto-scaled-e1632421824532.jpg","type":"image\/jpeg"}],"twitter_card":"summary_large_image","twitter_misc":{"Est. tempo de leitura":"2 minutos"},"schema":{"@context":"https:\/\/schema.org","@graph":[{"@type":"WebPage","@id":"https:\/\/www.em2producoes.com.br\/site\/casting\/aline-malafaia\/","url":"https:\/\/www.em2producoes.com.br\/site\/casting\/aline-malafaia\/","name":"Aline Malafaia - EM2 Produ\u00e7\u00f5es","isPartOf":{"@id":"https:\/\/www.em2producoes.com.br\/site\/#website"},"datePublished":"2021-09-03T17:37:42+00:00","dateModified":"2021-09-23T18:30:49+00:00","breadcrumb":{"@id":"https:\/\/www.em2producoes.com.br\/site\/casting\/aline-malafaia\/#breadcrumb"},"inLanguage":"pt-BR","potentialAction":[{"@type":"ReadAction","target":["https:\/\/www.em2producoes.com.br\/site\/casting\/aline-malafaia\/"]}]},{"@type":"BreadcrumbList","@id":"https:\/\/www.em2producoes.com.br\/site\/casting\/aline-malafaia\/#breadcrumb","itemListElement":[{"@type":"ListItem","position":1,"name":"In\u00edcio","item":"https:\/\/www.em2producoes.com.br\/site\/"},{"@type":"ListItem","position":2,"name":"Casting","item":"https:\/\/www.em2producoes.com.br\/site\/casting\/"},{"@type":"ListItem","position":3,"name":"Aline Malafaia"}]},{"@type":"WebSite","@id":"https:\/\/www.em2producoes.com.br\/site\/#website","url":"https:\/\/www.em2producoes.com.br\/site\/","name":"EM2 Produ\u00e7\u00f5es","description":"Ativando &amp; Conectando Marcas e Talentos","publisher":{"@id":"https:\/\/www.em2producoes.com.br\/site\/#organization"},"potentialAction":[{"@type":"SearchAction","target":{"@type":"EntryPoint","urlTemplate":"https:\/\/www.em2producoes.com.br\/site\/?s={search_term_string}"},"query-input":"required name=search_term_string"}],"inLanguage":"pt-BR"},{"@type":"Organization","@id":"https:\/\/www.em2producoes.com.br\/site\/#organization","name":"EM2 Produ\u00e7\u00f5es","url":"https:\/\/www.em2producoes.com.br\/site\/","sameAs":["https:\/\/www.instagram.com\/em2producoes\/","https:\/\/www.youtube.com\/channel\/UCGLxUPhqHfr6zp3izS5GdWg","https:\/\/www.facebook.com\/em2producoes\/"],"logo":{"@type":"ImageObject","inLanguage":"pt-BR","@id":"https:\/\/www.em2producoes.com.br\/site\/#\/schema\/logo\/image\/","url":"http:\/\/www.em2producoes.com.br\/site\/wp-content\/uploads\/2021\/05\/logotipo-big.jpg","contentUrl":"http:\/\/www.em2producoes.com.br\/site\/wp-content\/uploads\/2021\/05\/logotipo-big.jpg","width":710,"height":310,"caption":"EM2 Produ\u00e7\u00f5es"},"image":{"@id":"https:\/\/www.em2producoes.com.br\/site\/#\/schema\/logo\/image\/"}}]}},"_links":{"self":[{"href":"https:\/\/www.em2producoes.com.br\/site\/wp-json\/wp\/v2\/casting\/2905"}],"collection":[{"href":"https:\/\/www.em2producoes.com.br\/site\/wp-json\/wp\/v2\/casting"}],"about":[{"href":"https:\/\/www.em2producoes.com.br\/site\/wp-json\/wp\/v2\/types\/casting"}],"author":[{"embeddable":true,"href":"https:\/\/www.em2producoes.com.br\/site\/wp-json\/wp\/v2\/users\/2"}],"version-history":[{"count":1,"href":"https:\/\/www.em2producoes.com.br\/site\/wp-json\/wp\/v2\/casting\/2905\/revisions"}],"predecessor-version":[{"id":2907,"href":"https:\/\/www.em2producoes.com.br\/site\/wp-json\/wp\/v2\/casting\/2905\/revisions\/2907"}],"wp:featuredmedia":[{"embeddable":true,"href":"https:\/\/www.em2producoes.com.br\/site\/wp-json\/wp\/v2\/media\/2906"}],"wp:attachment":[{"href":"https:\/\/www.em2producoes.com.br\/site\/wp-json\/wp\/v2\/media?parent=2905"}],"wp:term":[{"taxonomy":"cat_casting","embeddable":true,"href":"https:\/\/www.em2producoes.com.br\/site\/wp-json\/wp\/v2\/cat_casting?post=2905"}],"curies":[{"name":"wp","href":"https:\/\/api.w.org\/{rel}","templated":true}]}}

<p>Referência em apresentação de ao vivo, ALINE MALAFAIA iniciou carreira aos 16 anos como modelo. Logo seu talento para comunicação se destacou e a APRESENTADORA começou a ganhar espaço nos trabalhos em vídeo. Em 2009, mesmo ano em que se graduou em Comunicação Social, Aline foi contratada pela Rede TV, emissora na qual atuou realizando entrevistas com artistas e celebridades. Fluente em inglês e espanhol, a JORNALISTA foi direcionada para as matérias com artistas internacionais em turnê no Brasil.</p>



<p>Aos 26 anos estreou como apresentadora no Shoptime, onde atuava ao vivo diariamente no Prime Time do canal de Home Shopping. Em 2014 foi convidada para programa o Rio de Prêmios, então veiculado pela Record TV Rio. Permaneceu na apresentação do dominical durante 6 anos, e em 2021 foi com o mesmo grupo para a Band TV Rio, com o produto RJ da Sorte, também na apresentação, realização de entrevistas e publicidades.</p>



<p>Além da televisão, Aline Malafaia construiu carreira no meio corporativo, e acumula experiência há mais de dez anos como MESTRE DE CERIMÔNIAS em premiações, shows, lançamentos de produtos, congressos, seminários e eventos institucionais. Com a pandemia de Covid-19 e a transformação desses eventos em lives, a APRESENTADORA passou a ter ainda mais destaque por sua experiência híbrida rara: ancorar transmissões ao vivo e apresentar eventos de diferentes segmentos. Comunicadora múltipla e apaixonada por voz, Aline&nbsp; atua ainda como LOCUTORA COMERCIAL. Consulte Aline Malafaia para Eventos como Moderadora, Mestre de Cerimônias e Locuções.</p>

<p>Referência em apresentação de ao vivo, ALINE MALAFAIA iniciou carreira aos 16 anos como modelo. Logo seu talento para comunicação se destacou e a APRESENTADORA começou a ganhar espaço nos trabalhos em vídeo. Em 2009, mesmo ano em que se graduou em Comunicação Social, Aline foi contratada pela Rede TV, emissora na qual atuou realizando &hellip; <a href="https://www.em2producoes.com.br/site/casting/aline-malafaia/">Continua</a></p>

<!-- This site is optimized with the Yoast SEO plugin v19.6.1 - https://yoast.com/wordpress/plugins/seo/ -->
<title>Aline Malafaia - EM2 Produções</title>
<meta name="robots" content="index, follow, max-snippet:-1, max-image-preview:large, max-video-preview:-1" />
<link rel="canonical" href="https://www.em2producoes.com.br/site/casting/aline-malafaia/" />
<meta property="og:locale" content="pt_BR" />
<meta property="og:type" content="article" />
<meta property="og:title" content="Aline Malafaia - EM2 Produções" />
<meta property="og:description" content="Referência em apresentação de ao vivo, ALINE MALAFAIA iniciou carreira aos 16 anos como modelo. Logo seu talento para comunicação se destacou e a APRESENTADORA começou a ganhar espaço nos trabalhos em vídeo. Em 2009, mesmo ano em que se graduou em Comunicação Social, Aline foi contratada pela Rede TV, emissora na qual atuou realizando &hellip; Continua" />
<meta property="og:url" content="https://www.em2producoes.com.br/site/casting/aline-malafaia/" />
<meta property="og:site_name" content="EM2 Produções" />
<meta property="article:publisher" content="https://www.facebook.com/em2producoes/" />
<meta property="article:modified_time" content="2021-09-23T18:30:49+00:00" />
<meta property="og:image" content="https://www.em2producoes.com.br/site/wp-content/uploads/2021/09/Aline-Malafaia-Foto-scaled-e1632421824532.jpg" />
	<meta property="og:image:width" content="1708" />
	<meta property="og:image:height" content="1708" />
	<meta property="og:image:type" content="image/jpeg" />
<meta name="twitter:card" content="summary_large_image" />
<meta name="twitter:label1" content="Est. tempo de leitura" />
	<meta name="twitter:data1" content="2 minutos" />
<script type="application/ld+json" class="yoast-schema-graph">{"@context":"https://schema.org","@graph":[{"@type":"WebPage","@id":"https://www.em2producoes.com.br/site/casting/aline-malafaia/","url":"https://www.em2producoes.com.br/site/casting/aline-malafaia/","name":"Aline Malafaia - EM2 Produções","isPartOf":{"@id":"https://www.em2producoes.com.br/site/#website"},"datePublished":"2021-09-03T17:37:42+00:00","dateModified":"2021-09-23T18:30:49+00:00","breadcrumb":{"@id":"https://www.em2producoes.com.br/site/casting/aline-malafaia/#breadcrumb"},"inLanguage":"pt-BR","potentialAction":[{"@type":"ReadAction","target":["https://www.em2producoes.com.br/site/casting/aline-malafaia/"]}]},{"@type":"BreadcrumbList","@id":"https://www.em2producoes.com.br/site/casting/aline-malafaia/#breadcrumb","itemListElement":[{"@type":"ListItem","position":1,"name":"Início","item":"https://www.em2producoes.com.br/site/"},{"@type":"ListItem","position":2,"name":"Casting","item":"https://www.em2producoes.com.br/site/casting/"},{"@type":"ListItem","position":3,"name":"Aline Malafaia"}]},{"@type":"WebSite","@id":"https://www.em2producoes.com.br/site/#website","url":"https://www.em2producoes.com.br/site/","name":"EM2 Produções","description":"Ativando &amp; Conectando Marcas e Talentos","publisher":{"@id":"https://www.em2producoes.com.br/site/#organization"},"potentialAction":[{"@type":"SearchAction","target":{"@type":"EntryPoint","urlTemplate":"https://www.em2producoes.com.br/site/?s={search_term_string}"},"query-input":"required name=search_term_string"}],"inLanguage":"pt-BR"},{"@type":"Organization","@id":"https://www.em2producoes.com.br/site/#organization","name":"EM2 Produções","url":"https://www.em2producoes.com.br/site/","sameAs":["https://www.instagram.com/em2producoes/","https://www.youtube.com/channel/UCGLxUPhqHfr6zp3izS5GdWg","https://www.facebook.com/em2producoes/"],"logo":{"@type":"ImageObject","inLanguage":"pt-BR","@id":"https://www.em2producoes.com.br/site/#/schema/logo/image/","url":"http://www.em2producoes.com.br/site/wp-content/uploads/2021/05/logotipo-big.jpg","contentUrl":"http://www.em2producoes.com.br/site/wp-content/uploads/2021/05/logotipo-big.jpg","width":710,"height":310,"caption":"EM2 Produções"},"image":{"@id":"https://www.em2producoes.com.br/site/#/schema/logo/image/"}}]}</script>
<!-- / Yoast SEO plugin. -->

Aline Malafaia - EM2 Produções

Referência em apresentação de ao vivo, ALINE MALAFAIA iniciou carreira aos 16 anos como modelo. Logo seu talento para comunicação se destacou e a APRESENTADORA começou a ganhar espaço nos trabalhos em vídeo. Em 2009, mesmo ano em que se graduou em Comunicação Social, Aline foi contratada pela Rede TV, emissora na qual atuou realizando &hellip; Continua

EM2 Produções

Início
