{"id":2908,"date":"2021-09-03T19:42:24","date_gmt":"2021-09-03T22:42:24","guid":{"rendered":"http:\/\/www.em2producoes.com.br\/site\/?post_type=casting&#038;p=2908"},"modified":"2021-09-03T19:43:00","modified_gmt":"2021-09-03T22:43:00","slug":"cris-amaral","status":"publish","type":"casting","link":"https:\/\/www.em2producoes.com.br\/site\/casting\/cris-amaral\/","title":{"rendered":"Cris Amaral"},"content":{"rendered":"\n<p>Cris Amaral \u00e9 jornalista com mais de 15 anos de experi\u00eancia na televis\u00e3o, com carreira constru\u00edda nos canais Globo e afiliada na Baixada Santista. H\u00e1 mais de 5 anos se juntou ao time de apresentadores do programa Auto Esporte, exibido nas manh\u00e3s de domingo, e se tornou um dos principais nomes do mercado automotivo.<\/p>\n\n\n\n<p>Al\u00e9m de apresentadora, Cris Amaral faz palestras abordando os seguintes temas: \u201cPandemia: inova\u00e7\u00f5es do mercado focadas na sa\u00fade e seguran\u00e7a do motorista\u201d; \u201cCorpo humano: o que acontece com o motorista ap\u00f3s horas na dire\u00e7\u00e3o\u201d; e \u201cMulher ao volante, potencial a ser valorizado\u201d.<\/p>\n\n\n\n<p>Consulte Cris Amaral para Campanhas Publicit\u00e1rias caso seja permitido pelo programa no qual \u00e9 contratada, para palestras e para Eventos como Moderadora, Mestre de Cerim\u00f4nias, Presen\u00e7a Vip e Locu\u00e7\u00f5es.<\/p>\n","protected":false},"excerpt":{"rendered":"<p>Cris Amaral \u00e9 jornalista com mais de 15 anos de experi\u00eancia na televis\u00e3o, com carreira constru\u00edda nos canais Globo e afiliada na Baixada Santista. H\u00e1 mais de 5 anos se juntou ao time de apresentadores do programa Auto Esporte, exibido nas manh\u00e3s de domingo, e se tornou um dos principais nomes do mercado automotivo. Al\u00e9m &hellip; <a href=\"https:\/\/www.em2producoes.com.br\/site\/casting\/cris-amaral\/\">Continua<\/a><\/p>\n","protected":false},"author":2,"featured_media":2909,"template":"","cat_casting":[65,66,91],"acf":[],"yoast_head":"<!-- This site is optimized with the Yoast SEO plugin v19.6.1 - https:\/\/yoast.com\/wordpress\/plugins\/seo\/ -->\n<title>Cris Amaral - EM2 Produ\u00e7\u00f5es<\/title>\n<meta name=\"robots\" content=\"index, follow, max-snippet:-1, max-image-preview:large, max-video-preview:-1\" \/>\n<link rel=\"canonical\" href=\"https:\/\/www.em2producoes.com.br\/site\/casting\/cris-amaral\/\" \/>\n<meta property=\"og:locale\" content=\"pt_BR\" \/>\n<meta property=\"og:type\" content=\"article\" \/>\n<meta property=\"og:title\" content=\"Cris Amaral - EM2 Produ\u00e7\u00f5es\" \/>\n<meta property=\"og:description\" content=\"Cris Amaral \u00e9 jornalista com mais de 15 anos de experi\u00eancia na televis\u00e3o, com carreira constru\u00edda nos canais Globo e afiliada na Baixada Santista. H\u00e1 mais de 5 anos se juntou ao time de apresentadores do programa Auto Esporte, exibido nas manh\u00e3s de domingo, e se tornou um dos principais nomes do mercado automotivo. Al\u00e9m &hellip; Continua\" \/>\n<meta property=\"og:url\" content=\"https:\/\/www.em2producoes.com.br\/site\/casting\/cris-amaral\/\" \/>\n<meta property=\"og:site_name\" content=\"EM2 Produ\u00e7\u00f5es\" \/>\n<meta property=\"article:publisher\" content=\"https:\/\/www.facebook.com\/em2producoes\/\" \/>\n<meta property=\"article:modified_time\" content=\"2021-09-03T22:43:00+00:00\" \/>\n<meta property=\"og:image\" content=\"https:\/\/www.em2producoes.com.br\/site\/wp-content\/uploads\/2021\/09\/Cris-Amaral.FOTO_.jpg\" \/>\n\t<meta property=\"og:image:width\" content=\"750\" \/>\n\t<meta property=\"og:image:height\" content=\"1333\" \/>\n\t<meta property=\"og:image:type\" content=\"image\/jpeg\" \/>\n<meta name=\"twitter:card\" content=\"summary_large_image\" \/>\n<meta name=\"twitter:label1\" content=\"Est. tempo de leitura\" \/>\n\t<meta name=\"twitter:data1\" content=\"1 minuto\" \/>\n<script type=\"application\/ld+json\" class=\"yoast-schema-graph\">{\"@context\":\"https:\/\/schema.org\",\"@graph\":[{\"@type\":\"WebPage\",\"@id\":\"https:\/\/www.em2producoes.com.br\/site\/casting\/cris-amaral\/\",\"url\":\"https:\/\/www.em2producoes.com.br\/site\/casting\/cris-amaral\/\",\"name\":\"Cris Amaral - EM2 Produ\u00e7\u00f5es\",\"isPartOf\":{\"@id\":\"https:\/\/www.em2producoes.com.br\/site\/#website\"},\"datePublished\":\"2021-09-03T22:42:24+00:00\",\"dateModified\":\"2021-09-03T22:43:00+00:00\",\"breadcrumb\":{\"@id\":\"https:\/\/www.em2producoes.com.br\/site\/casting\/cris-amaral\/#breadcrumb\"},\"inLanguage\":\"pt-BR\",\"potentialAction\":[{\"@type\":\"ReadAction\",\"target\":[\"https:\/\/www.em2producoes.com.br\/site\/casting\/cris-amaral\/\"]}]},{\"@type\":\"BreadcrumbList\",\"@id\":\"https:\/\/www.em2producoes.com.br\/site\/casting\/cris-amaral\/#breadcrumb\",\"itemListElement\":[{\"@type\":\"ListItem\",\"position\":1,\"name\":\"In\u00edcio\",\"item\":\"https:\/\/www.em2producoes.com.br\/site\/\"},{\"@type\":\"ListItem\",\"position\":2,\"name\":\"Casting\",\"item\":\"https:\/\/www.em2producoes.com.br\/site\/casting\/\"},{\"@type\":\"ListItem\",\"position\":3,\"name\":\"Cris Amaral\"}]},{\"@type\":\"WebSite\",\"@id\":\"https:\/\/www.em2producoes.com.br\/site\/#website\",\"url\":\"https:\/\/www.em2producoes.com.br\/site\/\",\"name\":\"EM2 Produ\u00e7\u00f5es\",\"description\":\"Ativando &amp; Conectando Marcas e Talentos\",\"publisher\":{\"@id\":\"https:\/\/www.em2producoes.com.br\/site\/#organization\"},\"potentialAction\":[{\"@type\":\"SearchAction\",\"target\":{\"@type\":\"EntryPoint\",\"urlTemplate\":\"https:\/\/www.em2producoes.com.br\/site\/?s={search_term_string}\"},\"query-input\":\"required name=search_term_string\"}],\"inLanguage\":\"pt-BR\"},{\"@type\":\"Organization\",\"@id\":\"https:\/\/www.em2producoes.com.br\/site\/#organization\",\"name\":\"EM2 Produ\u00e7\u00f5es\",\"url\":\"https:\/\/www.em2producoes.com.br\/site\/\",\"sameAs\":[\"https:\/\/www.instagram.com\/em2producoes\/\",\"https:\/\/www.youtube.com\/channel\/UCGLxUPhqHfr6zp3izS5GdWg\",\"https:\/\/www.facebook.com\/em2producoes\/\"],\"logo\":{\"@type\":\"ImageObject\",\"inLanguage\":\"pt-BR\",\"@id\":\"https:\/\/www.em2producoes.com.br\/site\/#\/schema\/logo\/image\/\",\"url\":\"http:\/\/www.em2producoes.com.br\/site\/wp-content\/uploads\/2021\/05\/logotipo-big.jpg\",\"contentUrl\":\"http:\/\/www.em2producoes.com.br\/site\/wp-content\/uploads\/2021\/05\/logotipo-big.jpg\",\"width\":710,\"height\":310,\"caption\":\"EM2 Produ\u00e7\u00f5es\"},\"image\":{\"@id\":\"https:\/\/www.em2producoes.com.br\/site\/#\/schema\/logo\/image\/\"}}]}<\/script>\n<!-- \/ Yoast SEO plugin. -->","yoast_head_json":{"title":"Cris Amaral - EM2 Produ\u00e7\u00f5es","robots":{"index":"index","follow":"follow","max-snippet":"max-snippet:-1","max-image-preview":"max-image-preview:large","max-video-preview":"max-video-preview:-1"},"canonical":"https:\/\/www.em2producoes.com.br\/site\/casting\/cris-amaral\/","og_locale":"pt_BR","og_type":"article","og_title":"Cris Amaral - EM2 Produ\u00e7\u00f5es","og_description":"Cris Amaral \u00e9 jornalista com mais de 15 anos de experi\u00eancia na televis\u00e3o, com carreira constru\u00edda nos canais Globo e afiliada na Baixada Santista. H\u00e1 mais de 5 anos se juntou ao time de apresentadores do programa Auto Esporte, exibido nas manh\u00e3s de domingo, e se tornou um dos principais nomes do mercado automotivo. Al\u00e9m &hellip; Continua","og_url":"https:\/\/www.em2producoes.com.br\/site\/casting\/cris-amaral\/","og_site_name":"EM2 Produ\u00e7\u00f5es","article_publisher":"https:\/\/www.facebook.com\/em2producoes\/","article_modified_time":"2021-09-03T22:43:00+00:00","og_image":[{"width":750,"height":1333,"url":"https:\/\/www.em2producoes.com.br\/site\/wp-content\/uploads\/2021\/09\/Cris-Amaral.FOTO_.jpg","type":"image\/jpeg"}],"twitter_card":"summary_large_image","twitter_misc":{"Est. tempo de leitura":"1 minuto"},"schema":{"@context":"https:\/\/schema.org","@graph":[{"@type":"WebPage","@id":"https:\/\/www.em2producoes.com.br\/site\/casting\/cris-amaral\/","url":"https:\/\/www.em2producoes.com.br\/site\/casting\/cris-amaral\/","name":"Cris Amaral - EM2 Produ\u00e7\u00f5es","isPartOf":{"@id":"https:\/\/www.em2producoes.com.br\/site\/#website"},"datePublished":"2021-09-03T22:42:24+00:00","dateModified":"2021-09-03T22:43:00+00:00","breadcrumb":{"@id":"https:\/\/www.em2producoes.com.br\/site\/casting\/cris-amaral\/#breadcrumb"},"inLanguage":"pt-BR","potentialAction":[{"@type":"ReadAction","target":["https:\/\/www.em2producoes.com.br\/site\/casting\/cris-amaral\/"]}]},{"@type":"BreadcrumbList","@id":"https:\/\/www.em2producoes.com.br\/site\/casting\/cris-amaral\/#breadcrumb","itemListElement":[{"@type":"ListItem","position":1,"name":"In\u00edcio","item":"https:\/\/www.em2producoes.com.br\/site\/"},{"@type":"ListItem","position":2,"name":"Casting","item":"https:\/\/www.em2producoes.com.br\/site\/casting\/"},{"@type":"ListItem","position":3,"name":"Cris Amaral"}]},{"@type":"WebSite","@id":"https:\/\/www.em2producoes.com.br\/site\/#website","url":"https:\/\/www.em2producoes.com.br\/site\/","name":"EM2 Produ\u00e7\u00f5es","description":"Ativando &amp; Conectando Marcas e Talentos","publisher":{"@id":"https:\/\/www.em2producoes.com.br\/site\/#organization"},"potentialAction":[{"@type":"SearchAction","target":{"@type":"EntryPoint","urlTemplate":"https:\/\/www.em2producoes.com.br\/site\/?s={search_term_string}"},"query-input":"required name=search_term_string"}],"inLanguage":"pt-BR"},{"@type":"Organization","@id":"https:\/\/www.em2producoes.com.br\/site\/#organization","name":"EM2 Produ\u00e7\u00f5es","url":"https:\/\/www.em2producoes.com.br\/site\/","sameAs":["https:\/\/www.instagram.com\/em2producoes\/","https:\/\/www.youtube.com\/channel\/UCGLxUPhqHfr6zp3izS5GdWg","https:\/\/www.facebook.com\/em2producoes\/"],"logo":{"@type":"ImageObject","inLanguage":"pt-BR","@id":"https:\/\/www.em2producoes.com.br\/site\/#\/schema\/logo\/image\/","url":"http:\/\/www.em2producoes.com.br\/site\/wp-content\/uploads\/2021\/05\/logotipo-big.jpg","contentUrl":"http:\/\/www.em2producoes.com.br\/site\/wp-content\/uploads\/2021\/05\/logotipo-big.jpg","width":710,"height":310,"caption":"EM2 Produ\u00e7\u00f5es"},"image":{"@id":"https:\/\/www.em2producoes.com.br\/site\/#\/schema\/logo\/image\/"}}]}},"_links":{"self":[{"href":"https:\/\/www.em2producoes.com.br\/site\/wp-json\/wp\/v2\/casting\/2908"}],"collection":[{"href":"https:\/\/www.em2producoes.com.br\/site\/wp-json\/wp\/v2\/casting"}],"about":[{"href":"https:\/\/www.em2producoes.com.br\/site\/wp-json\/wp\/v2\/types\/casting"}],"author":[{"embeddable":true,"href":"https:\/\/www.em2producoes.com.br\/site\/wp-json\/wp\/v2\/users\/2"}],"version-history":[{"count":1,"href":"https:\/\/www.em2producoes.com.br\/site\/wp-json\/wp\/v2\/casting\/2908\/revisions"}],"predecessor-version":[{"id":2910,"href":"https:\/\/www.em2producoes.com.br\/site\/wp-json\/wp\/v2\/casting\/2908\/revisions\/2910"}],"wp:featuredmedia":[{"embeddable":true,"href":"https:\/\/www.em2producoes.com.br\/site\/wp-json\/wp\/v2\/media\/2909"}],"wp:attachment":[{"href":"https:\/\/www.em2producoes.com.br\/site\/wp-json\/wp\/v2\/media?parent=2908"}],"wp:term":[{"taxonomy":"cat_casting","embeddable":true,"href":"https:\/\/www.em2producoes.com.br\/site\/wp-json\/wp\/v2\/cat_casting?post=2908"}],"curies":[{"name":"wp","href":"https:\/\/api.w.org\/{rel}","templated":true}]}}

<p>Cris Amaral é jornalista com mais de 15 anos de experiência na televisão, com carreira construída nos canais Globo e afiliada na Baixada Santista. Há mais de 5 anos se juntou ao time de apresentadores do programa Auto Esporte, exibido nas manhãs de domingo, e se tornou um dos principais nomes do mercado automotivo.</p>



<p>Além de apresentadora, Cris Amaral faz palestras abordando os seguintes temas: “Pandemia: inovações do mercado focadas na saúde e segurança do motorista”; “Corpo humano: o que acontece com o motorista após horas na direção”; e “Mulher ao volante, potencial a ser valorizado”.</p>



<p>Consulte Cris Amaral para Campanhas Publicitárias caso seja permitido pelo programa no qual é contratada, para palestras e para Eventos como Moderadora, Mestre de Cerimônias, Presença Vip e Locuções.</p>

<p>Cris Amaral é jornalista com mais de 15 anos de experiência na televisão, com carreira construída nos canais Globo e afiliada na Baixada Santista. Há mais de 5 anos se juntou ao time de apresentadores do programa Auto Esporte, exibido nas manhãs de domingo, e se tornou um dos principais nomes do mercado automotivo. Além &hellip; <a href="https://www.em2producoes.com.br/site/casting/cris-amaral/">Continua</a></p>

<!-- This site is optimized with the Yoast SEO plugin v19.6.1 - https://yoast.com/wordpress/plugins/seo/ -->
<title>Cris Amaral - EM2 Produções</title>
<meta name="robots" content="index, follow, max-snippet:-1, max-image-preview:large, max-video-preview:-1" />
<link rel="canonical" href="https://www.em2producoes.com.br/site/casting/cris-amaral/" />
<meta property="og:locale" content="pt_BR" />
<meta property="og:type" content="article" />
<meta property="og:title" content="Cris Amaral - EM2 Produções" />
<meta property="og:description" content="Cris Amaral é jornalista com mais de 15 anos de experiência na televisão, com carreira construída nos canais Globo e afiliada na Baixada Santista. Há mais de 5 anos se juntou ao time de apresentadores do programa Auto Esporte, exibido nas manhãs de domingo, e se tornou um dos principais nomes do mercado automotivo. Além &hellip; Continua" />
<meta property="og:url" content="https://www.em2producoes.com.br/site/casting/cris-amaral/" />
<meta property="og:site_name" content="EM2 Produções" />
<meta property="article:publisher" content="https://www.facebook.com/em2producoes/" />
<meta property="article:modified_time" content="2021-09-03T22:43:00+00:00" />
<meta property="og:image" content="https://www.em2producoes.com.br/site/wp-content/uploads/2021/09/Cris-Amaral.FOTO_.jpg" />
	<meta property="og:image:width" content="750" />
	<meta property="og:image:height" content="1333" />
	<meta property="og:image:type" content="image/jpeg" />
<meta name="twitter:card" content="summary_large_image" />
<meta name="twitter:label1" content="Est. tempo de leitura" />
	<meta name="twitter:data1" content="1 minuto" />
<script type="application/ld+json" class="yoast-schema-graph">{"@context":"https://schema.org","@graph":[{"@type":"WebPage","@id":"https://www.em2producoes.com.br/site/casting/cris-amaral/","url":"https://www.em2producoes.com.br/site/casting/cris-amaral/","name":"Cris Amaral - EM2 Produções","isPartOf":{"@id":"https://www.em2producoes.com.br/site/#website"},"datePublished":"2021-09-03T22:42:24+00:00","dateModified":"2021-09-03T22:43:00+00:00","breadcrumb":{"@id":"https://www.em2producoes.com.br/site/casting/cris-amaral/#breadcrumb"},"inLanguage":"pt-BR","potentialAction":[{"@type":"ReadAction","target":["https://www.em2producoes.com.br/site/casting/cris-amaral/"]}]},{"@type":"BreadcrumbList","@id":"https://www.em2producoes.com.br/site/casting/cris-amaral/#breadcrumb","itemListElement":[{"@type":"ListItem","position":1,"name":"Início","item":"https://www.em2producoes.com.br/site/"},{"@type":"ListItem","position":2,"name":"Casting","item":"https://www.em2producoes.com.br/site/casting/"},{"@type":"ListItem","position":3,"name":"Cris Amaral"}]},{"@type":"WebSite","@id":"https://www.em2producoes.com.br/site/#website","url":"https://www.em2producoes.com.br/site/","name":"EM2 Produções","description":"Ativando &amp; Conectando Marcas e Talentos","publisher":{"@id":"https://www.em2producoes.com.br/site/#organization"},"potentialAction":[{"@type":"SearchAction","target":{"@type":"EntryPoint","urlTemplate":"https://www.em2producoes.com.br/site/?s={search_term_string}"},"query-input":"required name=search_term_string"}],"inLanguage":"pt-BR"},{"@type":"Organization","@id":"https://www.em2producoes.com.br/site/#organization","name":"EM2 Produções","url":"https://www.em2producoes.com.br/site/","sameAs":["https://www.instagram.com/em2producoes/","https://www.youtube.com/channel/UCGLxUPhqHfr6zp3izS5GdWg","https://www.facebook.com/em2producoes/"],"logo":{"@type":"ImageObject","inLanguage":"pt-BR","@id":"https://www.em2producoes.com.br/site/#/schema/logo/image/","url":"http://www.em2producoes.com.br/site/wp-content/uploads/2021/05/logotipo-big.jpg","contentUrl":"http://www.em2producoes.com.br/site/wp-content/uploads/2021/05/logotipo-big.jpg","width":710,"height":310,"caption":"EM2 Produções"},"image":{"@id":"https://www.em2producoes.com.br/site/#/schema/logo/image/"}}]}</script>
<!-- / Yoast SEO plugin. -->

Cris Amaral - EM2 Produções

Cris Amaral é jornalista com mais de 15 anos de experiência na televisão, com carreira construída nos canais Globo e afiliada na Baixada Santista. Há mais de 5 anos se juntou ao time de apresentadores do programa Auto Esporte, exibido nas manhãs de domingo, e se tornou um dos principais nomes do mercado automotivo. Além &hellip; Continua

EM2 Produções

Início
