{"id":737,"date":"2018-12-05T12:53:59","date_gmt":"2018-12-05T14:53:59","guid":{"rendered":"http:\/\/em2producoes.com.br\/novo\/wordpress\/?post_type=casting&#038;p=737"},"modified":"2022-05-19T18:45:41","modified_gmt":"2022-05-19T21:45:41","slug":"elam-lima","status":"publish","type":"casting","link":"https:\/\/www.em2producoes.com.br\/site\/casting\/elam-lima\/","title":{"rendered":"Elam Lima"},"content":{"rendered":"<p><strong>Televis\u00e3o<\/strong><br \/>\n&#8211; C\u00famplices de um Resgate \u2013 ( SBT)<br \/>\n&#8211; Malha\u00e7\u00e3o 2013 &#8211; (Rede Globo)<br \/>\n&#8211; Avenida Brasil &#8211; (Rede Globo)<br \/>\n&#8211; Cidad\u00e3o Brasileiro \u2013 (Rede Record)<br \/>\n&#8211; P\u00e9 na Jaca \u2013 (Rede Globo)<br \/>\n&#8211; Vende-se um V\u00e9u de Noiva &#8211; (SBT)<br \/>\n&#8211; Uma Rosa com Amor \u2013 (SBT)<\/p>\n<p><strong>Apresentador<\/strong><br \/>\n&#8211; TV Break ( HBO)<br \/>\n&#8211; Unilever no Ar ( interno)<\/p>\n<p><strong>Teatro<\/strong><br \/>\n&#8211; Caros Ouvintes<br \/>\n&#8211; A Serpente \u2013 Nelson Rodrigues<br \/>\n&#8211; Boca de Ouro \u2013 Nelson Rodrigues<br \/>\n&#8211; Text\u00edculos dire\u00e7\u00e3o de Antonio Rocco no N.E.X.T<br \/>\n&#8211; Cinderela<br \/>\n&#8211; O Inspetor Geral<br \/>\n&#8211; O Surto Nosso de Cada Dia<br \/>\n&#8211; Di\u00e1logos Improv\u00e1veis<br \/>\n&#8211; Auto da Barca do Inferno<br \/>\n&#8211; Vi\u00fava Por\u00e9m Honesta<br \/>\n&#8211; Dorot\u00e9ia<br \/>\n&#8211; Trist\u00e3o &amp; Isolda<\/p>\n<p><strong>Curso<\/strong><br \/>\nEdgemar Center of the Arts \u2013 Los Angeles<\/p>\n<p><strong>Outros<\/strong><br \/>\n&#8211; Campanhas Publicit\u00e1rias<br \/>\n&#8211; Dublagens<br \/>\n&#8211; Mestre de Cerim\u00f4nias em Eventos de Empresas<br \/>\n&#8211; Presen\u00e7a Vip em Eventos<\/p>\n","protected":false},"excerpt":{"rendered":"<p>Elam Lima \u00e9 ator, fez curso profissionalizante na escola Incenna em S\u00e3o Paulo e com importantes profissionais da \u00e1rea como, Juliana Carneiro da Cunha do Th\u00e8\u00e2tre du Soleil, Roberto Lage, F\u00e1tima Toledo, ainda, cursou cinema em Los Angeles no Edgemar Center of the Arts em Sta. M\u00f4nica, e outros.<\/p>\n","protected":false},"author":2,"featured_media":3189,"template":"","cat_casting":[70,66,60,61],"acf":[],"yoast_head":"<!-- This site is optimized with the Yoast SEO plugin v19.6.1 - https:\/\/yoast.com\/wordpress\/plugins\/seo\/ -->\n<title>Elam Lima - EM2 Produ\u00e7\u00f5es<\/title>\n<meta name=\"robots\" content=\"index, follow, max-snippet:-1, max-image-preview:large, max-video-preview:-1\" \/>\n<link rel=\"canonical\" href=\"https:\/\/www.em2producoes.com.br\/site\/casting\/elam-lima\/\" \/>\n<meta property=\"og:locale\" content=\"pt_BR\" \/>\n<meta property=\"og:type\" content=\"article\" \/>\n<meta property=\"og:title\" content=\"Elam Lima - EM2 Produ\u00e7\u00f5es\" \/>\n<meta property=\"og:description\" content=\"Elam Lima \u00e9 ator, fez curso profissionalizante na escola Incenna em S\u00e3o Paulo e com importantes profissionais da \u00e1rea como, Juliana Carneiro da Cunha do Th\u00e8\u00e2tre du Soleil, Roberto Lage, F\u00e1tima Toledo, ainda, cursou cinema em Los Angeles no Edgemar Center of the Arts em Sta. M\u00f4nica, e outros.\" \/>\n<meta property=\"og:url\" content=\"https:\/\/www.em2producoes.com.br\/site\/casting\/elam-lima\/\" \/>\n<meta property=\"og:site_name\" content=\"EM2 Produ\u00e7\u00f5es\" \/>\n<meta property=\"article:publisher\" content=\"https:\/\/www.facebook.com\/em2producoes\/\" \/>\n<meta property=\"article:modified_time\" content=\"2022-05-19T21:45:41+00:00\" \/>\n<meta property=\"og:image\" content=\"https:\/\/www.em2producoes.com.br\/site\/wp-content\/uploads\/2018\/12\/Elam-Lima.jpg\" \/>\n\t<meta property=\"og:image:width\" content=\"2048\" \/>\n\t<meta property=\"og:image:height\" content=\"2048\" \/>\n\t<meta property=\"og:image:type\" content=\"image\/jpeg\" \/>\n<meta name=\"twitter:card\" content=\"summary_large_image\" \/>\n<meta name=\"twitter:label1\" content=\"Est. tempo de leitura\" \/>\n\t<meta name=\"twitter:data1\" content=\"1 minuto\" \/>\n<script type=\"application\/ld+json\" class=\"yoast-schema-graph\">{\"@context\":\"https:\/\/schema.org\",\"@graph\":[{\"@type\":\"WebPage\",\"@id\":\"https:\/\/www.em2producoes.com.br\/site\/casting\/elam-lima\/\",\"url\":\"https:\/\/www.em2producoes.com.br\/site\/casting\/elam-lima\/\",\"name\":\"Elam Lima - EM2 Produ\u00e7\u00f5es\",\"isPartOf\":{\"@id\":\"https:\/\/www.em2producoes.com.br\/site\/#website\"},\"datePublished\":\"2018-12-05T14:53:59+00:00\",\"dateModified\":\"2022-05-19T21:45:41+00:00\",\"breadcrumb\":{\"@id\":\"https:\/\/www.em2producoes.com.br\/site\/casting\/elam-lima\/#breadcrumb\"},\"inLanguage\":\"pt-BR\",\"potentialAction\":[{\"@type\":\"ReadAction\",\"target\":[\"https:\/\/www.em2producoes.com.br\/site\/casting\/elam-lima\/\"]}]},{\"@type\":\"BreadcrumbList\",\"@id\":\"https:\/\/www.em2producoes.com.br\/site\/casting\/elam-lima\/#breadcrumb\",\"itemListElement\":[{\"@type\":\"ListItem\",\"position\":1,\"name\":\"In\u00edcio\",\"item\":\"https:\/\/www.em2producoes.com.br\/site\/\"},{\"@type\":\"ListItem\",\"position\":2,\"name\":\"Casting\",\"item\":\"https:\/\/www.em2producoes.com.br\/site\/casting\/\"},{\"@type\":\"ListItem\",\"position\":3,\"name\":\"Elam Lima\"}]},{\"@type\":\"WebSite\",\"@id\":\"https:\/\/www.em2producoes.com.br\/site\/#website\",\"url\":\"https:\/\/www.em2producoes.com.br\/site\/\",\"name\":\"EM2 Produ\u00e7\u00f5es\",\"description\":\"Ativando &amp; Conectando Marcas e Talentos\",\"publisher\":{\"@id\":\"https:\/\/www.em2producoes.com.br\/site\/#organization\"},\"potentialAction\":[{\"@type\":\"SearchAction\",\"target\":{\"@type\":\"EntryPoint\",\"urlTemplate\":\"https:\/\/www.em2producoes.com.br\/site\/?s={search_term_string}\"},\"query-input\":\"required name=search_term_string\"}],\"inLanguage\":\"pt-BR\"},{\"@type\":\"Organization\",\"@id\":\"https:\/\/www.em2producoes.com.br\/site\/#organization\",\"name\":\"EM2 Produ\u00e7\u00f5es\",\"url\":\"https:\/\/www.em2producoes.com.br\/site\/\",\"sameAs\":[\"https:\/\/www.instagram.com\/em2producoes\/\",\"https:\/\/www.youtube.com\/channel\/UCGLxUPhqHfr6zp3izS5GdWg\",\"https:\/\/www.facebook.com\/em2producoes\/\"],\"logo\":{\"@type\":\"ImageObject\",\"inLanguage\":\"pt-BR\",\"@id\":\"https:\/\/www.em2producoes.com.br\/site\/#\/schema\/logo\/image\/\",\"url\":\"http:\/\/www.em2producoes.com.br\/site\/wp-content\/uploads\/2021\/05\/logotipo-big.jpg\",\"contentUrl\":\"http:\/\/www.em2producoes.com.br\/site\/wp-content\/uploads\/2021\/05\/logotipo-big.jpg\",\"width\":710,\"height\":310,\"caption\":\"EM2 Produ\u00e7\u00f5es\"},\"image\":{\"@id\":\"https:\/\/www.em2producoes.com.br\/site\/#\/schema\/logo\/image\/\"}}]}<\/script>\n<!-- \/ Yoast SEO plugin. -->","yoast_head_json":{"title":"Elam Lima - EM2 Produ\u00e7\u00f5es","robots":{"index":"index","follow":"follow","max-snippet":"max-snippet:-1","max-image-preview":"max-image-preview:large","max-video-preview":"max-video-preview:-1"},"canonical":"https:\/\/www.em2producoes.com.br\/site\/casting\/elam-lima\/","og_locale":"pt_BR","og_type":"article","og_title":"Elam Lima - EM2 Produ\u00e7\u00f5es","og_description":"Elam Lima \u00e9 ator, fez curso profissionalizante na escola Incenna em S\u00e3o Paulo e com importantes profissionais da \u00e1rea como, Juliana Carneiro da Cunha do Th\u00e8\u00e2tre du Soleil, Roberto Lage, F\u00e1tima Toledo, ainda, cursou cinema em Los Angeles no Edgemar Center of the Arts em Sta. M\u00f4nica, e outros.","og_url":"https:\/\/www.em2producoes.com.br\/site\/casting\/elam-lima\/","og_site_name":"EM2 Produ\u00e7\u00f5es","article_publisher":"https:\/\/www.facebook.com\/em2producoes\/","article_modified_time":"2022-05-19T21:45:41+00:00","og_image":[{"width":2048,"height":2048,"url":"https:\/\/www.em2producoes.com.br\/site\/wp-content\/uploads\/2018\/12\/Elam-Lima.jpg","type":"image\/jpeg"}],"twitter_card":"summary_large_image","twitter_misc":{"Est. tempo de leitura":"1 minuto"},"schema":{"@context":"https:\/\/schema.org","@graph":[{"@type":"WebPage","@id":"https:\/\/www.em2producoes.com.br\/site\/casting\/elam-lima\/","url":"https:\/\/www.em2producoes.com.br\/site\/casting\/elam-lima\/","name":"Elam Lima - EM2 Produ\u00e7\u00f5es","isPartOf":{"@id":"https:\/\/www.em2producoes.com.br\/site\/#website"},"datePublished":"2018-12-05T14:53:59+00:00","dateModified":"2022-05-19T21:45:41+00:00","breadcrumb":{"@id":"https:\/\/www.em2producoes.com.br\/site\/casting\/elam-lima\/#breadcrumb"},"inLanguage":"pt-BR","potentialAction":[{"@type":"ReadAction","target":["https:\/\/www.em2producoes.com.br\/site\/casting\/elam-lima\/"]}]},{"@type":"BreadcrumbList","@id":"https:\/\/www.em2producoes.com.br\/site\/casting\/elam-lima\/#breadcrumb","itemListElement":[{"@type":"ListItem","position":1,"name":"In\u00edcio","item":"https:\/\/www.em2producoes.com.br\/site\/"},{"@type":"ListItem","position":2,"name":"Casting","item":"https:\/\/www.em2producoes.com.br\/site\/casting\/"},{"@type":"ListItem","position":3,"name":"Elam Lima"}]},{"@type":"WebSite","@id":"https:\/\/www.em2producoes.com.br\/site\/#website","url":"https:\/\/www.em2producoes.com.br\/site\/","name":"EM2 Produ\u00e7\u00f5es","description":"Ativando &amp; Conectando Marcas e Talentos","publisher":{"@id":"https:\/\/www.em2producoes.com.br\/site\/#organization"},"potentialAction":[{"@type":"SearchAction","target":{"@type":"EntryPoint","urlTemplate":"https:\/\/www.em2producoes.com.br\/site\/?s={search_term_string}"},"query-input":"required name=search_term_string"}],"inLanguage":"pt-BR"},{"@type":"Organization","@id":"https:\/\/www.em2producoes.com.br\/site\/#organization","name":"EM2 Produ\u00e7\u00f5es","url":"https:\/\/www.em2producoes.com.br\/site\/","sameAs":["https:\/\/www.instagram.com\/em2producoes\/","https:\/\/www.youtube.com\/channel\/UCGLxUPhqHfr6zp3izS5GdWg","https:\/\/www.facebook.com\/em2producoes\/"],"logo":{"@type":"ImageObject","inLanguage":"pt-BR","@id":"https:\/\/www.em2producoes.com.br\/site\/#\/schema\/logo\/image\/","url":"http:\/\/www.em2producoes.com.br\/site\/wp-content\/uploads\/2021\/05\/logotipo-big.jpg","contentUrl":"http:\/\/www.em2producoes.com.br\/site\/wp-content\/uploads\/2021\/05\/logotipo-big.jpg","width":710,"height":310,"caption":"EM2 Produ\u00e7\u00f5es"},"image":{"@id":"https:\/\/www.em2producoes.com.br\/site\/#\/schema\/logo\/image\/"}}]}},"_links":{"self":[{"href":"https:\/\/www.em2producoes.com.br\/site\/wp-json\/wp\/v2\/casting\/737"}],"collection":[{"href":"https:\/\/www.em2producoes.com.br\/site\/wp-json\/wp\/v2\/casting"}],"about":[{"href":"https:\/\/www.em2producoes.com.br\/site\/wp-json\/wp\/v2\/types\/casting"}],"author":[{"embeddable":true,"href":"https:\/\/www.em2producoes.com.br\/site\/wp-json\/wp\/v2\/users\/2"}],"version-history":[{"count":1,"href":"https:\/\/www.em2producoes.com.br\/site\/wp-json\/wp\/v2\/casting\/737\/revisions"}],"predecessor-version":[{"id":3191,"href":"https:\/\/www.em2producoes.com.br\/site\/wp-json\/wp\/v2\/casting\/737\/revisions\/3191"}],"wp:featuredmedia":[{"embeddable":true,"href":"https:\/\/www.em2producoes.com.br\/site\/wp-json\/wp\/v2\/media\/3189"}],"wp:attachment":[{"href":"https:\/\/www.em2producoes.com.br\/site\/wp-json\/wp\/v2\/media?parent=737"}],"wp:term":[{"taxonomy":"cat_casting","embeddable":true,"href":"https:\/\/www.em2producoes.com.br\/site\/wp-json\/wp\/v2\/cat_casting?post=737"}],"curies":[{"name":"wp","href":"https:\/\/api.w.org\/{rel}","templated":true}]}}

<p><strong>Televisão</strong><br />
&#8211; Cúmplices de um Resgate – ( SBT)<br />
&#8211; Malhação 2013 &#8211; (Rede Globo)<br />
&#8211; Avenida Brasil &#8211; (Rede Globo)<br />
&#8211; Cidadão Brasileiro – (Rede Record)<br />
&#8211; Pé na Jaca – (Rede Globo)<br />
&#8211; Vende-se um Véu de Noiva &#8211; (SBT)<br />
&#8211; Uma Rosa com Amor – (SBT)</p>
<p><strong>Apresentador</strong><br />
&#8211; TV Break ( HBO)<br />
&#8211; Unilever no Ar ( interno)</p>
<p><strong>Teatro</strong><br />
&#8211; Caros Ouvintes<br />
&#8211; A Serpente – Nelson Rodrigues<br />
&#8211; Boca de Ouro – Nelson Rodrigues<br />
&#8211; Textículos direção de Antonio Rocco no N.E.X.T<br />
&#8211; Cinderela<br />
&#8211; O Inspetor Geral<br />
&#8211; O Surto Nosso de Cada Dia<br />
&#8211; Diálogos Improváveis<br />
&#8211; Auto da Barca do Inferno<br />
&#8211; Viúva Porém Honesta<br />
&#8211; Dorotéia<br />
&#8211; Tristão &amp; Isolda</p>
<p><strong>Curso</strong><br />
Edgemar Center of the Arts – Los Angeles</p>
<p><strong>Outros</strong><br />
&#8211; Campanhas Publicitárias<br />
&#8211; Dublagens<br />
&#8211; Mestre de Cerimônias em Eventos de Empresas<br />
&#8211; Presença Vip em Eventos</p>

<p>Elam Lima é ator, fez curso profissionalizante na escola Incenna em São Paulo e com importantes profissionais da área como, Juliana Carneiro da Cunha do Thèâtre du Soleil, Roberto Lage, Fátima Toledo, ainda, cursou cinema em Los Angeles no Edgemar Center of the Arts em Sta. Mônica, e outros.</p>

<!-- This site is optimized with the Yoast SEO plugin v19.6.1 - https://yoast.com/wordpress/plugins/seo/ -->
<title>Elam Lima - EM2 Produções</title>
<meta name="robots" content="index, follow, max-snippet:-1, max-image-preview:large, max-video-preview:-1" />
<link rel="canonical" href="https://www.em2producoes.com.br/site/casting/elam-lima/" />
<meta property="og:locale" content="pt_BR" />
<meta property="og:type" content="article" />
<meta property="og:title" content="Elam Lima - EM2 Produções" />
<meta property="og:description" content="Elam Lima é ator, fez curso profissionalizante na escola Incenna em São Paulo e com importantes profissionais da área como, Juliana Carneiro da Cunha do Thèâtre du Soleil, Roberto Lage, Fátima Toledo, ainda, cursou cinema em Los Angeles no Edgemar Center of the Arts em Sta. Mônica, e outros." />
<meta property="og:url" content="https://www.em2producoes.com.br/site/casting/elam-lima/" />
<meta property="og:site_name" content="EM2 Produções" />
<meta property="article:publisher" content="https://www.facebook.com/em2producoes/" />
<meta property="article:modified_time" content="2022-05-19T21:45:41+00:00" />
<meta property="og:image" content="https://www.em2producoes.com.br/site/wp-content/uploads/2018/12/Elam-Lima.jpg" />
	<meta property="og:image:width" content="2048" />
	<meta property="og:image:height" content="2048" />
	<meta property="og:image:type" content="image/jpeg" />
<meta name="twitter:card" content="summary_large_image" />
<meta name="twitter:label1" content="Est. tempo de leitura" />
	<meta name="twitter:data1" content="1 minuto" />
<script type="application/ld+json" class="yoast-schema-graph">{"@context":"https://schema.org","@graph":[{"@type":"WebPage","@id":"https://www.em2producoes.com.br/site/casting/elam-lima/","url":"https://www.em2producoes.com.br/site/casting/elam-lima/","name":"Elam Lima - EM2 Produções","isPartOf":{"@id":"https://www.em2producoes.com.br/site/#website"},"datePublished":"2018-12-05T14:53:59+00:00","dateModified":"2022-05-19T21:45:41+00:00","breadcrumb":{"@id":"https://www.em2producoes.com.br/site/casting/elam-lima/#breadcrumb"},"inLanguage":"pt-BR","potentialAction":[{"@type":"ReadAction","target":["https://www.em2producoes.com.br/site/casting/elam-lima/"]}]},{"@type":"BreadcrumbList","@id":"https://www.em2producoes.com.br/site/casting/elam-lima/#breadcrumb","itemListElement":[{"@type":"ListItem","position":1,"name":"Início","item":"https://www.em2producoes.com.br/site/"},{"@type":"ListItem","position":2,"name":"Casting","item":"https://www.em2producoes.com.br/site/casting/"},{"@type":"ListItem","position":3,"name":"Elam Lima"}]},{"@type":"WebSite","@id":"https://www.em2producoes.com.br/site/#website","url":"https://www.em2producoes.com.br/site/","name":"EM2 Produções","description":"Ativando &amp; Conectando Marcas e Talentos","publisher":{"@id":"https://www.em2producoes.com.br/site/#organization"},"potentialAction":[{"@type":"SearchAction","target":{"@type":"EntryPoint","urlTemplate":"https://www.em2producoes.com.br/site/?s={search_term_string}"},"query-input":"required name=search_term_string"}],"inLanguage":"pt-BR"},{"@type":"Organization","@id":"https://www.em2producoes.com.br/site/#organization","name":"EM2 Produções","url":"https://www.em2producoes.com.br/site/","sameAs":["https://www.instagram.com/em2producoes/","https://www.youtube.com/channel/UCGLxUPhqHfr6zp3izS5GdWg","https://www.facebook.com/em2producoes/"],"logo":{"@type":"ImageObject","inLanguage":"pt-BR","@id":"https://www.em2producoes.com.br/site/#/schema/logo/image/","url":"http://www.em2producoes.com.br/site/wp-content/uploads/2021/05/logotipo-big.jpg","contentUrl":"http://www.em2producoes.com.br/site/wp-content/uploads/2021/05/logotipo-big.jpg","width":710,"height":310,"caption":"EM2 Produções"},"image":{"@id":"https://www.em2producoes.com.br/site/#/schema/logo/image/"}}]}</script>
<!-- / Yoast SEO plugin. -->

Elam Lima - EM2 Produções

Elam Lima é ator, fez curso profissionalizante na escola Incenna em São Paulo e com importantes profissionais da área como, Juliana Carneiro da Cunha do Thèâtre du Soleil, Roberto Lage, Fátima Toledo, ainda, cursou cinema em Los Angeles no Edgemar Center of the Arts em Sta. Mônica, e outros.

EM2 Produções

Início
