{"id":750,"date":"2018-12-05T15:30:51","date_gmt":"2018-12-05T17:30:51","guid":{"rendered":"http:\/\/em2producoes.com.br\/novo\/wordpress\/?post_type=casting&amp;p=750"},"modified":"2018-12-05T15:30:51","modified_gmt":"2018-12-05T17:30:51","slug":"elaine-mickely","status":"publish","type":"casting","link":"https:\/\/www.em2producoes.com.br\/site\/casting\/elaine-mickely\/","title":{"rendered":"Elaine Mickely"},"content":{"rendered":"<p>Alguns trabalhos realizados<\/p>\n<p><strong>Televis\u00e3o<\/strong><br \/>\n&#8211; O Amor Est\u00e1 no Ar<br \/>\n&#8211; Malha\u00e7\u00e3o<br \/>\n&#8211; Hilda Furac\u00e3o<br \/>\n&#8211; For\u00e7a de um Desejo<br \/>\n&#8211; Os Normais<br \/>\n&#8211; Escolinha do Professor Raimundo D. Terezuda<br \/>\n&#8211; Sabor da Paix\u00e3o<br \/>\n&#8211; Come\u00e7ar de Novo<br \/>\n&#8211; Dan\u00e7a dos Famosos (reality show &#8211; Doming\u00e3o do Faust\u00e3o \u2013 Foi Vice Campe\u00e3)<br \/>\n&#8211; Beleza Pura<br \/>\n&#8211; \u00c1gua na Boca<br \/>\n&#8211; Cora\u00e7\u00f5es Feridos<br \/>\n&#8211; Aventuras do Didi<br \/>\n&#8211; Imp\u00e9rio<\/p>\n<p><strong>Teatro e Musical<br \/>\n<\/strong>&#8211; Boing Boing<br \/>\n&#8211; Garota Glamour<\/p>\n<p><strong>Outros<\/strong><br \/>\n&#8211; Campanhas Publicit\u00e1rias<br \/>\n&#8211; Dublagens<br \/>\n&#8211; Mestre de Cerim\u00f4nias em v\u00e1rios Eventos de Empresas<br \/>\n&#8211; Eventos<\/p>\n","protected":false},"excerpt":{"rendered":"<p> Atuou nos humor\u00edsticos Zorra Total, Escolinha do Professor Raimundo, A Turma do Didi e As Aventuras do Didi. Participou da segunda edi\u00e7\u00e3o do quadro Dan\u00e7a dos Famosos, do programa Doming\u00e3o do Faust\u00e3o, ficando em segundo lugar, perdendo apenas para o tamb\u00e9m ator Rodrigo Hilbert.<\/p>\n","protected":false},"author":2,"featured_media":1568,"template":"","cat_casting":[61,71],"acf":[],"yoast_head":"<!-- This site is optimized with the Yoast SEO plugin v19.6.1 - https:\/\/yoast.com\/wordpress\/plugins\/seo\/ -->\n<title>Elaine Mickely - EM2 Produ\u00e7\u00f5es<\/title>\n<meta name=\"robots\" content=\"index, follow, max-snippet:-1, max-image-preview:large, max-video-preview:-1\" \/>\n<link rel=\"canonical\" href=\"https:\/\/www.em2producoes.com.br\/site\/casting\/elaine-mickely\/\" \/>\n<meta property=\"og:locale\" content=\"pt_BR\" \/>\n<meta property=\"og:type\" content=\"article\" \/>\n<meta property=\"og:title\" content=\"Elaine Mickely - EM2 Produ\u00e7\u00f5es\" \/>\n<meta property=\"og:description\" content=\"Atuou nos humor\u00edsticos Zorra Total, Escolinha do Professor Raimundo, A Turma do Didi e As Aventuras do Didi. Participou da segunda edi\u00e7\u00e3o do quadro Dan\u00e7a dos Famosos, do programa Doming\u00e3o do Faust\u00e3o, ficando em segundo lugar, perdendo apenas para o tamb\u00e9m ator Rodrigo Hilbert.\" \/>\n<meta property=\"og:url\" content=\"https:\/\/www.em2producoes.com.br\/site\/casting\/elaine-mickely\/\" \/>\n<meta property=\"og:site_name\" content=\"EM2 Produ\u00e7\u00f5es\" \/>\n<meta property=\"article:publisher\" content=\"https:\/\/www.facebook.com\/em2producoes\/\" \/>\n<meta property=\"og:image\" content=\"https:\/\/www.em2producoes.com.br\/site\/wp-content\/uploads\/2019\/02\/elaine-mickely.jpg\" \/>\n\t<meta property=\"og:image:width\" content=\"300\" \/>\n\t<meta property=\"og:image:height\" content=\"300\" \/>\n\t<meta property=\"og:image:type\" content=\"image\/jpeg\" \/>\n<meta name=\"twitter:card\" content=\"summary_large_image\" \/>\n<meta name=\"twitter:label1\" content=\"Est. tempo de leitura\" \/>\n\t<meta name=\"twitter:data1\" content=\"1 minuto\" \/>\n<script type=\"application\/ld+json\" class=\"yoast-schema-graph\">{\"@context\":\"https:\/\/schema.org\",\"@graph\":[{\"@type\":\"WebPage\",\"@id\":\"https:\/\/www.em2producoes.com.br\/site\/casting\/elaine-mickely\/\",\"url\":\"https:\/\/www.em2producoes.com.br\/site\/casting\/elaine-mickely\/\",\"name\":\"Elaine Mickely - EM2 Produ\u00e7\u00f5es\",\"isPartOf\":{\"@id\":\"https:\/\/www.em2producoes.com.br\/site\/#website\"},\"datePublished\":\"2018-12-05T17:30:51+00:00\",\"dateModified\":\"2018-12-05T17:30:51+00:00\",\"breadcrumb\":{\"@id\":\"https:\/\/www.em2producoes.com.br\/site\/casting\/elaine-mickely\/#breadcrumb\"},\"inLanguage\":\"pt-BR\",\"potentialAction\":[{\"@type\":\"ReadAction\",\"target\":[\"https:\/\/www.em2producoes.com.br\/site\/casting\/elaine-mickely\/\"]}]},{\"@type\":\"BreadcrumbList\",\"@id\":\"https:\/\/www.em2producoes.com.br\/site\/casting\/elaine-mickely\/#breadcrumb\",\"itemListElement\":[{\"@type\":\"ListItem\",\"position\":1,\"name\":\"In\u00edcio\",\"item\":\"https:\/\/www.em2producoes.com.br\/site\/\"},{\"@type\":\"ListItem\",\"position\":2,\"name\":\"Casting\",\"item\":\"https:\/\/www.em2producoes.com.br\/site\/casting\/\"},{\"@type\":\"ListItem\",\"position\":3,\"name\":\"Elaine Mickely\"}]},{\"@type\":\"WebSite\",\"@id\":\"https:\/\/www.em2producoes.com.br\/site\/#website\",\"url\":\"https:\/\/www.em2producoes.com.br\/site\/\",\"name\":\"EM2 Produ\u00e7\u00f5es\",\"description\":\"Ativando &amp; Conectando Marcas e Talentos\",\"publisher\":{\"@id\":\"https:\/\/www.em2producoes.com.br\/site\/#organization\"},\"potentialAction\":[{\"@type\":\"SearchAction\",\"target\":{\"@type\":\"EntryPoint\",\"urlTemplate\":\"https:\/\/www.em2producoes.com.br\/site\/?s={search_term_string}\"},\"query-input\":\"required name=search_term_string\"}],\"inLanguage\":\"pt-BR\"},{\"@type\":\"Organization\",\"@id\":\"https:\/\/www.em2producoes.com.br\/site\/#organization\",\"name\":\"EM2 Produ\u00e7\u00f5es\",\"url\":\"https:\/\/www.em2producoes.com.br\/site\/\",\"sameAs\":[\"https:\/\/www.instagram.com\/em2producoes\/\",\"https:\/\/www.youtube.com\/channel\/UCGLxUPhqHfr6zp3izS5GdWg\",\"https:\/\/www.facebook.com\/em2producoes\/\"],\"logo\":{\"@type\":\"ImageObject\",\"inLanguage\":\"pt-BR\",\"@id\":\"https:\/\/www.em2producoes.com.br\/site\/#\/schema\/logo\/image\/\",\"url\":\"http:\/\/www.em2producoes.com.br\/site\/wp-content\/uploads\/2021\/05\/logotipo-big.jpg\",\"contentUrl\":\"http:\/\/www.em2producoes.com.br\/site\/wp-content\/uploads\/2021\/05\/logotipo-big.jpg\",\"width\":710,\"height\":310,\"caption\":\"EM2 Produ\u00e7\u00f5es\"},\"image\":{\"@id\":\"https:\/\/www.em2producoes.com.br\/site\/#\/schema\/logo\/image\/\"}}]}<\/script>\n<!-- \/ Yoast SEO plugin. -->","yoast_head_json":{"title":"Elaine Mickely - EM2 Produ\u00e7\u00f5es","robots":{"index":"index","follow":"follow","max-snippet":"max-snippet:-1","max-image-preview":"max-image-preview:large","max-video-preview":"max-video-preview:-1"},"canonical":"https:\/\/www.em2producoes.com.br\/site\/casting\/elaine-mickely\/","og_locale":"pt_BR","og_type":"article","og_title":"Elaine Mickely - EM2 Produ\u00e7\u00f5es","og_description":"Atuou nos humor\u00edsticos Zorra Total, Escolinha do Professor Raimundo, A Turma do Didi e As Aventuras do Didi. Participou da segunda edi\u00e7\u00e3o do quadro Dan\u00e7a dos Famosos, do programa Doming\u00e3o do Faust\u00e3o, ficando em segundo lugar, perdendo apenas para o tamb\u00e9m ator Rodrigo Hilbert.","og_url":"https:\/\/www.em2producoes.com.br\/site\/casting\/elaine-mickely\/","og_site_name":"EM2 Produ\u00e7\u00f5es","article_publisher":"https:\/\/www.facebook.com\/em2producoes\/","og_image":[{"width":300,"height":300,"url":"https:\/\/www.em2producoes.com.br\/site\/wp-content\/uploads\/2019\/02\/elaine-mickely.jpg","type":"image\/jpeg"}],"twitter_card":"summary_large_image","twitter_misc":{"Est. tempo de leitura":"1 minuto"},"schema":{"@context":"https:\/\/schema.org","@graph":[{"@type":"WebPage","@id":"https:\/\/www.em2producoes.com.br\/site\/casting\/elaine-mickely\/","url":"https:\/\/www.em2producoes.com.br\/site\/casting\/elaine-mickely\/","name":"Elaine Mickely - EM2 Produ\u00e7\u00f5es","isPartOf":{"@id":"https:\/\/www.em2producoes.com.br\/site\/#website"},"datePublished":"2018-12-05T17:30:51+00:00","dateModified":"2018-12-05T17:30:51+00:00","breadcrumb":{"@id":"https:\/\/www.em2producoes.com.br\/site\/casting\/elaine-mickely\/#breadcrumb"},"inLanguage":"pt-BR","potentialAction":[{"@type":"ReadAction","target":["https:\/\/www.em2producoes.com.br\/site\/casting\/elaine-mickely\/"]}]},{"@type":"BreadcrumbList","@id":"https:\/\/www.em2producoes.com.br\/site\/casting\/elaine-mickely\/#breadcrumb","itemListElement":[{"@type":"ListItem","position":1,"name":"In\u00edcio","item":"https:\/\/www.em2producoes.com.br\/site\/"},{"@type":"ListItem","position":2,"name":"Casting","item":"https:\/\/www.em2producoes.com.br\/site\/casting\/"},{"@type":"ListItem","position":3,"name":"Elaine Mickely"}]},{"@type":"WebSite","@id":"https:\/\/www.em2producoes.com.br\/site\/#website","url":"https:\/\/www.em2producoes.com.br\/site\/","name":"EM2 Produ\u00e7\u00f5es","description":"Ativando &amp; Conectando Marcas e Talentos","publisher":{"@id":"https:\/\/www.em2producoes.com.br\/site\/#organization"},"potentialAction":[{"@type":"SearchAction","target":{"@type":"EntryPoint","urlTemplate":"https:\/\/www.em2producoes.com.br\/site\/?s={search_term_string}"},"query-input":"required name=search_term_string"}],"inLanguage":"pt-BR"},{"@type":"Organization","@id":"https:\/\/www.em2producoes.com.br\/site\/#organization","name":"EM2 Produ\u00e7\u00f5es","url":"https:\/\/www.em2producoes.com.br\/site\/","sameAs":["https:\/\/www.instagram.com\/em2producoes\/","https:\/\/www.youtube.com\/channel\/UCGLxUPhqHfr6zp3izS5GdWg","https:\/\/www.facebook.com\/em2producoes\/"],"logo":{"@type":"ImageObject","inLanguage":"pt-BR","@id":"https:\/\/www.em2producoes.com.br\/site\/#\/schema\/logo\/image\/","url":"http:\/\/www.em2producoes.com.br\/site\/wp-content\/uploads\/2021\/05\/logotipo-big.jpg","contentUrl":"http:\/\/www.em2producoes.com.br\/site\/wp-content\/uploads\/2021\/05\/logotipo-big.jpg","width":710,"height":310,"caption":"EM2 Produ\u00e7\u00f5es"},"image":{"@id":"https:\/\/www.em2producoes.com.br\/site\/#\/schema\/logo\/image\/"}}]}},"_links":{"self":[{"href":"https:\/\/www.em2producoes.com.br\/site\/wp-json\/wp\/v2\/casting\/750"}],"collection":[{"href":"https:\/\/www.em2producoes.com.br\/site\/wp-json\/wp\/v2\/casting"}],"about":[{"href":"https:\/\/www.em2producoes.com.br\/site\/wp-json\/wp\/v2\/types\/casting"}],"author":[{"embeddable":true,"href":"https:\/\/www.em2producoes.com.br\/site\/wp-json\/wp\/v2\/users\/2"}],"version-history":[{"count":0,"href":"https:\/\/www.em2producoes.com.br\/site\/wp-json\/wp\/v2\/casting\/750\/revisions"}],"wp:featuredmedia":[{"embeddable":true,"href":"https:\/\/www.em2producoes.com.br\/site\/wp-json\/wp\/v2\/media\/1568"}],"wp:attachment":[{"href":"https:\/\/www.em2producoes.com.br\/site\/wp-json\/wp\/v2\/media?parent=750"}],"wp:term":[{"taxonomy":"cat_casting","embeddable":true,"href":"https:\/\/www.em2producoes.com.br\/site\/wp-json\/wp\/v2\/cat_casting?post=750"}],"curies":[{"name":"wp","href":"https:\/\/api.w.org\/{rel}","templated":true}]}}

<p>Alguns trabalhos realizados</p>
<p><strong>Televisão</strong><br />
&#8211; O Amor Está no Ar<br />
&#8211; Malhação<br />
&#8211; Hilda Furacão<br />
&#8211; Força de um Desejo<br />
&#8211; Os Normais<br />
&#8211; Escolinha do Professor Raimundo D. Terezuda<br />
&#8211; Sabor da Paixão<br />
&#8211; Começar de Novo<br />
&#8211; Dança dos Famosos (reality show &#8211; Domingão do Faustão – Foi Vice Campeã)<br />
&#8211; Beleza Pura<br />
&#8211; Água na Boca<br />
&#8211; Corações Feridos<br />
&#8211; Aventuras do Didi<br />
&#8211; Império</p>
<p><strong>Teatro e Musical<br />
</strong>&#8211; Boing Boing<br />
&#8211; Garota Glamour</p>
<p><strong>Outros</strong><br />
&#8211; Campanhas Publicitárias<br />
&#8211; Dublagens<br />
&#8211; Mestre de Cerimônias em vários Eventos de Empresas<br />
&#8211; Eventos</p>

<p> Atuou nos humorísticos Zorra Total, Escolinha do Professor Raimundo, A Turma do Didi e As Aventuras do Didi. Participou da segunda edição do quadro Dança dos Famosos, do programa Domingão do Faustão, ficando em segundo lugar, perdendo apenas para o também ator Rodrigo Hilbert.</p>

<!-- This site is optimized with the Yoast SEO plugin v19.6.1 - https://yoast.com/wordpress/plugins/seo/ -->
<title>Elaine Mickely - EM2 Produções</title>
<meta name="robots" content="index, follow, max-snippet:-1, max-image-preview:large, max-video-preview:-1" />
<link rel="canonical" href="https://www.em2producoes.com.br/site/casting/elaine-mickely/" />
<meta property="og:locale" content="pt_BR" />
<meta property="og:type" content="article" />
<meta property="og:title" content="Elaine Mickely - EM2 Produções" />
<meta property="og:description" content="Atuou nos humorísticos Zorra Total, Escolinha do Professor Raimundo, A Turma do Didi e As Aventuras do Didi. Participou da segunda edição do quadro Dança dos Famosos, do programa Domingão do Faustão, ficando em segundo lugar, perdendo apenas para o também ator Rodrigo Hilbert." />
<meta property="og:url" content="https://www.em2producoes.com.br/site/casting/elaine-mickely/" />
<meta property="og:site_name" content="EM2 Produções" />
<meta property="article:publisher" content="https://www.facebook.com/em2producoes/" />
<meta property="og:image" content="https://www.em2producoes.com.br/site/wp-content/uploads/2019/02/elaine-mickely.jpg" />
	<meta property="og:image:width" content="300" />
	<meta property="og:image:height" content="300" />
	<meta property="og:image:type" content="image/jpeg" />
<meta name="twitter:card" content="summary_large_image" />
<meta name="twitter:label1" content="Est. tempo de leitura" />
	<meta name="twitter:data1" content="1 minuto" />
<script type="application/ld+json" class="yoast-schema-graph">{"@context":"https://schema.org","@graph":[{"@type":"WebPage","@id":"https://www.em2producoes.com.br/site/casting/elaine-mickely/","url":"https://www.em2producoes.com.br/site/casting/elaine-mickely/","name":"Elaine Mickely - EM2 Produções","isPartOf":{"@id":"https://www.em2producoes.com.br/site/#website"},"datePublished":"2018-12-05T17:30:51+00:00","dateModified":"2018-12-05T17:30:51+00:00","breadcrumb":{"@id":"https://www.em2producoes.com.br/site/casting/elaine-mickely/#breadcrumb"},"inLanguage":"pt-BR","potentialAction":[{"@type":"ReadAction","target":["https://www.em2producoes.com.br/site/casting/elaine-mickely/"]}]},{"@type":"BreadcrumbList","@id":"https://www.em2producoes.com.br/site/casting/elaine-mickely/#breadcrumb","itemListElement":[{"@type":"ListItem","position":1,"name":"Início","item":"https://www.em2producoes.com.br/site/"},{"@type":"ListItem","position":2,"name":"Casting","item":"https://www.em2producoes.com.br/site/casting/"},{"@type":"ListItem","position":3,"name":"Elaine Mickely"}]},{"@type":"WebSite","@id":"https://www.em2producoes.com.br/site/#website","url":"https://www.em2producoes.com.br/site/","name":"EM2 Produções","description":"Ativando &amp; Conectando Marcas e Talentos","publisher":{"@id":"https://www.em2producoes.com.br/site/#organization"},"potentialAction":[{"@type":"SearchAction","target":{"@type":"EntryPoint","urlTemplate":"https://www.em2producoes.com.br/site/?s={search_term_string}"},"query-input":"required name=search_term_string"}],"inLanguage":"pt-BR"},{"@type":"Organization","@id":"https://www.em2producoes.com.br/site/#organization","name":"EM2 Produções","url":"https://www.em2producoes.com.br/site/","sameAs":["https://www.instagram.com/em2producoes/","https://www.youtube.com/channel/UCGLxUPhqHfr6zp3izS5GdWg","https://www.facebook.com/em2producoes/"],"logo":{"@type":"ImageObject","inLanguage":"pt-BR","@id":"https://www.em2producoes.com.br/site/#/schema/logo/image/","url":"http://www.em2producoes.com.br/site/wp-content/uploads/2021/05/logotipo-big.jpg","contentUrl":"http://www.em2producoes.com.br/site/wp-content/uploads/2021/05/logotipo-big.jpg","width":710,"height":310,"caption":"EM2 Produções"},"image":{"@id":"https://www.em2producoes.com.br/site/#/schema/logo/image/"}}]}</script>
<!-- / Yoast SEO plugin. -->

Elaine Mickely - EM2 Produções

Atuou nos humorísticos Zorra Total, Escolinha do Professor Raimundo, A Turma do Didi e As Aventuras do Didi. Participou da segunda edição do quadro Dança dos Famosos, do programa Domingão do Faustão, ficando em segundo lugar, perdendo apenas para o também ator Rodrigo Hilbert.

EM2 Produções

Início
