{"id":780,"date":"2018-12-05T17:18:58","date_gmt":"2018-12-05T19:18:58","guid":{"rendered":"http:\/\/em2producoes.com.br\/novo\/wordpress\/?post_type=casting&amp;p=780"},"modified":"2018-12-05T17:18:58","modified_gmt":"2018-12-05T19:18:58","slug":"danilo-gentili","status":"publish","type":"casting","link":"https:\/\/www.em2producoes.com.br\/site\/casting\/danilo-gentili\/","title":{"rendered":"Danilo Gentili"},"content":{"rendered":"<p style=\"text-align: justify;\">Contratamos e Trabalhamos com todos os Humoristas e Comediantes do mercado publicit\u00e1rio na forma direta ou de parceria para os seus Eventos e Campanha Publicit\u00e1rias.<\/p>\n<p style=\"text-align: justify;\">Caso o nome de quem voc\u00ea busca consultar n\u00e3o esteja no site, n\u00e3o tem problemas entramos em contato da mesma forma, pois, s\u00e3o muitos os profissionais nesse mercado de trabalho.<\/p>\n<p style=\"text-align: justify;\">Atendemos nomes como: Integrantes do Programas P\u00e2nico na TV, CQC, A Pra\u00e7a \u00e9 Nossa, Toma l\u00e1 da C\u00e1, Danilo Gentili, Marco Luque, Oscar Filho, Rafael Cortez, Rafinha Bastos, Tom Cavalcante, Renato Arag\u00e3o (Didi), Veronica Debom, Marcelo Adnet, Marcia Cabrita, Eduardo Martini, Felipe Andreoli, Fabio Porchat, Paulo Gustavo, Coutinho, Diogo Portugal, Fernando Caruso, Alexandre Porpetone.<\/p>\n","protected":false},"excerpt":{"rendered":"<p>Faz parte da considerada &#8220;nova gera\u00e7\u00e3o do humor&#8221; e \u00e9 reconhecido como um dos precursores e idealizadores do movimento do stand-up comedy no Brasil. <\/p>\n","protected":false},"author":2,"featured_media":781,"template":"","cat_casting":[92,93],"acf":[],"yoast_head":"<!-- This site is optimized with the Yoast SEO plugin v19.6.1 - https:\/\/yoast.com\/wordpress\/plugins\/seo\/ -->\n<title>Danilo Gentili - EM2 Produ\u00e7\u00f5es<\/title>\n<meta name=\"robots\" content=\"index, follow, max-snippet:-1, max-image-preview:large, max-video-preview:-1\" \/>\n<link rel=\"canonical\" href=\"https:\/\/www.em2producoes.com.br\/site\/casting\/danilo-gentili\/\" \/>\n<meta property=\"og:locale\" content=\"pt_BR\" \/>\n<meta property=\"og:type\" content=\"article\" \/>\n<meta property=\"og:title\" content=\"Danilo Gentili - EM2 Produ\u00e7\u00f5es\" \/>\n<meta property=\"og:description\" content=\"Faz parte da considerada &quot;nova gera\u00e7\u00e3o do humor&quot; e \u00e9 reconhecido como um dos precursores e idealizadores do movimento do stand-up comedy no Brasil.\" \/>\n<meta property=\"og:url\" content=\"https:\/\/www.em2producoes.com.br\/site\/casting\/danilo-gentili\/\" \/>\n<meta property=\"og:site_name\" content=\"EM2 Produ\u00e7\u00f5es\" \/>\n<meta property=\"article:publisher\" content=\"https:\/\/www.facebook.com\/em2producoes\/\" \/>\n<meta property=\"og:image\" content=\"https:\/\/www.em2producoes.com.br\/site\/wp-content\/uploads\/2018\/12\/danilogentili.jpg\" \/>\n\t<meta property=\"og:image:width\" content=\"300\" \/>\n\t<meta property=\"og:image:height\" content=\"300\" \/>\n\t<meta property=\"og:image:type\" content=\"image\/jpeg\" \/>\n<meta name=\"twitter:card\" content=\"summary_large_image\" \/>\n<meta name=\"twitter:label1\" content=\"Est. tempo de leitura\" \/>\n\t<meta name=\"twitter:data1\" content=\"1 minuto\" \/>\n<script type=\"application\/ld+json\" class=\"yoast-schema-graph\">{\"@context\":\"https:\/\/schema.org\",\"@graph\":[{\"@type\":\"WebPage\",\"@id\":\"https:\/\/www.em2producoes.com.br\/site\/casting\/danilo-gentili\/\",\"url\":\"https:\/\/www.em2producoes.com.br\/site\/casting\/danilo-gentili\/\",\"name\":\"Danilo Gentili - EM2 Produ\u00e7\u00f5es\",\"isPartOf\":{\"@id\":\"https:\/\/www.em2producoes.com.br\/site\/#website\"},\"datePublished\":\"2018-12-05T19:18:58+00:00\",\"dateModified\":\"2018-12-05T19:18:58+00:00\",\"breadcrumb\":{\"@id\":\"https:\/\/www.em2producoes.com.br\/site\/casting\/danilo-gentili\/#breadcrumb\"},\"inLanguage\":\"pt-BR\",\"potentialAction\":[{\"@type\":\"ReadAction\",\"target\":[\"https:\/\/www.em2producoes.com.br\/site\/casting\/danilo-gentili\/\"]}]},{\"@type\":\"BreadcrumbList\",\"@id\":\"https:\/\/www.em2producoes.com.br\/site\/casting\/danilo-gentili\/#breadcrumb\",\"itemListElement\":[{\"@type\":\"ListItem\",\"position\":1,\"name\":\"In\u00edcio\",\"item\":\"https:\/\/www.em2producoes.com.br\/site\/\"},{\"@type\":\"ListItem\",\"position\":2,\"name\":\"Casting\",\"item\":\"https:\/\/www.em2producoes.com.br\/site\/casting\/\"},{\"@type\":\"ListItem\",\"position\":3,\"name\":\"Danilo Gentili\"}]},{\"@type\":\"WebSite\",\"@id\":\"https:\/\/www.em2producoes.com.br\/site\/#website\",\"url\":\"https:\/\/www.em2producoes.com.br\/site\/\",\"name\":\"EM2 Produ\u00e7\u00f5es\",\"description\":\"Ativando &amp; Conectando Marcas e Talentos\",\"publisher\":{\"@id\":\"https:\/\/www.em2producoes.com.br\/site\/#organization\"},\"potentialAction\":[{\"@type\":\"SearchAction\",\"target\":{\"@type\":\"EntryPoint\",\"urlTemplate\":\"https:\/\/www.em2producoes.com.br\/site\/?s={search_term_string}\"},\"query-input\":\"required name=search_term_string\"}],\"inLanguage\":\"pt-BR\"},{\"@type\":\"Organization\",\"@id\":\"https:\/\/www.em2producoes.com.br\/site\/#organization\",\"name\":\"EM2 Produ\u00e7\u00f5es\",\"url\":\"https:\/\/www.em2producoes.com.br\/site\/\",\"sameAs\":[\"https:\/\/www.instagram.com\/em2producoes\/\",\"https:\/\/www.youtube.com\/channel\/UCGLxUPhqHfr6zp3izS5GdWg\",\"https:\/\/www.facebook.com\/em2producoes\/\"],\"logo\":{\"@type\":\"ImageObject\",\"inLanguage\":\"pt-BR\",\"@id\":\"https:\/\/www.em2producoes.com.br\/site\/#\/schema\/logo\/image\/\",\"url\":\"http:\/\/www.em2producoes.com.br\/site\/wp-content\/uploads\/2021\/05\/logotipo-big.jpg\",\"contentUrl\":\"http:\/\/www.em2producoes.com.br\/site\/wp-content\/uploads\/2021\/05\/logotipo-big.jpg\",\"width\":710,\"height\":310,\"caption\":\"EM2 Produ\u00e7\u00f5es\"},\"image\":{\"@id\":\"https:\/\/www.em2producoes.com.br\/site\/#\/schema\/logo\/image\/\"}}]}<\/script>\n<!-- \/ Yoast SEO plugin. -->","yoast_head_json":{"title":"Danilo Gentili - EM2 Produ\u00e7\u00f5es","robots":{"index":"index","follow":"follow","max-snippet":"max-snippet:-1","max-image-preview":"max-image-preview:large","max-video-preview":"max-video-preview:-1"},"canonical":"https:\/\/www.em2producoes.com.br\/site\/casting\/danilo-gentili\/","og_locale":"pt_BR","og_type":"article","og_title":"Danilo Gentili - EM2 Produ\u00e7\u00f5es","og_description":"Faz parte da considerada \"nova gera\u00e7\u00e3o do humor\" e \u00e9 reconhecido como um dos precursores e idealizadores do movimento do stand-up comedy no Brasil.","og_url":"https:\/\/www.em2producoes.com.br\/site\/casting\/danilo-gentili\/","og_site_name":"EM2 Produ\u00e7\u00f5es","article_publisher":"https:\/\/www.facebook.com\/em2producoes\/","og_image":[{"width":300,"height":300,"url":"https:\/\/www.em2producoes.com.br\/site\/wp-content\/uploads\/2018\/12\/danilogentili.jpg","type":"image\/jpeg"}],"twitter_card":"summary_large_image","twitter_misc":{"Est. tempo de leitura":"1 minuto"},"schema":{"@context":"https:\/\/schema.org","@graph":[{"@type":"WebPage","@id":"https:\/\/www.em2producoes.com.br\/site\/casting\/danilo-gentili\/","url":"https:\/\/www.em2producoes.com.br\/site\/casting\/danilo-gentili\/","name":"Danilo Gentili - EM2 Produ\u00e7\u00f5es","isPartOf":{"@id":"https:\/\/www.em2producoes.com.br\/site\/#website"},"datePublished":"2018-12-05T19:18:58+00:00","dateModified":"2018-12-05T19:18:58+00:00","breadcrumb":{"@id":"https:\/\/www.em2producoes.com.br\/site\/casting\/danilo-gentili\/#breadcrumb"},"inLanguage":"pt-BR","potentialAction":[{"@type":"ReadAction","target":["https:\/\/www.em2producoes.com.br\/site\/casting\/danilo-gentili\/"]}]},{"@type":"BreadcrumbList","@id":"https:\/\/www.em2producoes.com.br\/site\/casting\/danilo-gentili\/#breadcrumb","itemListElement":[{"@type":"ListItem","position":1,"name":"In\u00edcio","item":"https:\/\/www.em2producoes.com.br\/site\/"},{"@type":"ListItem","position":2,"name":"Casting","item":"https:\/\/www.em2producoes.com.br\/site\/casting\/"},{"@type":"ListItem","position":3,"name":"Danilo Gentili"}]},{"@type":"WebSite","@id":"https:\/\/www.em2producoes.com.br\/site\/#website","url":"https:\/\/www.em2producoes.com.br\/site\/","name":"EM2 Produ\u00e7\u00f5es","description":"Ativando &amp; Conectando Marcas e Talentos","publisher":{"@id":"https:\/\/www.em2producoes.com.br\/site\/#organization"},"potentialAction":[{"@type":"SearchAction","target":{"@type":"EntryPoint","urlTemplate":"https:\/\/www.em2producoes.com.br\/site\/?s={search_term_string}"},"query-input":"required name=search_term_string"}],"inLanguage":"pt-BR"},{"@type":"Organization","@id":"https:\/\/www.em2producoes.com.br\/site\/#organization","name":"EM2 Produ\u00e7\u00f5es","url":"https:\/\/www.em2producoes.com.br\/site\/","sameAs":["https:\/\/www.instagram.com\/em2producoes\/","https:\/\/www.youtube.com\/channel\/UCGLxUPhqHfr6zp3izS5GdWg","https:\/\/www.facebook.com\/em2producoes\/"],"logo":{"@type":"ImageObject","inLanguage":"pt-BR","@id":"https:\/\/www.em2producoes.com.br\/site\/#\/schema\/logo\/image\/","url":"http:\/\/www.em2producoes.com.br\/site\/wp-content\/uploads\/2021\/05\/logotipo-big.jpg","contentUrl":"http:\/\/www.em2producoes.com.br\/site\/wp-content\/uploads\/2021\/05\/logotipo-big.jpg","width":710,"height":310,"caption":"EM2 Produ\u00e7\u00f5es"},"image":{"@id":"https:\/\/www.em2producoes.com.br\/site\/#\/schema\/logo\/image\/"}}]}},"_links":{"self":[{"href":"https:\/\/www.em2producoes.com.br\/site\/wp-json\/wp\/v2\/casting\/780"}],"collection":[{"href":"https:\/\/www.em2producoes.com.br\/site\/wp-json\/wp\/v2\/casting"}],"about":[{"href":"https:\/\/www.em2producoes.com.br\/site\/wp-json\/wp\/v2\/types\/casting"}],"author":[{"embeddable":true,"href":"https:\/\/www.em2producoes.com.br\/site\/wp-json\/wp\/v2\/users\/2"}],"version-history":[{"count":0,"href":"https:\/\/www.em2producoes.com.br\/site\/wp-json\/wp\/v2\/casting\/780\/revisions"}],"wp:featuredmedia":[{"embeddable":true,"href":"https:\/\/www.em2producoes.com.br\/site\/wp-json\/wp\/v2\/media\/781"}],"wp:attachment":[{"href":"https:\/\/www.em2producoes.com.br\/site\/wp-json\/wp\/v2\/media?parent=780"}],"wp:term":[{"taxonomy":"cat_casting","embeddable":true,"href":"https:\/\/www.em2producoes.com.br\/site\/wp-json\/wp\/v2\/cat_casting?post=780"}],"curies":[{"name":"wp","href":"https:\/\/api.w.org\/{rel}","templated":true}]}}

<p style="text-align: justify;">Contratamos e Trabalhamos com todos os Humoristas e Comediantes do mercado publicitário na forma direta ou de parceria para os seus Eventos e Campanha Publicitárias.</p>
<p style="text-align: justify;">Caso o nome de quem você busca consultar não esteja no site, não tem problemas entramos em contato da mesma forma, pois, são muitos os profissionais nesse mercado de trabalho.</p>
<p style="text-align: justify;">Atendemos nomes como: Integrantes do Programas Pânico na TV, CQC, A Praça é Nossa, Toma lá da Cá, Danilo Gentili, Marco Luque, Oscar Filho, Rafael Cortez, Rafinha Bastos, Tom Cavalcante, Renato Aragão (Didi), Veronica Debom, Marcelo Adnet, Marcia Cabrita, Eduardo Martini, Felipe Andreoli, Fabio Porchat, Paulo Gustavo, Coutinho, Diogo Portugal, Fernando Caruso, Alexandre Porpetone.</p>

<p>Faz parte da considerada &#8220;nova geração do humor&#8221; e é reconhecido como um dos precursores e idealizadores do movimento do stand-up comedy no Brasil. </p>

<!-- This site is optimized with the Yoast SEO plugin v19.6.1 - https://yoast.com/wordpress/plugins/seo/ -->
<title>Danilo Gentili - EM2 Produções</title>
<meta name="robots" content="index, follow, max-snippet:-1, max-image-preview:large, max-video-preview:-1" />
<link rel="canonical" href="https://www.em2producoes.com.br/site/casting/danilo-gentili/" />
<meta property="og:locale" content="pt_BR" />
<meta property="og:type" content="article" />
<meta property="og:title" content="Danilo Gentili - EM2 Produções" />
<meta property="og:description" content="Faz parte da considerada &quot;nova geração do humor&quot; e é reconhecido como um dos precursores e idealizadores do movimento do stand-up comedy no Brasil." />
<meta property="og:url" content="https://www.em2producoes.com.br/site/casting/danilo-gentili/" />
<meta property="og:site_name" content="EM2 Produções" />
<meta property="article:publisher" content="https://www.facebook.com/em2producoes/" />
<meta property="og:image" content="https://www.em2producoes.com.br/site/wp-content/uploads/2018/12/danilogentili.jpg" />
	<meta property="og:image:width" content="300" />
	<meta property="og:image:height" content="300" />
	<meta property="og:image:type" content="image/jpeg" />
<meta name="twitter:card" content="summary_large_image" />
<meta name="twitter:label1" content="Est. tempo de leitura" />
	<meta name="twitter:data1" content="1 minuto" />
<script type="application/ld+json" class="yoast-schema-graph">{"@context":"https://schema.org","@graph":[{"@type":"WebPage","@id":"https://www.em2producoes.com.br/site/casting/danilo-gentili/","url":"https://www.em2producoes.com.br/site/casting/danilo-gentili/","name":"Danilo Gentili - EM2 Produções","isPartOf":{"@id":"https://www.em2producoes.com.br/site/#website"},"datePublished":"2018-12-05T19:18:58+00:00","dateModified":"2018-12-05T19:18:58+00:00","breadcrumb":{"@id":"https://www.em2producoes.com.br/site/casting/danilo-gentili/#breadcrumb"},"inLanguage":"pt-BR","potentialAction":[{"@type":"ReadAction","target":["https://www.em2producoes.com.br/site/casting/danilo-gentili/"]}]},{"@type":"BreadcrumbList","@id":"https://www.em2producoes.com.br/site/casting/danilo-gentili/#breadcrumb","itemListElement":[{"@type":"ListItem","position":1,"name":"Início","item":"https://www.em2producoes.com.br/site/"},{"@type":"ListItem","position":2,"name":"Casting","item":"https://www.em2producoes.com.br/site/casting/"},{"@type":"ListItem","position":3,"name":"Danilo Gentili"}]},{"@type":"WebSite","@id":"https://www.em2producoes.com.br/site/#website","url":"https://www.em2producoes.com.br/site/","name":"EM2 Produções","description":"Ativando &amp; Conectando Marcas e Talentos","publisher":{"@id":"https://www.em2producoes.com.br/site/#organization"},"potentialAction":[{"@type":"SearchAction","target":{"@type":"EntryPoint","urlTemplate":"https://www.em2producoes.com.br/site/?s={search_term_string}"},"query-input":"required name=search_term_string"}],"inLanguage":"pt-BR"},{"@type":"Organization","@id":"https://www.em2producoes.com.br/site/#organization","name":"EM2 Produções","url":"https://www.em2producoes.com.br/site/","sameAs":["https://www.instagram.com/em2producoes/","https://www.youtube.com/channel/UCGLxUPhqHfr6zp3izS5GdWg","https://www.facebook.com/em2producoes/"],"logo":{"@type":"ImageObject","inLanguage":"pt-BR","@id":"https://www.em2producoes.com.br/site/#/schema/logo/image/","url":"http://www.em2producoes.com.br/site/wp-content/uploads/2021/05/logotipo-big.jpg","contentUrl":"http://www.em2producoes.com.br/site/wp-content/uploads/2021/05/logotipo-big.jpg","width":710,"height":310,"caption":"EM2 Produções"},"image":{"@id":"https://www.em2producoes.com.br/site/#/schema/logo/image/"}}]}</script>
<!-- / Yoast SEO plugin. -->

Danilo Gentili - EM2 Produções

Faz parte da considerada "nova geração do humor" e é reconhecido como um dos precursores e idealizadores do movimento do stand-up comedy no Brasil.

EM2 Produções

Início
