{"id":934,"date":"2019-01-08T17:01:22","date_gmt":"2019-01-08T19:01:22","guid":{"rendered":"http:\/\/em2producoes.com.br\/novo\/wordpress\/?post_type=casting&amp;p=934"},"modified":"2019-01-08T17:01:22","modified_gmt":"2019-01-08T19:01:22","slug":"renata-lo-prete","status":"publish","type":"casting","link":"https:\/\/www.em2producoes.com.br\/site\/casting\/renata-lo-prete\/","title":{"rendered":"Renata Lo Prete"},"content":{"rendered":"<p>Em Nova Iorque foi correspondente bolsista do mesmo ve\u00edculo de not\u00edcias. Ao voltar ao Brasil, passou ao cargo de editora-adjunta de Exterior. Editou o caderno de Ci\u00eancia e apresentou o programa da Rede Folha, na TV, antes de assumir a chefia da primeira p\u00e1gina do jornal. Foi ombudsman (ouvidor) do jornal. Durante dez anos, foi editora da coluna Painel do jornal Folha de S. Paulo. Foi a rep\u00f3rter que desencadeou o Esc\u00e2ndalo do Mensal\u00e3o. Pelas entrevistas, ganhou o Pr\u00eamio Esso de Jornalismo de 2005.<br \/>\nDeixou a Folha de S. Paulo, para se dedicar integralmente ao canal de not\u00edcias Globo News e se tornou editora e comentarista de pol\u00edtica do Jornal das Dez. Na Globo, Renata teve r\u00e1pida ascens\u00e3o, foi a principal \u00e2ncora do programa Central das Elei\u00e7\u00f5es, nas tardes e noites dos domingos do primeiro e do segundo turnos. O programa do segundo turno de 2014 obteve o maior \u00edndice de audi\u00eancia da hist\u00f3ria da GloboNews.<br \/>\nAinda fez coment\u00e1rios sobre pol\u00edtica no Bom Dia Brasil e no Jornal da Globo, sua estreia na TV aberta.<br \/>\nRenata estreou como \u00e2ncora substituta do Jornal da Globo.<br \/>\nAtualmente realiza Eventos como Moderadora Pol\u00edtico e Economia e atende Empresas e Eventos com sua Palestra tratando de temas como Atualidade, Economia, Pol\u00edtica, Cen\u00e1rio Nacional, Cen\u00e1rio Internacional. Caso seja necess\u00e1rio adaptamos a Palestra e adequamos ao briefing do cliente.<\/p>\n","protected":false},"excerpt":{"rendered":"<p>Renata Lo Prete formou-se em jornalismo pela Escola de Comunica\u00e7\u00e3o e Artes da Universidade de S\u00e3o Paulo. Trabalhou durante tr\u00eas meses no jornal O Estado de S. Paulo, como revisora. De l\u00e1 foi para o Jornal da Tarde, como rep\u00f3rter de cultura, alem da se\u00e7\u00e3o \u00abIlustrada\u00bb da Folha de S. Paulo.<\/p>\n","protected":false},"author":2,"featured_media":935,"template":"","cat_casting":[65,66,83,91,64],"acf":[],"yoast_head":"<!-- This site is optimized with the Yoast SEO plugin v19.6.1 - https:\/\/yoast.com\/wordpress\/plugins\/seo\/ -->\n<title>Renata Lo Prete - EM2 Produ\u00e7\u00f5es<\/title>\n<meta name=\"robots\" content=\"index, follow, max-snippet:-1, max-image-preview:large, max-video-preview:-1\" \/>\n<link rel=\"canonical\" href=\"https:\/\/www.em2producoes.com.br\/site\/casting\/renata-lo-prete\/\" \/>\n<meta property=\"og:locale\" content=\"pt_BR\" \/>\n<meta property=\"og:type\" content=\"article\" \/>\n<meta property=\"og:title\" content=\"Renata Lo Prete - EM2 Produ\u00e7\u00f5es\" \/>\n<meta property=\"og:description\" content=\"Renata Lo Prete formou-se em jornalismo pela Escola de Comunica\u00e7\u00e3o e Artes da Universidade de S\u00e3o Paulo. Trabalhou durante tr\u00eas meses no jornal O Estado de S. Paulo, como revisora. De l\u00e1 foi para o Jornal da Tarde, como rep\u00f3rter de cultura, alem da se\u00e7\u00e3o \u00abIlustrada\u00bb da Folha de S. Paulo.\" \/>\n<meta property=\"og:url\" content=\"https:\/\/www.em2producoes.com.br\/site\/casting\/renata-lo-prete\/\" \/>\n<meta property=\"og:site_name\" content=\"EM2 Produ\u00e7\u00f5es\" \/>\n<meta property=\"article:publisher\" content=\"https:\/\/www.facebook.com\/em2producoes\/\" \/>\n<meta property=\"og:image\" content=\"https:\/\/www.em2producoes.com.br\/site\/wp-content\/uploads\/2019\/01\/renata-lo-prete.jpg\" \/>\n\t<meta property=\"og:image:width\" content=\"300\" \/>\n\t<meta property=\"og:image:height\" content=\"300\" \/>\n\t<meta property=\"og:image:type\" content=\"image\/jpeg\" \/>\n<meta name=\"twitter:card\" content=\"summary_large_image\" \/>\n<meta name=\"twitter:label1\" content=\"Est. tempo de leitura\" \/>\n\t<meta name=\"twitter:data1\" content=\"1 minuto\" \/>\n<script type=\"application\/ld+json\" class=\"yoast-schema-graph\">{\"@context\":\"https:\/\/schema.org\",\"@graph\":[{\"@type\":\"WebPage\",\"@id\":\"https:\/\/www.em2producoes.com.br\/site\/casting\/renata-lo-prete\/\",\"url\":\"https:\/\/www.em2producoes.com.br\/site\/casting\/renata-lo-prete\/\",\"name\":\"Renata Lo Prete - EM2 Produ\u00e7\u00f5es\",\"isPartOf\":{\"@id\":\"https:\/\/www.em2producoes.com.br\/site\/#website\"},\"datePublished\":\"2019-01-08T19:01:22+00:00\",\"dateModified\":\"2019-01-08T19:01:22+00:00\",\"breadcrumb\":{\"@id\":\"https:\/\/www.em2producoes.com.br\/site\/casting\/renata-lo-prete\/#breadcrumb\"},\"inLanguage\":\"pt-BR\",\"potentialAction\":[{\"@type\":\"ReadAction\",\"target\":[\"https:\/\/www.em2producoes.com.br\/site\/casting\/renata-lo-prete\/\"]}]},{\"@type\":\"BreadcrumbList\",\"@id\":\"https:\/\/www.em2producoes.com.br\/site\/casting\/renata-lo-prete\/#breadcrumb\",\"itemListElement\":[{\"@type\":\"ListItem\",\"position\":1,\"name\":\"In\u00edcio\",\"item\":\"https:\/\/www.em2producoes.com.br\/site\/\"},{\"@type\":\"ListItem\",\"position\":2,\"name\":\"Casting\",\"item\":\"https:\/\/www.em2producoes.com.br\/site\/casting\/\"},{\"@type\":\"ListItem\",\"position\":3,\"name\":\"Renata Lo Prete\"}]},{\"@type\":\"WebSite\",\"@id\":\"https:\/\/www.em2producoes.com.br\/site\/#website\",\"url\":\"https:\/\/www.em2producoes.com.br\/site\/\",\"name\":\"EM2 Produ\u00e7\u00f5es\",\"description\":\"Ativando &amp; Conectando Marcas e Talentos\",\"publisher\":{\"@id\":\"https:\/\/www.em2producoes.com.br\/site\/#organization\"},\"potentialAction\":[{\"@type\":\"SearchAction\",\"target\":{\"@type\":\"EntryPoint\",\"urlTemplate\":\"https:\/\/www.em2producoes.com.br\/site\/?s={search_term_string}\"},\"query-input\":\"required name=search_term_string\"}],\"inLanguage\":\"pt-BR\"},{\"@type\":\"Organization\",\"@id\":\"https:\/\/www.em2producoes.com.br\/site\/#organization\",\"name\":\"EM2 Produ\u00e7\u00f5es\",\"url\":\"https:\/\/www.em2producoes.com.br\/site\/\",\"sameAs\":[\"https:\/\/www.instagram.com\/em2producoes\/\",\"https:\/\/www.youtube.com\/channel\/UCGLxUPhqHfr6zp3izS5GdWg\",\"https:\/\/www.facebook.com\/em2producoes\/\"],\"logo\":{\"@type\":\"ImageObject\",\"inLanguage\":\"pt-BR\",\"@id\":\"https:\/\/www.em2producoes.com.br\/site\/#\/schema\/logo\/image\/\",\"url\":\"http:\/\/www.em2producoes.com.br\/site\/wp-content\/uploads\/2021\/05\/logotipo-big.jpg\",\"contentUrl\":\"http:\/\/www.em2producoes.com.br\/site\/wp-content\/uploads\/2021\/05\/logotipo-big.jpg\",\"width\":710,\"height\":310,\"caption\":\"EM2 Produ\u00e7\u00f5es\"},\"image\":{\"@id\":\"https:\/\/www.em2producoes.com.br\/site\/#\/schema\/logo\/image\/\"}}]}<\/script>\n<!-- \/ Yoast SEO plugin. -->","yoast_head_json":{"title":"Renata Lo Prete - EM2 Produ\u00e7\u00f5es","robots":{"index":"index","follow":"follow","max-snippet":"max-snippet:-1","max-image-preview":"max-image-preview:large","max-video-preview":"max-video-preview:-1"},"canonical":"https:\/\/www.em2producoes.com.br\/site\/casting\/renata-lo-prete\/","og_locale":"pt_BR","og_type":"article","og_title":"Renata Lo Prete - EM2 Produ\u00e7\u00f5es","og_description":"Renata Lo Prete formou-se em jornalismo pela Escola de Comunica\u00e7\u00e3o e Artes da Universidade de S\u00e3o Paulo. Trabalhou durante tr\u00eas meses no jornal O Estado de S. Paulo, como revisora. De l\u00e1 foi para o Jornal da Tarde, como rep\u00f3rter de cultura, alem da se\u00e7\u00e3o \u00abIlustrada\u00bb da Folha de S. Paulo.","og_url":"https:\/\/www.em2producoes.com.br\/site\/casting\/renata-lo-prete\/","og_site_name":"EM2 Produ\u00e7\u00f5es","article_publisher":"https:\/\/www.facebook.com\/em2producoes\/","og_image":[{"width":300,"height":300,"url":"https:\/\/www.em2producoes.com.br\/site\/wp-content\/uploads\/2019\/01\/renata-lo-prete.jpg","type":"image\/jpeg"}],"twitter_card":"summary_large_image","twitter_misc":{"Est. tempo de leitura":"1 minuto"},"schema":{"@context":"https:\/\/schema.org","@graph":[{"@type":"WebPage","@id":"https:\/\/www.em2producoes.com.br\/site\/casting\/renata-lo-prete\/","url":"https:\/\/www.em2producoes.com.br\/site\/casting\/renata-lo-prete\/","name":"Renata Lo Prete - EM2 Produ\u00e7\u00f5es","isPartOf":{"@id":"https:\/\/www.em2producoes.com.br\/site\/#website"},"datePublished":"2019-01-08T19:01:22+00:00","dateModified":"2019-01-08T19:01:22+00:00","breadcrumb":{"@id":"https:\/\/www.em2producoes.com.br\/site\/casting\/renata-lo-prete\/#breadcrumb"},"inLanguage":"pt-BR","potentialAction":[{"@type":"ReadAction","target":["https:\/\/www.em2producoes.com.br\/site\/casting\/renata-lo-prete\/"]}]},{"@type":"BreadcrumbList","@id":"https:\/\/www.em2producoes.com.br\/site\/casting\/renata-lo-prete\/#breadcrumb","itemListElement":[{"@type":"ListItem","position":1,"name":"In\u00edcio","item":"https:\/\/www.em2producoes.com.br\/site\/"},{"@type":"ListItem","position":2,"name":"Casting","item":"https:\/\/www.em2producoes.com.br\/site\/casting\/"},{"@type":"ListItem","position":3,"name":"Renata Lo Prete"}]},{"@type":"WebSite","@id":"https:\/\/www.em2producoes.com.br\/site\/#website","url":"https:\/\/www.em2producoes.com.br\/site\/","name":"EM2 Produ\u00e7\u00f5es","description":"Ativando &amp; Conectando Marcas e Talentos","publisher":{"@id":"https:\/\/www.em2producoes.com.br\/site\/#organization"},"potentialAction":[{"@type":"SearchAction","target":{"@type":"EntryPoint","urlTemplate":"https:\/\/www.em2producoes.com.br\/site\/?s={search_term_string}"},"query-input":"required name=search_term_string"}],"inLanguage":"pt-BR"},{"@type":"Organization","@id":"https:\/\/www.em2producoes.com.br\/site\/#organization","name":"EM2 Produ\u00e7\u00f5es","url":"https:\/\/www.em2producoes.com.br\/site\/","sameAs":["https:\/\/www.instagram.com\/em2producoes\/","https:\/\/www.youtube.com\/channel\/UCGLxUPhqHfr6zp3izS5GdWg","https:\/\/www.facebook.com\/em2producoes\/"],"logo":{"@type":"ImageObject","inLanguage":"pt-BR","@id":"https:\/\/www.em2producoes.com.br\/site\/#\/schema\/logo\/image\/","url":"http:\/\/www.em2producoes.com.br\/site\/wp-content\/uploads\/2021\/05\/logotipo-big.jpg","contentUrl":"http:\/\/www.em2producoes.com.br\/site\/wp-content\/uploads\/2021\/05\/logotipo-big.jpg","width":710,"height":310,"caption":"EM2 Produ\u00e7\u00f5es"},"image":{"@id":"https:\/\/www.em2producoes.com.br\/site\/#\/schema\/logo\/image\/"}}]}},"_links":{"self":[{"href":"https:\/\/www.em2producoes.com.br\/site\/wp-json\/wp\/v2\/casting\/934"}],"collection":[{"href":"https:\/\/www.em2producoes.com.br\/site\/wp-json\/wp\/v2\/casting"}],"about":[{"href":"https:\/\/www.em2producoes.com.br\/site\/wp-json\/wp\/v2\/types\/casting"}],"author":[{"embeddable":true,"href":"https:\/\/www.em2producoes.com.br\/site\/wp-json\/wp\/v2\/users\/2"}],"version-history":[{"count":0,"href":"https:\/\/www.em2producoes.com.br\/site\/wp-json\/wp\/v2\/casting\/934\/revisions"}],"wp:featuredmedia":[{"embeddable":true,"href":"https:\/\/www.em2producoes.com.br\/site\/wp-json\/wp\/v2\/media\/935"}],"wp:attachment":[{"href":"https:\/\/www.em2producoes.com.br\/site\/wp-json\/wp\/v2\/media?parent=934"}],"wp:term":[{"taxonomy":"cat_casting","embeddable":true,"href":"https:\/\/www.em2producoes.com.br\/site\/wp-json\/wp\/v2\/cat_casting?post=934"}],"curies":[{"name":"wp","href":"https:\/\/api.w.org\/{rel}","templated":true}]}}

<p>Em Nova Iorque foi correspondente bolsista do mesmo veículo de notícias. Ao voltar ao Brasil, passou ao cargo de editora-adjunta de Exterior. Editou o caderno de Ciência e apresentou o programa da Rede Folha, na TV, antes de assumir a chefia da primeira página do jornal. Foi ombudsman (ouvidor) do jornal. Durante dez anos, foi editora da coluna Painel do jornal Folha de S. Paulo. Foi a repórter que desencadeou o Escândalo do Mensalão. Pelas entrevistas, ganhou o Prêmio Esso de Jornalismo de 2005.<br />
Deixou a Folha de S. Paulo, para se dedicar integralmente ao canal de notícias Globo News e se tornou editora e comentarista de política do Jornal das Dez. Na Globo, Renata teve rápida ascensão, foi a principal âncora do programa Central das Eleições, nas tardes e noites dos domingos do primeiro e do segundo turnos. O programa do segundo turno de 2014 obteve o maior índice de audiência da história da GloboNews.<br />
Ainda fez comentários sobre política no Bom Dia Brasil e no Jornal da Globo, sua estreia na TV aberta.<br />
Renata estreou como âncora substituta do Jornal da Globo.<br />
Atualmente realiza Eventos como Moderadora Político e Economia e atende Empresas e Eventos com sua Palestra tratando de temas como Atualidade, Economia, Política, Cenário Nacional, Cenário Internacional. Caso seja necessário adaptamos a Palestra e adequamos ao briefing do cliente.</p>

<p>Renata Lo Prete formou-se em jornalismo pela Escola de Comunicação e Artes da Universidade de São Paulo. Trabalhou durante três meses no jornal O Estado de S. Paulo, como revisora. De lá foi para o Jornal da Tarde, como repórter de cultura, alem da seção «Ilustrada» da Folha de S. Paulo.</p>

<!-- This site is optimized with the Yoast SEO plugin v19.6.1 - https://yoast.com/wordpress/plugins/seo/ -->
<title>Renata Lo Prete - EM2 Produções</title>
<meta name="robots" content="index, follow, max-snippet:-1, max-image-preview:large, max-video-preview:-1" />
<link rel="canonical" href="https://www.em2producoes.com.br/site/casting/renata-lo-prete/" />
<meta property="og:locale" content="pt_BR" />
<meta property="og:type" content="article" />
<meta property="og:title" content="Renata Lo Prete - EM2 Produções" />
<meta property="og:description" content="Renata Lo Prete formou-se em jornalismo pela Escola de Comunicação e Artes da Universidade de São Paulo. Trabalhou durante três meses no jornal O Estado de S. Paulo, como revisora. De lá foi para o Jornal da Tarde, como repórter de cultura, alem da seção «Ilustrada» da Folha de S. Paulo." />
<meta property="og:url" content="https://www.em2producoes.com.br/site/casting/renata-lo-prete/" />
<meta property="og:site_name" content="EM2 Produções" />
<meta property="article:publisher" content="https://www.facebook.com/em2producoes/" />
<meta property="og:image" content="https://www.em2producoes.com.br/site/wp-content/uploads/2019/01/renata-lo-prete.jpg" />
	<meta property="og:image:width" content="300" />
	<meta property="og:image:height" content="300" />
	<meta property="og:image:type" content="image/jpeg" />
<meta name="twitter:card" content="summary_large_image" />
<meta name="twitter:label1" content="Est. tempo de leitura" />
	<meta name="twitter:data1" content="1 minuto" />
<script type="application/ld+json" class="yoast-schema-graph">{"@context":"https://schema.org","@graph":[{"@type":"WebPage","@id":"https://www.em2producoes.com.br/site/casting/renata-lo-prete/","url":"https://www.em2producoes.com.br/site/casting/renata-lo-prete/","name":"Renata Lo Prete - EM2 Produções","isPartOf":{"@id":"https://www.em2producoes.com.br/site/#website"},"datePublished":"2019-01-08T19:01:22+00:00","dateModified":"2019-01-08T19:01:22+00:00","breadcrumb":{"@id":"https://www.em2producoes.com.br/site/casting/renata-lo-prete/#breadcrumb"},"inLanguage":"pt-BR","potentialAction":[{"@type":"ReadAction","target":["https://www.em2producoes.com.br/site/casting/renata-lo-prete/"]}]},{"@type":"BreadcrumbList","@id":"https://www.em2producoes.com.br/site/casting/renata-lo-prete/#breadcrumb","itemListElement":[{"@type":"ListItem","position":1,"name":"Início","item":"https://www.em2producoes.com.br/site/"},{"@type":"ListItem","position":2,"name":"Casting","item":"https://www.em2producoes.com.br/site/casting/"},{"@type":"ListItem","position":3,"name":"Renata Lo Prete"}]},{"@type":"WebSite","@id":"https://www.em2producoes.com.br/site/#website","url":"https://www.em2producoes.com.br/site/","name":"EM2 Produções","description":"Ativando &amp; Conectando Marcas e Talentos","publisher":{"@id":"https://www.em2producoes.com.br/site/#organization"},"potentialAction":[{"@type":"SearchAction","target":{"@type":"EntryPoint","urlTemplate":"https://www.em2producoes.com.br/site/?s={search_term_string}"},"query-input":"required name=search_term_string"}],"inLanguage":"pt-BR"},{"@type":"Organization","@id":"https://www.em2producoes.com.br/site/#organization","name":"EM2 Produções","url":"https://www.em2producoes.com.br/site/","sameAs":["https://www.instagram.com/em2producoes/","https://www.youtube.com/channel/UCGLxUPhqHfr6zp3izS5GdWg","https://www.facebook.com/em2producoes/"],"logo":{"@type":"ImageObject","inLanguage":"pt-BR","@id":"https://www.em2producoes.com.br/site/#/schema/logo/image/","url":"http://www.em2producoes.com.br/site/wp-content/uploads/2021/05/logotipo-big.jpg","contentUrl":"http://www.em2producoes.com.br/site/wp-content/uploads/2021/05/logotipo-big.jpg","width":710,"height":310,"caption":"EM2 Produções"},"image":{"@id":"https://www.em2producoes.com.br/site/#/schema/logo/image/"}}]}</script>
<!-- / Yoast SEO plugin. -->

Renata Lo Prete - EM2 Produções

Renata Lo Prete formou-se em jornalismo pela Escola de Comunicação e Artes da Universidade de São Paulo. Trabalhou durante três meses no jornal O Estado de S. Paulo, como revisora. De lá foi para o Jornal da Tarde, como repórter de cultura, alem da seção «Ilustrada» da Folha de S. Paulo.

EM2 Produções

Início
