{"id":13,"date":"2018-04-16T08:50:09","date_gmt":"2018-04-16T11:50:09","guid":{"rendered":"http:\/\/localhost\/base\/sitenovo\/?page_id=13"},"modified":"2021-08-11T15:54:50","modified_gmt":"2021-08-11T18:54:50","slug":"quem-somos","status":"publish","type":"page","link":"https:\/\/www.em2producoes.com.br\/site\/quem-somos\/","title":{"rendered":"Quem Somos"},"content":{"rendered":"\n<p>Somos a liga\u00e7\u00e3o entre marcas e empresas, eventos e publicidades, talentos e personalidades, a\u00e7\u00f5es digitais e lives.<\/p>\n\n\n\n<p>Atrav\u00e9s de uma curadoria embasada na ader\u00eancia de talentos com as necessidades de cada marca, evento e a\u00e7\u00e3o, fazemos a negocia\u00e7\u00e3o, contrata\u00e7\u00e3o e intermedia\u00e7\u00e3o entre os clientes e os talentos de forma r\u00e1pida, segura e adequada ao budget de cada a\u00e7\u00e3o.<\/p>\n\n\n\n<p>As parcerias que mantemos com todos escrit\u00f3rios de Agenciamento Art\u00edstico no pa\u00eds, t\u00eam por objetivo atender da melhor forma poss\u00edvel os nossos clientes, garantindo sempre op\u00e7\u00f5es seguras e adequadas a cada a\u00e7\u00e3o e or\u00e7amento.<\/p>\n\n\n\n<p>Campanha publicit\u00e1ria, evento presencial, evento online, evento h\u00edbrido, live, a\u00e7\u00e3o digital, palestra, aula show, mestre de cerim\u00f4nia, presen\u00e7a vip, talk show, locu\u00e7\u00e3o, desfile, podemos fazer e trazer para sua marca ou empresa o talento mais compat\u00edvel.<\/p>\n\n\n\n<p>Consultoria de nomes e conte\u00fado para projetos com engajamento e resultados.<\/p>\n\n\n\n<p>Traz sua a\u00e7\u00e3o pra gente!<\/p>\n\n\n\n<p>Enilze Cunha Silva<br>e equipe<\/p>\n","protected":false},"excerpt":{"rendered":"<p>Somos a liga\u00e7\u00e3o entre marcas e empresas, eventos e publicidades, talentos e personalidades, a\u00e7\u00f5es digitais e lives. Atrav\u00e9s de uma curadoria embasada na ader\u00eancia de talentos com as necessidades de cada marca, evento e a\u00e7\u00e3o, fazemos a negocia\u00e7\u00e3o, contrata\u00e7\u00e3o e intermedia\u00e7\u00e3o entre os clientes e os talentos de forma r\u00e1pida, segura e adequada ao budget &hellip; <a href=\"https:\/\/www.em2producoes.com.br\/site\/quem-somos\/\">Continua<\/a><\/p>\n","protected":false},"author":2,"featured_media":0,"parent":0,"menu_order":0,"comment_status":"closed","ping_status":"closed","template":"page-quem-somos.php","meta":[],"acf":[],"yoast_head":"<!-- This site is optimized with the Yoast SEO plugin v19.6.1 - https:\/\/yoast.com\/wordpress\/plugins\/seo\/ -->\n<title>Quem Somos - EM2 Produ\u00e7\u00f5es<\/title>\n<meta name=\"robots\" content=\"index, follow, max-snippet:-1, max-image-preview:large, max-video-preview:-1\" \/>\n<link rel=\"canonical\" href=\"https:\/\/www.em2producoes.com.br\/site\/quem-somos\/\" \/>\n<meta property=\"og:locale\" content=\"pt_BR\" \/>\n<meta property=\"og:type\" content=\"article\" \/>\n<meta property=\"og:title\" content=\"Quem Somos - EM2 Produ\u00e7\u00f5es\" \/>\n<meta property=\"og:description\" content=\"Somos a liga\u00e7\u00e3o entre marcas e empresas, eventos e publicidades, talentos e personalidades, a\u00e7\u00f5es digitais e lives. Atrav\u00e9s de uma curadoria embasada na ader\u00eancia de talentos com as necessidades de cada marca, evento e a\u00e7\u00e3o, fazemos a negocia\u00e7\u00e3o, contrata\u00e7\u00e3o e intermedia\u00e7\u00e3o entre os clientes e os talentos de forma r\u00e1pida, segura e adequada ao budget &hellip; Continua\" \/>\n<meta property=\"og:url\" content=\"https:\/\/www.em2producoes.com.br\/site\/quem-somos\/\" \/>\n<meta property=\"og:site_name\" content=\"EM2 Produ\u00e7\u00f5es\" \/>\n<meta property=\"article:publisher\" content=\"https:\/\/www.facebook.com\/em2producoes\/\" \/>\n<meta property=\"article:modified_time\" content=\"2021-08-11T18:54:50+00:00\" \/>\n<meta name=\"twitter:card\" content=\"summary_large_image\" \/>\n<meta name=\"twitter:label1\" content=\"Est. tempo de leitura\" \/>\n\t<meta name=\"twitter:data1\" content=\"1 minuto\" \/>\n<script type=\"application\/ld+json\" class=\"yoast-schema-graph\">{\"@context\":\"https:\/\/schema.org\",\"@graph\":[{\"@type\":\"WebPage\",\"@id\":\"https:\/\/www.em2producoes.com.br\/site\/quem-somos\/\",\"url\":\"https:\/\/www.em2producoes.com.br\/site\/quem-somos\/\",\"name\":\"Quem Somos - EM2 Produ\u00e7\u00f5es\",\"isPartOf\":{\"@id\":\"https:\/\/www.em2producoes.com.br\/site\/#website\"},\"datePublished\":\"2018-04-16T11:50:09+00:00\",\"dateModified\":\"2021-08-11T18:54:50+00:00\",\"breadcrumb\":{\"@id\":\"https:\/\/www.em2producoes.com.br\/site\/quem-somos\/#breadcrumb\"},\"inLanguage\":\"pt-BR\",\"potentialAction\":[{\"@type\":\"ReadAction\",\"target\":[\"https:\/\/www.em2producoes.com.br\/site\/quem-somos\/\"]}]},{\"@type\":\"BreadcrumbList\",\"@id\":\"https:\/\/www.em2producoes.com.br\/site\/quem-somos\/#breadcrumb\",\"itemListElement\":[{\"@type\":\"ListItem\",\"position\":1,\"name\":\"In\u00edcio\",\"item\":\"https:\/\/www.em2producoes.com.br\/site\/\"},{\"@type\":\"ListItem\",\"position\":2,\"name\":\"Quem Somos\"}]},{\"@type\":\"WebSite\",\"@id\":\"https:\/\/www.em2producoes.com.br\/site\/#website\",\"url\":\"https:\/\/www.em2producoes.com.br\/site\/\",\"name\":\"EM2 Produ\u00e7\u00f5es\",\"description\":\"Ativando &amp; Conectando Marcas e Talentos\",\"publisher\":{\"@id\":\"https:\/\/www.em2producoes.com.br\/site\/#organization\"},\"potentialAction\":[{\"@type\":\"SearchAction\",\"target\":{\"@type\":\"EntryPoint\",\"urlTemplate\":\"https:\/\/www.em2producoes.com.br\/site\/?s={search_term_string}\"},\"query-input\":\"required name=search_term_string\"}],\"inLanguage\":\"pt-BR\"},{\"@type\":\"Organization\",\"@id\":\"https:\/\/www.em2producoes.com.br\/site\/#organization\",\"name\":\"EM2 Produ\u00e7\u00f5es\",\"url\":\"https:\/\/www.em2producoes.com.br\/site\/\",\"sameAs\":[\"https:\/\/www.instagram.com\/em2producoes\/\",\"https:\/\/www.youtube.com\/channel\/UCGLxUPhqHfr6zp3izS5GdWg\",\"https:\/\/www.facebook.com\/em2producoes\/\"],\"logo\":{\"@type\":\"ImageObject\",\"inLanguage\":\"pt-BR\",\"@id\":\"https:\/\/www.em2producoes.com.br\/site\/#\/schema\/logo\/image\/\",\"url\":\"http:\/\/www.em2producoes.com.br\/site\/wp-content\/uploads\/2021\/05\/logotipo-big.jpg\",\"contentUrl\":\"http:\/\/www.em2producoes.com.br\/site\/wp-content\/uploads\/2021\/05\/logotipo-big.jpg\",\"width\":710,\"height\":310,\"caption\":\"EM2 Produ\u00e7\u00f5es\"},\"image\":{\"@id\":\"https:\/\/www.em2producoes.com.br\/site\/#\/schema\/logo\/image\/\"}}]}<\/script>\n<!-- \/ Yoast SEO plugin. -->","yoast_head_json":{"title":"Quem Somos - EM2 Produ\u00e7\u00f5es","robots":{"index":"index","follow":"follow","max-snippet":"max-snippet:-1","max-image-preview":"max-image-preview:large","max-video-preview":"max-video-preview:-1"},"canonical":"https:\/\/www.em2producoes.com.br\/site\/quem-somos\/","og_locale":"pt_BR","og_type":"article","og_title":"Quem Somos - EM2 Produ\u00e7\u00f5es","og_description":"Somos a liga\u00e7\u00e3o entre marcas e empresas, eventos e publicidades, talentos e personalidades, a\u00e7\u00f5es digitais e lives. Atrav\u00e9s de uma curadoria embasada na ader\u00eancia de talentos com as necessidades de cada marca, evento e a\u00e7\u00e3o, fazemos a negocia\u00e7\u00e3o, contrata\u00e7\u00e3o e intermedia\u00e7\u00e3o entre os clientes e os talentos de forma r\u00e1pida, segura e adequada ao budget &hellip; Continua","og_url":"https:\/\/www.em2producoes.com.br\/site\/quem-somos\/","og_site_name":"EM2 Produ\u00e7\u00f5es","article_publisher":"https:\/\/www.facebook.com\/em2producoes\/","article_modified_time":"2021-08-11T18:54:50+00:00","twitter_card":"summary_large_image","twitter_misc":{"Est. tempo de leitura":"1 minuto"},"schema":{"@context":"https:\/\/schema.org","@graph":[{"@type":"WebPage","@id":"https:\/\/www.em2producoes.com.br\/site\/quem-somos\/","url":"https:\/\/www.em2producoes.com.br\/site\/quem-somos\/","name":"Quem Somos - EM2 Produ\u00e7\u00f5es","isPartOf":{"@id":"https:\/\/www.em2producoes.com.br\/site\/#website"},"datePublished":"2018-04-16T11:50:09+00:00","dateModified":"2021-08-11T18:54:50+00:00","breadcrumb":{"@id":"https:\/\/www.em2producoes.com.br\/site\/quem-somos\/#breadcrumb"},"inLanguage":"pt-BR","potentialAction":[{"@type":"ReadAction","target":["https:\/\/www.em2producoes.com.br\/site\/quem-somos\/"]}]},{"@type":"BreadcrumbList","@id":"https:\/\/www.em2producoes.com.br\/site\/quem-somos\/#breadcrumb","itemListElement":[{"@type":"ListItem","position":1,"name":"In\u00edcio","item":"https:\/\/www.em2producoes.com.br\/site\/"},{"@type":"ListItem","position":2,"name":"Quem Somos"}]},{"@type":"WebSite","@id":"https:\/\/www.em2producoes.com.br\/site\/#website","url":"https:\/\/www.em2producoes.com.br\/site\/","name":"EM2 Produ\u00e7\u00f5es","description":"Ativando &amp; Conectando Marcas e Talentos","publisher":{"@id":"https:\/\/www.em2producoes.com.br\/site\/#organization"},"potentialAction":[{"@type":"SearchAction","target":{"@type":"EntryPoint","urlTemplate":"https:\/\/www.em2producoes.com.br\/site\/?s={search_term_string}"},"query-input":"required name=search_term_string"}],"inLanguage":"pt-BR"},{"@type":"Organization","@id":"https:\/\/www.em2producoes.com.br\/site\/#organization","name":"EM2 Produ\u00e7\u00f5es","url":"https:\/\/www.em2producoes.com.br\/site\/","sameAs":["https:\/\/www.instagram.com\/em2producoes\/","https:\/\/www.youtube.com\/channel\/UCGLxUPhqHfr6zp3izS5GdWg","https:\/\/www.facebook.com\/em2producoes\/"],"logo":{"@type":"ImageObject","inLanguage":"pt-BR","@id":"https:\/\/www.em2producoes.com.br\/site\/#\/schema\/logo\/image\/","url":"http:\/\/www.em2producoes.com.br\/site\/wp-content\/uploads\/2021\/05\/logotipo-big.jpg","contentUrl":"http:\/\/www.em2producoes.com.br\/site\/wp-content\/uploads\/2021\/05\/logotipo-big.jpg","width":710,"height":310,"caption":"EM2 Produ\u00e7\u00f5es"},"image":{"@id":"https:\/\/www.em2producoes.com.br\/site\/#\/schema\/logo\/image\/"}}]}},"_links":{"self":[{"href":"https:\/\/www.em2producoes.com.br\/site\/wp-json\/wp\/v2\/pages\/13"}],"collection":[{"href":"https:\/\/www.em2producoes.com.br\/site\/wp-json\/wp\/v2\/pages"}],"about":[{"href":"https:\/\/www.em2producoes.com.br\/site\/wp-json\/wp\/v2\/types\/page"}],"author":[{"embeddable":true,"href":"https:\/\/www.em2producoes.com.br\/site\/wp-json\/wp\/v2\/users\/2"}],"replies":[{"embeddable":true,"href":"https:\/\/www.em2producoes.com.br\/site\/wp-json\/wp\/v2\/comments?post=13"}],"version-history":[{"count":7,"href":"https:\/\/www.em2producoes.com.br\/site\/wp-json\/wp\/v2\/pages\/13\/revisions"}],"predecessor-version":[{"id":189,"href":"https:\/\/www.em2producoes.com.br\/site\/wp-json\/wp\/v2\/pages\/13\/revisions\/189"}],"wp:attachment":[{"href":"https:\/\/www.em2producoes.com.br\/site\/wp-json\/wp\/v2\/media?parent=13"}],"curies":[{"name":"wp","href":"https:\/\/api.w.org\/{rel}","templated":true}]}}

<p>Somos a ligação entre marcas e empresas, eventos e publicidades, talentos e personalidades, ações digitais e lives.</p>



<p>Através de uma curadoria embasada na aderência de talentos com as necessidades de cada marca, evento e ação, fazemos a negociação, contratação e intermediação entre os clientes e os talentos de forma rápida, segura e adequada ao budget de cada ação.</p>



<p>As parcerias que mantemos com todos escritórios de Agenciamento Artístico no país, têm por objetivo atender da melhor forma possível os nossos clientes, garantindo sempre opções seguras e adequadas a cada ação e orçamento.</p>



<p>Campanha publicitária, evento presencial, evento online, evento híbrido, live, ação digital, palestra, aula show, mestre de cerimônia, presença vip, talk show, locução, desfile, podemos fazer e trazer para sua marca ou empresa o talento mais compatível.</p>



<p>Consultoria de nomes e conteúdo para projetos com engajamento e resultados.</p>



<p>Traz sua ação pra gente!</p>



<p>Enilze Cunha Silva<br>e equipe</p>

<p>Somos a ligação entre marcas e empresas, eventos e publicidades, talentos e personalidades, ações digitais e lives. Através de uma curadoria embasada na aderência de talentos com as necessidades de cada marca, evento e ação, fazemos a negociação, contratação e intermediação entre os clientes e os talentos de forma rápida, segura e adequada ao budget &hellip; <a href="https://www.em2producoes.com.br/site/quem-somos/">Continua</a></p>

<!-- This site is optimized with the Yoast SEO plugin v19.6.1 - https://yoast.com/wordpress/plugins/seo/ -->
<title>Quem Somos - EM2 Produções</title>
<meta name="robots" content="index, follow, max-snippet:-1, max-image-preview:large, max-video-preview:-1" />
<link rel="canonical" href="https://www.em2producoes.com.br/site/quem-somos/" />
<meta property="og:locale" content="pt_BR" />
<meta property="og:type" content="article" />
<meta property="og:title" content="Quem Somos - EM2 Produções" />
<meta property="og:description" content="Somos a ligação entre marcas e empresas, eventos e publicidades, talentos e personalidades, ações digitais e lives. Através de uma curadoria embasada na aderência de talentos com as necessidades de cada marca, evento e ação, fazemos a negociação, contratação e intermediação entre os clientes e os talentos de forma rápida, segura e adequada ao budget &hellip; Continua" />
<meta property="og:url" content="https://www.em2producoes.com.br/site/quem-somos/" />
<meta property="og:site_name" content="EM2 Produções" />
<meta property="article:publisher" content="https://www.facebook.com/em2producoes/" />
<meta property="article:modified_time" content="2021-08-11T18:54:50+00:00" />
<meta name="twitter:card" content="summary_large_image" />
<meta name="twitter:label1" content="Est. tempo de leitura" />
	<meta name="twitter:data1" content="1 minuto" />
<script type="application/ld+json" class="yoast-schema-graph">{"@context":"https://schema.org","@graph":[{"@type":"WebPage","@id":"https://www.em2producoes.com.br/site/quem-somos/","url":"https://www.em2producoes.com.br/site/quem-somos/","name":"Quem Somos - EM2 Produções","isPartOf":{"@id":"https://www.em2producoes.com.br/site/#website"},"datePublished":"2018-04-16T11:50:09+00:00","dateModified":"2021-08-11T18:54:50+00:00","breadcrumb":{"@id":"https://www.em2producoes.com.br/site/quem-somos/#breadcrumb"},"inLanguage":"pt-BR","potentialAction":[{"@type":"ReadAction","target":["https://www.em2producoes.com.br/site/quem-somos/"]}]},{"@type":"BreadcrumbList","@id":"https://www.em2producoes.com.br/site/quem-somos/#breadcrumb","itemListElement":[{"@type":"ListItem","position":1,"name":"Início","item":"https://www.em2producoes.com.br/site/"},{"@type":"ListItem","position":2,"name":"Quem Somos"}]},{"@type":"WebSite","@id":"https://www.em2producoes.com.br/site/#website","url":"https://www.em2producoes.com.br/site/","name":"EM2 Produções","description":"Ativando &amp; Conectando Marcas e Talentos","publisher":{"@id":"https://www.em2producoes.com.br/site/#organization"},"potentialAction":[{"@type":"SearchAction","target":{"@type":"EntryPoint","urlTemplate":"https://www.em2producoes.com.br/site/?s={search_term_string}"},"query-input":"required name=search_term_string"}],"inLanguage":"pt-BR"},{"@type":"Organization","@id":"https://www.em2producoes.com.br/site/#organization","name":"EM2 Produções","url":"https://www.em2producoes.com.br/site/","sameAs":["https://www.instagram.com/em2producoes/","https://www.youtube.com/channel/UCGLxUPhqHfr6zp3izS5GdWg","https://www.facebook.com/em2producoes/"],"logo":{"@type":"ImageObject","inLanguage":"pt-BR","@id":"https://www.em2producoes.com.br/site/#/schema/logo/image/","url":"http://www.em2producoes.com.br/site/wp-content/uploads/2021/05/logotipo-big.jpg","contentUrl":"http://www.em2producoes.com.br/site/wp-content/uploads/2021/05/logotipo-big.jpg","width":710,"height":310,"caption":"EM2 Produções"},"image":{"@id":"https://www.em2producoes.com.br/site/#/schema/logo/image/"}}]}</script>
<!-- / Yoast SEO plugin. -->

Quem Somos - EM2 Produções

Somos a ligação entre marcas e empresas, eventos e publicidades, talentos e personalidades, ações digitais e lives. Através de uma curadoria embasada na aderência de talentos com as necessidades de cada marca, evento e ação, fazemos a negociação, contratação e intermediação entre os clientes e os talentos de forma rápida, segura e adequada ao budget &hellip; Continua

EM2 Produções

Início
